{"id":11,"date":"2024-04-04T03:04:44","date_gmt":"2024-04-04T00:04:44","guid":{"rendered":"https:\/\/sisu.ut.ee\/elektroonika\/28-takistite-varvikoodid\/"},"modified":"2024-04-04T03:05:54","modified_gmt":"2024-04-04T00:05:54","slug":"28-takistite-varvikoodid","status":"publish","type":"page","link":"https:\/\/sisu.ut.ee\/elektroonika\/28-takistite-varvikoodid\/","title":{"rendered":"2.8. Takistite v\u00e4rvikoodid (lisamaterjal)"},"content":{"rendered":"<p><span id=\"docs-internal-guid-5797e69e-3689-45d2-dfaa-5a59fda58518\"><span>Selles loengus r\u00e4\u00e4gime, kuidas leida takisti v\u00e4\u00e4rtust tema peal olevate triipude j\u00e4rgi. Selleks on kokku lepitud v\u00e4rvikoodide tabel, kus erinevat v\u00e4rvi triibule vastavad numbrid 0\u20269. Takisti peal olevad triibud n\u00e4itavad takistuse v\u00e4\u00e4rtust, kordajat ja tolerantsi.<\/span><\/span><\/p>\n<p style=\"text-align: center\"><\/p><div class=\"ratio ratio-16x9 mb-3\"><div class=\"video-placeholder-wrapper video-placeholder-wrapper--16x9\">\n\t\t\t    <div class=\"video-placeholder d-flex justify-content-center align-items-center\">\n\t\t\t        <div class=\"overlay text-white p-2 w-100 text-center d-block justify-content-center align-items-center\">\n\t\t\t            <div>Kolmandate osapoolte sisu n\u00e4gemiseks palun n\u00f5ustu k\u00fcpsistega.<\/div>\n\t\t\t            <button class=\"btn btn-secondary btn-sm mt-1 consent-change\">Muuda n\u00f5usolekut<\/button>\n\t\t\t        <\/div>\n\t\t\t    <\/div>\n\t\t\t<\/div>\n<\/div>\n<p style=\"text-align: center\"><span id=\"docs-internal-guid-c89b93f7-1745-e7df-e1a9-5ebe4eeeb215\"><a href=\"https:\/\/www.youtube.com\/watch?v=xUg3tUeFy8A\" target=\"_blank\" rel=\"noopener\"><span>https:\/\/www.youtube.com\/watch?v=xUg3tUeFy8A<\/span><\/a><\/span><\/p>\n<p><span>Triipkoodide tabelid:<\/span><\/p>\n<p><img loading=\"lazy\" decoding=\"async\" width=\"830\" height=\"497\" class=\"alignnone wp-image-81\" style=\"margin-left: auto;margin-right: auto\" src=\"https:\/\/sisu.ut.ee\/wp-content\/uploads\/sites\/189\/triipkoodid1.png\" title=\"triipkoodid1.png\" alt=\"triipkoodid1.png\" srcset=\"https:\/\/sisu.ut.ee\/wp-content\/uploads\/sites\/189\/triipkoodid1.png 830w, https:\/\/sisu.ut.ee\/wp-content\/uploads\/sites\/189\/triipkoodid1-300x180.png 300w, https:\/\/sisu.ut.ee\/wp-content\/uploads\/sites\/189\/triipkoodid1-768x460.png 768w\" sizes=\"auto, (max-width: 830px) 100vw, 830px\"><\/p>\n<p style=\"text-align: center\"><a href=\"https:\/\/openclipart.org\/download\/250259\/colorcode-en.svg\" target=\"_blank\" rel=\"noopener\">https:\/\/openclipart.org\/download\/250259\/colorcode-en.svg<\/a><\/p>\n<p style=\"text-align: center\"><img loading=\"lazy\" decoding=\"async\" width=\"650\" height=\"233\" class=\"alignnone wp-image-82\" src=\"https:\/\/sisu.ut.ee\/wp-content\/uploads\/sites\/189\/triipkoodid2.png\" title=\"triipkoodid2.png\" alt=\"triipkoodid2.png\" srcset=\"https:\/\/sisu.ut.ee\/wp-content\/uploads\/sites\/189\/triipkoodid2.png 650w, https:\/\/sisu.ut.ee\/wp-content\/uploads\/sites\/189\/triipkoodid2-300x108.png 300w\" sizes=\"auto, (max-width: 650px) 100vw, 650px\"><\/p>\n<h5><span><img loading=\"lazy\" decoding=\"async\" width=\"40\" height=\"40\" class=\"alignnone wp-image-77\" style=\"margin-left: 10px;margin-right: 10px\" src=\"https:\/\/sisu.ut.ee\/wp-content\/uploads\/sites\/189\/motle.png\" title=\"motle.png\" alt=\"motle.png\">\u00a0M\u00f5tle kaasa!<\/span><\/h5>\n<ol>\n<li>\n<p><span>Kui suur on pildil n\u00e4idatud takisti takistus (kollane, lilla, kollane, kuldne)?\u00a0<img loading=\"lazy\" decoding=\"async\" width=\"191\" height=\"53\" class=\"alignnone wp-image-83\" src=\"https:\/\/sisu.ut.ee\/wp-content\/uploads\/sites\/189\/tak1.png\" title=\"tak1.png\" alt=\"tak1.png\"><\/span><\/p>\n<\/li>\n<li>Kui suur on pildil n\u00e4idatud takisti takistus (kuldne, roheline, must, pruun)?\u00a0<img loading=\"lazy\" decoding=\"async\" width=\"190\" height=\"49\" class=\"alignnone wp-image-84\" src=\"https:\/\/sisu.ut.ee\/wp-content\/uploads\/sites\/189\/tak2.png\" title=\"tak2.png\" alt=\"tak2.png\"><\/li>\n<\/ol>\n<p><\/p><div class=\"accordion mb-3\">\n        <div class=\"accordion-item accordion-item--white\">\n        <h2 class=\"accordion-header\" id=\"accordion-69d58baa3500a-heading\">\n            <button class=\"accordion-button collapsed\" type=\"button\" data-bs-toggle=\"collapse\" data-bs-target=\"#accordion-69d58baa3500a-collapse\" aria-expanded=\"true\" aria-controls=\"accordion-69d58baa3500a-collapse\">Vastus<\/button>\n        <\/h2>\n        <div id=\"accordion-69d58baa3500a-collapse\" class=\"accordion-collapse collapse\" aria-labelledby=\"accordion-69d58baa3500a-heading\">\n            <div class=\"accordion-body\">\n<ol>\n<li><span style=\"color: #008000\"><strong>470000 \u2126 (470 k\u2126)<\/strong><\/span>.<span>\u00a0Kollane \u2013 4; lilla \u2013 7; kollane \u2013 4 (<\/span><span>10<\/span><span>4<\/span><span>\u00a0ehk 4 nulli juurde); kuldne \u2013 tolerants 5%.<\/span><\/li>\n<li><span style=\"color: #008000\"><strong>1000000 \u2126 (1 M\u2126)<\/strong><\/span>. K\u00f5igepealt tuleb takisti ette v\u00f5tta \u00f5iget pidi. Selliselt, et tolerantsi triip oleks paremal. Pruun \u2013 1; must \u2013 0; roheline \u2013 5 (105 ehk 5 nulli juurde); kuldne \u2013 tolerants 5%.<\/li>\n<\/ol>\n<p><span><\/span><\/p><\/div>\n        <\/div>\n        <\/div>\n    <\/div>\n","protected":false},"excerpt":{"rendered":"<p>Selles loengus r\u00e4\u00e4gime, kuidas leida takisti v\u00e4\u00e4rtust tema peal olevate triipude j\u00e4rgi. Selleks on kokku lepitud v\u00e4rvikoodide tabel, kus erinevat v\u00e4rvi triibule vastavad numbrid 0\u20269. Takisti peal olevad triibud n\u00e4itavad takistuse v\u00e4\u00e4rtust, kordajat ja tolerantsi. Kolmandate osapoolte sisu n\u00e4gemiseks palun &#8230;<\/p>\n","protected":false},"author":93,"featured_media":0,"parent":0,"menu_order":0,"comment_status":"closed","ping_status":"closed","template":"","meta":{"_acf_changed":false,"inline_featured_image":false,"footnotes":""},"class_list":["post-11","page","type-page","status-publish","hentry"],"acf":[],"_links":{"self":[{"href":"https:\/\/sisu.ut.ee\/elektroonika\/wp-json\/wp\/v2\/pages\/11","targetHints":{"allow":["GET"]}}],"collection":[{"href":"https:\/\/sisu.ut.ee\/elektroonika\/wp-json\/wp\/v2\/pages"}],"about":[{"href":"https:\/\/sisu.ut.ee\/elektroonika\/wp-json\/wp\/v2\/types\/page"}],"author":[{"embeddable":true,"href":"https:\/\/sisu.ut.ee\/elektroonika\/wp-json\/wp\/v2\/users\/93"}],"replies":[{"embeddable":true,"href":"https:\/\/sisu.ut.ee\/elektroonika\/wp-json\/wp\/v2\/comments?post=11"}],"version-history":[{"count":1,"href":"https:\/\/sisu.ut.ee\/elektroonika\/wp-json\/wp\/v2\/pages\/11\/revisions"}],"predecessor-version":[{"id":266,"href":"https:\/\/sisu.ut.ee\/elektroonika\/wp-json\/wp\/v2\/pages\/11\/revisions\/266"}],"wp:attachment":[{"href":"https:\/\/sisu.ut.ee\/elektroonika\/wp-json\/wp\/v2\/media?parent=11"}],"curies":[{"name":"wp","href":"https:\/\/api.w.org\/{rel}","templated":true}]}}