{"id":8,"date":"2024-04-04T07:15:21","date_gmt":"2024-04-04T04:15:21","guid":{"rendered":"https:\/\/sisu.ut.ee\/efak\/efak-i-2005\/"},"modified":"2024-05-13T11:01:37","modified_gmt":"2024-05-13T08:01:37","slug":"efak-i-2005","status":"publish","type":"page","link":"https:\/\/sisu.ut.ee\/efak\/efak-i-2005\/","title":{"rendered":"EFAK I (2005)"},"content":{"rendered":"<p>\n\tTartu \u00dclikooli filosoofia osakond\/eetikakeskus \u2013 \u201cFilosoofia v\u00f5imus ja v\u00f5imutus\u201d (27.\u201328. mai, Tartu)\n<\/p>\n<hr>\n<div class=\"block block-delta-blocks block-page-title block-delta-blocks-page-title even block-without-title\" id=\"block-delta-blocks-page-title\">\n<div class=\"block-inner clearfix\">\n<div class=\"content clearfix\">\n<p>\n\t\t\t\t<span style=\"line-height:normal\"><b><span><span style=\",serif\">TARTUS TOIMUB ESIMENE EESTI FILOSOOFIA AASTAKONVERENTS \u201cFILOSOOFIA V\u00d5IMUS JA V\u00d5IMUTUS\u201d<\/span><\/span><\/b><\/span>\n\t\t\t<\/p>\n<p>\n\t\t\t\t<span style=\"line-height:normal\"><b><span><span style=\",serif\">26.\u201328. maini toimub Tartus esimene Eesti filosoofia aastakonverents \u201cFilosoofia v\u00f5imus ja v\u00f5imutus\u201d, kus peaesinejaks on Soome Filosoofia Seltsi esimees, Helsingi \u00dclikooli rektor prof Ilkka Niiniluoto.<\/span><\/span><\/b><span><span style=\",serif\"> Aastakonverentsi korraldavad T\u00dc filosoofia osakond ja T\u00dc eetikakeskus. Konverentsi avavad reedel, 27. mail kell 14.15 Tartu \u00dclikooli aulas \u00fclikooli rektor prof Jaak Aaviksoo ja filosoofia osakonna juhataja prof Margit Sutrop.<br>Konverentsi avas\u00f5nadele j\u00e4rgneb Soome Filosoofia Seltsi esimehe, Helsingi \u00dclikooli rektori prof Ilkka Niiniluoto loeng teemal \u201cKarl Popper\u2019s World 3 as an Ontological Theory of Culture\u201d.<\/span><\/span><\/span><\/p>\n<p>Rahvusvaheline filosoofiakonverents on jagatud neljaks ettekandesessiooniks: filosoofia ajalugu, praktiline filosoofia, teadusfilosoofia ja teoreetiline filosoofia. Ettekannete k\u00f5rval toimub konverentsil \u00fcmarlaua arutelu filosoofia t\u00f5lkimise ning g\u00fcmnaasiumides \u00f5petatava filosoofia teemal.<br>Lisaks saab konverentsi ajal n\u00e4ha kolme n\u00e4itust, mis tutvustavad Eesti filosoofide teoseid, eesti keeled t\u00f5lgitud filosoofiat ja filosoofia alaste doktorit\u00f6\u00f6de projekte.<\/p>\n<p>Konverentsi toetavad Tartu \u00dclikool, Soome Instituut Eestis, Turu ja Tartu \u00dclikooli Gran\u00f6keskus, Volkswagen Stiftung, SA Domus Dorpatensis ning TT\u00dc Humanitaar- ja Sotsiaalteaduste Instituut.<\/p>\n<p>K\u00f5ik huvilised on oodatud kuulama ja osalema, konverentsi saab j\u00e4lgida ka Interneti vahendusel, vastav link pannakse \u00fclikooli kodulehek\u00fcljele konverentsi toimumise p\u00e4eval.\n\t\t\t<\/p>\n<\/div>\n<\/div>\n<\/div>\n<hr>\n<p>\n\tUTTVst on v\u00f5imalik j\u00e4relvaadata professor Jaak Aaviksoo, professor Margit Sutropi avas\u00f5nu ja professor IIkka Niiniluoto loengut teemal<a data-url=\"https:\/\/www.uttv.ee\/naita?id=548\" href=\"https:\/\/www.uttv.ee\/naita?id=548\" target=\"_blank\" title=\"\" rel=\"noopener\">\u201cKarl Popper\u2019s World 3 as an Ontological Theory of Culture\u201d<\/a>. (25.05.2005)\n<\/p>\n<p>\n\t26.05.2005 r\u00e4\u00e4kis Soome Filosoofia Seltsi esimehe ja Helsingi \u00dclikooli rektori professor Ilkka Niiniluoto Domus Dorpatensises ka teemal \u201c<a data-url=\"https:\/\/www.uttv.ee\/naita?id=549\" href=\"https:\/\/www.uttv.ee\/naita?id=549\" target=\"_blank\" title=\"\" rel=\"noopener\">The Challenge of Interdisciplinarity\u201d<\/a>\n<\/p>\n<p>\n\t\u00a0\n<\/p>\n<p>\n\t\u00a0\n<\/p>\n<p>\n\t\u00a0\n<\/p>\n<p>\n\t\u00a0\n<\/p>\n<p>\n\t\u00a0<\/p>\n","protected":false},"excerpt":{"rendered":"<p>Tartu \u00dclikooli filosoofia osakond\/eetikakeskus \u2013 \u201cFilosoofia v\u00f5imus ja v\u00f5imutus\u201d (27.\u201328. mai, Tartu) TARTUS TOIMUB ESIMENE EESTI FILOSOOFIA AASTAKONVERENTS \u201cFILOSOOFIA V\u00d5IMUS JA V\u00d5IMUTUS\u201d 26.\u201328. maini toimub Tartus esimene Eesti filosoofia aastakonverents \u201cFilosoofia v\u00f5imus ja v\u00f5imutus\u201d, kus peaesinejaks on Soome Filosoofia Seltsi &#8230;<\/p>\n","protected":false},"author":352,"featured_media":0,"parent":0,"menu_order":0,"comment_status":"closed","ping_status":"closed","template":"","meta":{"_acf_changed":false,"inline_featured_image":false,"footnotes":""},"class_list":["post-8","page","type-page","status-publish","hentry"],"acf":[],"_links":{"self":[{"href":"https:\/\/sisu.ut.ee\/efak\/wp-json\/wp\/v2\/pages\/8","targetHints":{"allow":["GET"]}}],"collection":[{"href":"https:\/\/sisu.ut.ee\/efak\/wp-json\/wp\/v2\/pages"}],"about":[{"href":"https:\/\/sisu.ut.ee\/efak\/wp-json\/wp\/v2\/types\/page"}],"author":[{"embeddable":true,"href":"https:\/\/sisu.ut.ee\/efak\/wp-json\/wp\/v2\/users\/352"}],"replies":[{"embeddable":true,"href":"https:\/\/sisu.ut.ee\/efak\/wp-json\/wp\/v2\/comments?post=8"}],"version-history":[{"count":1,"href":"https:\/\/sisu.ut.ee\/efak\/wp-json\/wp\/v2\/pages\/8\/revisions"}],"predecessor-version":[{"id":36,"href":"https:\/\/sisu.ut.ee\/efak\/wp-json\/wp\/v2\/pages\/8\/revisions\/36"}],"wp:attachment":[{"href":"https:\/\/sisu.ut.ee\/efak\/wp-json\/wp\/v2\/media?parent=8"}],"curies":[{"name":"wp","href":"https:\/\/api.w.org\/{rel}","templated":true}]}}