{"id":6,"date":"2024-04-04T07:15:21","date_gmt":"2024-04-04T04:15:21","guid":{"rendered":"https:\/\/sisu.ut.ee\/efak\/efak-vii-2011\/"},"modified":"2024-05-13T11:01:46","modified_gmt":"2024-05-13T08:01:46","slug":"efak-vii-2011","status":"publish","type":"page","link":"https:\/\/sisu.ut.ee\/efak\/efak-vii-2011\/","title":{"rendered":"EFAK VII (2011)"},"content":{"rendered":"<p>\n\t\u201cT\u00f5e, teadmise, normide ja v\u00e4\u00e4rtuste paljusus\u201d (29. august \u2013 1. september, Tartu)\n<\/p>\n<hr>\n<p>\n\t\u00a0\n<\/p>\n<p>\n\tEesti filosoofia VII aastakonverents \u201cT\u00f5e, teadmise, normide ja v\u00e4\u00e4rtuste paljusus\u201d toimub 29.-31. augustil 2011 Tartu \u00dclikoolis.\n<\/p>\n<p>\n\tSeekordse aastakonverentsi katusteemaks on pluralism. Pluralism filosoofias vastandub nii monismile kui relativismile. Erinevalt monismist kaitseb pluralism m\u00f5ne filosoofiliselt huvipakkuva valdkonna suhtes vaadet, et see koosneb mitut eri liiki fundamentaalsest entiteedist v\u00f5i et selle kohta kehtib mitu erinevat t\u00f5de (ontoloogilises versioonis) v\u00f5i et seda saab esitada mitmel erineval moel, erinevate m\u00f5istete v\u00f5i diskursustega (episteemilises versioonis) v\u00f5i et seda valdkonda valitsevad erinevad normid (normatiivses versioonis). Erinevalt relativismist eitab pluralism, et sellise paljususega kaasneb suhtelisus ning objektiivse t\u00f5e puudumine.\n<\/p>\n<p>\n\tKonverentsil arutleme selle \u00fcle, mida kujutab endast pluralism \u00fches v\u00f5i teises filosoofia valdkonnas (eetikas, epistemoloogias, metaf\u00fc\u00fcsikas, loogikas, teadusfilosoofias jm) ning uurime, mida pluralism endaga kaasa toob.\n<\/p>\n<p>\n\t\u00a0<\/p>\n","protected":false},"excerpt":{"rendered":"<p>\u201cT\u00f5e, teadmise, normide ja v\u00e4\u00e4rtuste paljusus\u201d (29. august \u2013 1. september, Tartu) \u00a0 Eesti filosoofia VII aastakonverents \u201cT\u00f5e, teadmise, normide ja v\u00e4\u00e4rtuste paljusus\u201d toimub 29.-31. augustil 2011 Tartu \u00dclikoolis. Seekordse aastakonverentsi katusteemaks on pluralism. Pluralism filosoofias vastandub nii monismile kui &#8230;<\/p>\n","protected":false},"author":352,"featured_media":0,"parent":0,"menu_order":0,"comment_status":"closed","ping_status":"closed","template":"","meta":{"_acf_changed":false,"inline_featured_image":false,"footnotes":""},"class_list":["post-6","page","type-page","status-publish","hentry"],"acf":[],"_links":{"self":[{"href":"https:\/\/sisu.ut.ee\/efak\/wp-json\/wp\/v2\/pages\/6","targetHints":{"allow":["GET"]}}],"collection":[{"href":"https:\/\/sisu.ut.ee\/efak\/wp-json\/wp\/v2\/pages"}],"about":[{"href":"https:\/\/sisu.ut.ee\/efak\/wp-json\/wp\/v2\/types\/page"}],"author":[{"embeddable":true,"href":"https:\/\/sisu.ut.ee\/efak\/wp-json\/wp\/v2\/users\/352"}],"replies":[{"embeddable":true,"href":"https:\/\/sisu.ut.ee\/efak\/wp-json\/wp\/v2\/comments?post=6"}],"version-history":[{"count":1,"href":"https:\/\/sisu.ut.ee\/efak\/wp-json\/wp\/v2\/pages\/6\/revisions"}],"predecessor-version":[{"id":38,"href":"https:\/\/sisu.ut.ee\/efak\/wp-json\/wp\/v2\/pages\/6\/revisions\/38"}],"wp:attachment":[{"href":"https:\/\/sisu.ut.ee\/efak\/wp-json\/wp\/v2\/media?parent=6"}],"curies":[{"name":"wp","href":"https:\/\/api.w.org\/{rel}","templated":true}]}}