{"id":71,"date":"2026-03-03T11:55:12","date_gmt":"2026-03-03T09:55:12","guid":{"rendered":"https:\/\/sisu.ut.ee\/eestivill\/?page_id=71"},"modified":"2026-03-14T13:13:15","modified_gmt":"2026-03-14T11:13:15","slug":"projektid","status":"publish","type":"page","link":"https:\/\/sisu.ut.ee\/eestivill\/projektid\/","title":{"rendered":"Projektid"},"content":{"rendered":"<p>Tartu \u00dclikooli Viljandi kultuuriakadeemia Vilma villalabor on olnud mitmete tekstiilkiudude, sh lambavilla teemaliste projektide koost\u00f6\u00f6partner ning algataja.<\/p>\n\n\n\n<p>2026\/27 \u00f5ppeaastaks sai Tartu \u00dclikooli eksperimentaalarenduse grandi villakojaga seotud projekt<strong> \u201eKohalikust t\u00f5up\u00f5hisest lambavillast \u00fcler\u00f5ivakangaste arendus: f\u00fc\u00fcsikalis-mehaanilised testid ja protot\u00fc\u00fcpide kandmiskatsed\u201c.<\/strong><\/p>\n\n\n\n<p>2025. aastal toimus mitmeid koost\u00f6\u00f6kohtumisi uute rahvusvaheliste partneritega. P\u00f5hja- ja Baltimaade haridusprogramm<strong>\u00a0Nordplus\u00a0projekti\u00a0F.E.L.T.WOOL<\/strong>\u00a0\u2013 \u201cKohalike tekstiilide tuleviku esilekerkimine villa baasil\u201d raames toimus m\u00e4rtsis \u00f5ppek\u00e4ik Norra ja mais Rootsi. \u00d5ppek\u00e4ikude eesm\u00e4rgiks oli tutvuda naabrite villamajanduse ja -t\u00f6\u00f6stuse hetkeseisuga.<\/p>\n\n\n\n<p>2023\/24 \u00f5ppeaastal sai Tartu \u00dclikooli eksperimentaalarenduse grandi villakojaga seotud projekt <strong>\u201eKohalikust lambavillast \u00fcler\u00f5ivaks sobilike omadustega telgedel kootud kangaste arendus parimate funktsionaalsete omaduste saavutamise eesm\u00e4rgil\u201d. <\/strong><\/p>\n\n\n\n<p>2020 suvel sai T\u00dc Viljandi kultuuriakadeemia Euroopa Majanduspiirkonna Norra k\u00f5rghariduse koost\u00f6\u00f6programmist toetuse projektile\u00a0<strong>\u201eEesti ja Norra kohalik lambavill \u2013 uuringu l\u00e4biviimine ja \u00f5ppematerjalide loomine k\u00f5rgkooli tekstiilitudengitele\u201c<\/strong>. Detsembrist 2020 kuni m\u00e4rtsini 2023 v\u00e4ldanud projekti eesm\u00e4rgiks oli\u00a0uurida, testida ja luua \u00f5ppematerjal Eesti ja Norra p\u00f5liste ja enamlevinud lambat\u00f5ugude villa kvaliteedi ja omaduste kohta\u00a0ning piloteerida tekstiilitudengitele m\u00f5eldud villa \u00f5ppeprogramme. Projekti raames toimusid intensiiv\u00f5ppe n\u00e4dal Trondheimis ja Eestis (\u00fcli\u00f5pilased ja \u00f5ppej\u00f5ud Eestist ja Norrast), millel osalesid ka Baltic Wool Cooperation v\u00f5rgustiku esindajad. \u00d5ppematerjali tarbeks valmistatud tekstiilmaterjale testiti Tallinna Tehnikak\u00f5rgkoolis. Taltechi Pol\u00fcmeeride ja tekstiilitehnoloogia labori tellimusel valmisid Vilma villavabrikus lausmaterjalide katsekehad mitmesuguste taaskasutuskiudude rakendusv\u00f5imaluste testimiseks. <strong>Vaata projekti \u00fclevaadet ja tutvustuss\u00fcndmust <a href=\"https:\/\/sisu.ut.ee\/eestivill\/eesti-norra-villaprojekt\/\">eraldi alamlehel<\/a> ja tutvu projekti k\u00e4igus loodud <a href=\"https:\/\/sisu.ut.ee\/eestivill\/villa-oppematerjal\/\">\u00f5ppematerjaliga eesti<\/a> v\u00f5i <a href=\"https:\/\/sisu.ut.ee\/eestivill\/wool-study-material-eng\/\">inglise keeles<\/a> <\/strong>(valminud \u00f5ppematerjal on inglise keeles).<\/p>\n\n\n\n<p>Eesti Kunstiakadeemia J\u00e4tkusuutliku disaini ja materjalide labori DiMa eestvedamisel viidi ellu <strong>projekt \u201cEestis tekkivate tekstiilij\u00e4\u00e4tmete ringlussev\u00f5tu ja tootearenduste lahenduste v\u00e4ljat\u00f6\u00f6tamine\u201d.<\/strong> Koost\u00f6\u00f6partneriteks olid Stockholmi Keskkonnainstituudi Tallinna Keskus SA (SEI Tallinn), TalTechi pol\u00fcmeeride ja tekstiilitehnoloogia labor ning Tartu \u00dclikooli Viljandi kultuuriakadeemia Vilma villalabor. Projekti uurimistulemustega saab tutvuda 2023 avaldatud dokumendis <a href=\"https:\/\/media.voog.com\/0000\/0049\/3896\/files\/EKA_DiMa_KIK_230122.pdf\" data-type=\"link\" data-id=\"https:\/\/media.voog.com\/0000\/0049\/3896\/files\/EKA_DiMa_KIK_230122.pdf\" target=\"_blank\" rel=\"noreferrer noopener\">\u201cEestis tekkivate tekstiilij\u00e4\u00e4tmete ringlussev\u00f5tu ja tootearenduse lahendused. Uurimisprojekti tulemuste kokkuv\u00f5te\u201d<\/a>.<\/p>\n\n\n\n<p>Astri Kaljus osales Eesti Kunstiakadeemia projektis <a href=\"https:\/\/www.etis.ee\/Portal\/Projects\/Display\/53d89731-1450-4727-8eff-54fcbfb9a63d\" target=\"_blank\" rel=\"noreferrer noopener\">\u201cPurustatud tekstiilij\u00e4\u00e4tmetest \u00fcmbert\u00f6\u00f6deldud materjali arendamine l\u00f5ngaks\u201d<\/a> (01.11.2021\u221201.11.2022), mille eesm\u00e4rgiks oli testida mitmesuguste <strong>taaskasutuskiudude rakendusv\u00f5imalusi.<\/strong> Projekti raames valmisid villakojas mitmesugused l\u00f5ngad erinevate purustatud r\u00f5iva- ja kodutekstiilide ning villa kiududest.<\/p>\n\n\n\n<p>18.12.2020\u201328.02.2021 osaleti projektis <a href=\"https:\/\/www.etis.ee\/Portal\/Projects\/Display\/53d89731-1450-4727-8eff-54fcbfb9a63d\" target=\"_blank\" rel=\"noreferrer noopener\">\u201c\u00dcmbert\u00f6\u00f6deldud ja uutest tekstiilkiududest katsematerjalide valmistamine\u201d.<\/a> Projekti eesm\u00e4rk oli arendada v\u00f5imalusi uute materjalide loomiseks taaskasutatud tekstiilkiududest. Selleks valmistati erineva koostisega kraasitud vatti ja l\u00f5nga. Rakenduskatsed m\u00e4\u00e4rasid uute materjalide jaoks sobivaima koostise, kuna kvaliteedi tagamiseks oli \u00fcldiselt vaja segada taaskasutatud kiude uute kiududega. Sobivaima koostise ja mahu suhte m\u00e4\u00e4ramine oli projekti k\u00f5ige olulisem osa. Projekti k\u00e4igus valminud n\u00e4idiste omadusi testiti hiljem laboris. <\/p>\n\n\n\n<p>2020. aastast kuulub T\u00dc Viljandi kultuuriakadeemia esindaja Ave Matsin\u00a0<strong>Baltic Wool Cooperation v\u00f5rgustikku<\/strong>, mille eesm\u00e4rgiks on villa t\u00f6\u00f6tlemist toetava ettev\u00f5tlusv\u00f5rgustiku loomine L\u00e4\u00e4nemere maades.\u00a0<a href=\"https:\/\/viljandi.ut.ee\/en\/nordtradcraft\" target=\"_blank\" rel=\"noreferrer noopener\">Toimunud kohtumised<\/a>: Gotlandi \u00f5ppereis 06.-10.10.2021, Gotlandi villakonverentsid 08.-09.10.2020 ja 06.-08.10.2022 ning 09.-13.05.2022 \u00f5ppereis Poola villavabrikutesse ja tekstiilit\u00f6\u00f6stustesse.<\/p>\n\n\n\n<p>Koos Tartu K\u00f5rgema Kunstikooli ja MT\u00dcga Muhu Maalammas viidi ellu uurimis- ja tootearendusprojekt, kus valmis\u00a0<strong>muhu maalamba villast l\u00f5ngapartii<\/strong>, millest valmistatud tekstiile testiti erinevate omaduste v\u00e4ljaselgitamiseks. Projekt l\u00f5ppes 2018. aasta s\u00fcgisel ja selle tulemused publitseeriti\u00a0<a href=\"https:\/\/ojs.utlib.ee\/index.php\/SV\/article\/view\/17014\" target=\"_blank\" rel=\"noreferrer noopener\">Studia Vernaculas<\/a>.<\/p>\n\n\n\n<p>Tartu \u00dclikooli ASTRA projekti PER ASPERA raames sai 2017\/18 \u00f5ppeaastal\u00a0<strong>Vilma \u00f5ppehoone villalabor<\/strong>\u00a0villakiudude uurimiseks ja m\u00f5\u00f5tmiseks sobiva\u00a0<strong>mikroskoobi<\/strong>. Meede: Institutsionaalne arendusprogramm teadus- ja arendusasutustele ja k\u00f5rgkoolidele. Toetati projekte, mis parandavad \u00f5ppe- ja teadust\u00f6\u00f6 tingimusi, t\u00f5husust ja kvaliteeti.<\/p>\n\n\n\n<p>Labor on avatud\u00a0<strong>Eesti koolide tekstiilierialade \u00fcli\u00f5pilastele.<\/strong>\u00a0Seda v\u00f5imalust on kasutanud Tartu K\u00f5rgema Kunstikooli, Eesti Kunstiakadeemia ning Olustvere Teenindus- ja Maamajanduskooli \u00f5ppurid. N\u00e4iteks EKA magistrant An\u017eelika M\u00e4ndmaa valmistas laboris Tallinna Loomaaia poe tootearendusele keskenduva magistriprojekti tarbeks loomaaia asukate villadest ja karvadest l\u00f5ngu.<\/p>\n\n\n\n<p>J\u00e4tkunud on\u00a0<strong>Vilma villalabori arendustegevused.<\/strong>\u00a0V\u00e4lja on kujunenud kaks olulisemat tegevussuunda:<br>-eksperimentaalsed l\u00f5ngapartiid konkreetsete ajalooliste tehnikate jaoks;<br>-tootearenduslikud katsetused ja v\u00e4ikesed testpartiid erinevate villakooslustega.<\/p>\n\n\n\n<p><\/p>\n\n\n\n<p><strong>T\u00e4iend\u00f5ppe koolitused<\/strong><\/p>\n\n\n\n<p>Septembrist 2025 kuni juunini 2026 toimub t\u00e4iend\u00f5ppe <strong>koolitus <a href=\"https:\/\/viljandi.ut.ee\/et\/vaartustades-ja-vaarindades-lammast-parandtarkused-ja-ringtehnoloogia\" target=\"_blank\" rel=\"noreferrer noopener\">\u201cV\u00e4\u00e4rtustades ja v\u00e4\u00e4rindades lammast \u2013 p\u00e4randtarkused ja ringtehnoloogia\u201d<\/a><\/strong>. Programmi eesm\u00e4rgiks on anda terviklik \u00fclevaade lamba rollist Eesti talukultuuris, rahvap\u00e4rimuses ja t\u00e4nap\u00e4eva p\u00f5llumajanduses ning \u00f5petada lambasaadusi keskkonnateadlikult, j\u00e4tkusuutlikult, terviklikult ja loovalt kasutama. T\u00e4iendkoolitus toimub kord kuus 2-p\u00e4evaste moodulitena, toimumispaikadeks Viljandi, Heimtali, Rebasem\u00f5isa k\u00fcla ja Kaika k\u00fcla. <\/p>\n\n\n\n<p>Oktoobris 2022 toimus villakojas <strong>koolitus <a href=\"https:\/\/viljandi.ut.ee\/et\/sisu\/poolkammlonga-valmistamine-toostuslike-masinatega\" target=\"_blank\" rel=\"noreferrer noopener\">\u201cPoolkamml\u00f5nga valmistamine t\u00f6\u00f6stuslike masinatega\u201d.<\/a><\/strong> Koolituse eesm\u00e4rk oli anda \u00fclevaade erinevate lambat\u00f5ugude villakiudude kvaliteedist ja selle m\u00f5just k\u00e4sit\u00f6\u00f6l\u00f5nga omadustele. Tutvustada villa sorteerimise ja eelt\u00f6\u00f6tlemise etappe. Tutvustada poolkamml\u00f5nga valmistamise seadmeid ja ohutusn\u00f5udeid. Praktilise t\u00f6\u00f6 k\u00e4igus tehti l\u00e4bi k\u00f5ik t\u00f6\u00f6protsessid, mille tulemusena valmib villast poolkamml\u00f5ng.<\/p>\n","protected":false},"excerpt":{"rendered":"<p>Tartu \u00dclikooli Viljandi kultuuriakadeemia Vilma villalabor on olnud mitmete tekstiilkiudude, sh lambavilla teemaliste projektide koost\u00f6\u00f6partner ning algataja. 2026\/27 \u00f5ppeaastaks sai Tartu \u00dclikooli eksperimentaalarenduse grandi villakojaga seotud projekt \u201eKohalikust t\u00f5up\u00f5hisest lambavillast \u00fcler\u00f5ivakangaste arendus: f\u00fc\u00fcsikalis-mehaanilised testid ja protot\u00fc\u00fcpide kandmiskatsed\u201c. 2025. aastal toimus &#8230;<\/p>\n","protected":false},"author":274,"featured_media":0,"parent":0,"menu_order":0,"comment_status":"closed","ping_status":"closed","template":"","meta":{"_acf_changed":false,"inline_featured_image":false,"footnotes":""},"class_list":["post-71","page","type-page","status-publish","hentry"],"acf":[],"_links":{"self":[{"href":"https:\/\/sisu.ut.ee\/eestivill\/wp-json\/wp\/v2\/pages\/71","targetHints":{"allow":["GET"]}}],"collection":[{"href":"https:\/\/sisu.ut.ee\/eestivill\/wp-json\/wp\/v2\/pages"}],"about":[{"href":"https:\/\/sisu.ut.ee\/eestivill\/wp-json\/wp\/v2\/types\/page"}],"author":[{"embeddable":true,"href":"https:\/\/sisu.ut.ee\/eestivill\/wp-json\/wp\/v2\/users\/274"}],"replies":[{"embeddable":true,"href":"https:\/\/sisu.ut.ee\/eestivill\/wp-json\/wp\/v2\/comments?post=71"}],"version-history":[{"count":17,"href":"https:\/\/sisu.ut.ee\/eestivill\/wp-json\/wp\/v2\/pages\/71\/revisions"}],"predecessor-version":[{"id":191,"href":"https:\/\/sisu.ut.ee\/eestivill\/wp-json\/wp\/v2\/pages\/71\/revisions\/191"}],"wp:attachment":[{"href":"https:\/\/sisu.ut.ee\/eestivill\/wp-json\/wp\/v2\/media?parent=71"}],"curies":[{"name":"wp","href":"https:\/\/api.w.org\/{rel}","templated":true}]}}