{"id":198,"date":"2026-03-31T10:43:55","date_gmt":"2026-03-31T07:43:55","guid":{"rendered":"https:\/\/sisu.ut.ee\/eestivill\/?page_id=198"},"modified":"2026-03-31T16:50:25","modified_gmt":"2026-03-31T13:50:25","slug":"uliopilastood","status":"publish","type":"page","link":"https:\/\/sisu.ut.ee\/eestivill\/uliopilastood\/","title":{"rendered":"\u00dcli\u00f5pilast\u00f6\u00f6d"},"content":{"rendered":"<p>Avalikult on leitavad mitmed villateemalised uurimust\u00f6\u00f6d, mis on valminud T\u00dc Viljandi Kultuuriakadeemia, Tallinna Tehnika\u00fclikooli, Eesti Kunstiakadeemia ja K\u00f5rgema Kunstikooli Pallas \u00fcli\u00f5pilaste uuringute tulemusel. T\u00dc VKA seminarit\u00f6\u00f6d avalikult k\u00e4ttesaadavad ei ole.<\/p>\n\n\n\n<p><strong>Magistrit\u00f6\u00f6d<\/strong><\/p>\n\n\n\n<p>Muru, Katti. (2024). <a href=\"https:\/\/hdl.handle.net\/10062\/99160\" target=\"_blank\" rel=\"noreferrer noopener\">Eeluuring Eesti lambavilla klassifitseerimise s\u00fcsteemi loomiseks.<\/a> Magistrit\u00f6\u00f6. Tartu \u00dclikool, kultuurip\u00e4randi loovrakenduste \u00f5ppekava.<\/p>\n\n\n\n<p>Poska, Anneli. (2024). <a href=\"https:\/\/hdl.handle.net\/10062\/99218\" target=\"_blank\" rel=\"noreferrer noopener\">Koerakarva f\u00fc\u00fcsikalised omadused ja sobivus l\u00f5nga valmistamiseks.<\/a> Magistrit\u00f6\u00f6. Tartu \u00dclikool, kultuurip\u00e4randi loovrakenduste \u00f5ppekava.<\/p>\n\n\n\n<p>Torsus, Liisa. (2024). <a href=\"https:\/\/digikogu.taltech.ee\/et\/Item\/9b7cae0c-02c7-49c0-a6df-1688117524af\" data-type=\"link\" data-id=\"https:\/\/digikogu.taltech.ee\/et\/Item\/9b7cae0c-02c7-49c0-a6df-1688117524af\" target=\"_blank\" rel=\"noreferrer noopener\">Eesti kohaliku lambavilla taasv\u00e4\u00e4rtustamine \u2013 erinevate villat\u00fc\u00fcpide m\u00f5ju tekstiilmaterjali omadustele.<\/a> Magistrit\u00f6\u00f6. Tallinna Tehnika\u00fclikool, materjali- ja keskkonnatehnoloogia instituut.<\/p>\n\n\n\n<p>Kuningas, Laura. (2023). Developing knitted materials from mechanically recycled textiles. Magistrit\u00f6\u00f6. Tallinna Tehnika\u00fclikool, materjali- ja keskkonnatehnoloogia instituut.<\/p>\n\n\n\n<p>Peterson, Maria Kristiin. (2023). <a href=\"https:\/\/eka.access.preservica.com\/uncategorized\/IO_21835fc5-11d2-4d40-ae15-2716f3041fd9\/\" data-type=\"link\" data-id=\"https:\/\/eka.access.preservica.com\/uncategorized\/IO_21835fc5-11d2-4d40-ae15-2716f3041fd9\/\" target=\"_blank\" rel=\"noreferrer noopener\">Disaineri roll tarbijaj\u00e4rgse tekstiilij\u00e4\u00e4tme ringlussev\u00f5tul l\u00f5ngaarenduse ja kudumikollektsiooni n\u00e4itel.<\/a> Magistrit\u00f6\u00f6. Eesti Kunstiakadeemia, tekstiilidisaini osakond.<\/p>\n\n\n\n<p>M\u00e4ndmaa, An\u017eelika. (2019). <a href=\"https:\/\/eka.access.preservica.com\/uncategorized\/IO_f39f6c83-7ea8-4430-92f5-0a9f5f8f3879\/\" data-type=\"link\" data-id=\"https:\/\/eka.access.preservica.com\/uncategorized\/IO_f39f6c83-7ea8-4430-92f5-0a9f5f8f3879\/\" target=\"_blank\" rel=\"noreferrer noopener\">Loomaaedades tekkiva villaressursi tulemuslikum realiseerimine disainis.<\/a> Magistrit\u00f6\u00f6. Eesti Kunstiakadeemia, moedisaini osakond.<\/p>\n\n\n\n<p>Kaljus, Astri. (2017). <a href=\"http:\/\/hdl.handle.net\/10062\/56838\" target=\"_blank\" rel=\"noreferrer noopener\">Villaste kangaste kudumise v\u00f5tted 11.-17. sajandi Eesti arheoloogiliste leidude p\u00f5hjal ja nende taasloomine t\u00e4nap\u00e4eval.<\/a> Magistrit\u00f6\u00f6. Tartu \u00dclikool, p\u00e4randtehnoloogia \u00f5ppekava.<\/p>\n\n\n\n<p><strong>Bakalaureuset\u00f6\u00f6d<\/strong><\/p>\n\n\n\n<p>Solmann, Janika. (2024). <a href=\"https:\/\/hdl.handle.net\/10062\/99416\" target=\"_blank\" rel=\"noreferrer noopener\">Tand\u2019m \u2013 Eesti lambavillasest l\u00f5ngast kampsunite kollektsioon.<\/a> Bakalaureuset\u00f6\u00f6. Tartu \u00dclikool, p\u00e4randtehnoloogia tekstiili \u00f5ppekava.<\/p>\n\n\n\n<p>Ellam, Haldi. (2022). <a href=\"http:\/\/hdl.handle.net\/10062\/82408\" target=\"_blank\" rel=\"noreferrer noopener\">Siks\u00e4l\u00e4 naise keskaegse villase kuue rekonstruktsioon.<\/a> Bakalaureuset\u00f6\u00f6. Tartu \u00dclikool, p\u00e4randtehnoloogia tekstiili \u00f5ppekava.<\/p>\n\n\n\n<p>Peedosaar, Taive. (2022). <a href=\"http:\/\/hdl.handle.net\/10062\/82418\" target=\"_blank\" rel=\"noreferrer noopener\">L\u00e4\u00e4ne-Eesti saarte meestevatid 19. sajandi keskpaigast 20. sajandi alguseni ja nendest inspireeritud k\u00e4sit\u00f6\u00f6 kangast mantlite kollektsioon.<\/a> Bakalaureuset\u00f6\u00f6. Tartu \u00dclikool, p\u00e4randtehnoloogia tekstiili \u00f5ppekava.<\/p>\n\n\n\n<p>Tamm, Liisi. (2022). <a href=\"https:\/\/digiarhiiv.pallasart.ee\/wp-content\/uploads\/2022\/08\/Kirjalik.-Kohaliku-lambavilla-kasutamine-elamusro%CC%83iva-disainiprotsessis-kampsunite-kollektsiooni-na%CC%88itel.-Liisi-Tamm.-Lo%CC%83puto%CC%88o%CC%88-2022.-Juhendaja-Kairi-Lentsius.-Tekstiil.-Pallas.pdf\" data-type=\"link\" data-id=\"https:\/\/digiarhiiv.pallasart.ee\/wp-content\/uploads\/2022\/08\/Kirjalik.-Kohaliku-lambavilla-kasutamine-elamusro%CC%83iva-disainiprotsessis-kampsunite-kollektsiooni-na%CC%88itel.-Liisi-Tamm.-Lo%CC%83puto%CC%88o%CC%88-2022.-Juhendaja-Kairi-Lentsius.-Tekstiil.-Pallas.pdf\" target=\"_blank\" rel=\"noreferrer noopener\">Kohaliku lambavilla kasutamine elamusr\u00f5iva disainiprotsessis kampsunite kollektsiooni n\u00e4itel.<\/a> K\u00f5rgem Kunstikool Pallas, tekstiiliosakond.<\/p>\n\n\n\n<p>Kuningas, Laura. (2021). <a href=\"https:\/\/digikogu.taltech.ee\/et\/Item\/6ee7da3f-1431-4fce-9498-4811d53103f2\" data-type=\"link\" data-id=\"https:\/\/digikogu.taltech.ee\/et\/Item\/6ee7da3f-1431-4fce-9498-4811d53103f2\" target=\"_blank\" rel=\"noreferrer noopener\">Erineva struktuuriga l\u00f5ngade valmistamine mehaaniliselt \u00fcmbert\u00f6\u00f6deldud tekstiilkiududest.<\/a> Bakalaureuset\u00f6\u00f6. Tallinna Tehnika\u00fclikool, materjali- ja keskkonnatehnoloogia instituut.<\/p>\n\n\n\n<p>Nool, Siiri. (2019). <a href=\"https:\/\/digiarhiiv.pallasart.ee\/wp-content\/uploads\/2019\/08\/Siiri_Nool_-kirjalik_ja_lisad.pdf\" data-type=\"link\" data-id=\"https:\/\/digiarhiiv.pallasart.ee\/wp-content\/uploads\/2019\/08\/Siiri_Nool_-kirjalik_ja_lisad.pdf\" target=\"_blank\" rel=\"noreferrer noopener\">Villa t\u00f6\u00f6tlemise v\u00f5imalused Eesti villavabrikutes. Eesti p\u00e4ritolu lambavillast l\u00f5nga testimine ja kasutamine silmuskoelise toote loomisel.<\/a> Bakalaureuset\u00f6\u00f6. K\u00f5rgem Kunstikool Pallas, tekstiiliosakond.<\/p>\n\n\n\n<p><strong>Seminarit\u00f6\u00f6d<\/strong><\/p>\n\n\n\n<p>Solman, Janika. (2023). Eestis kasvatatud Arles`i meriino villast poolkamml\u00f5nga valmistamine T\u00dc VKA Vilma villakoja n\u00e4itel. Seminarit\u00f6\u00f6. Tartu \u00dclikool, p\u00e4randtehnoloogia tekstiili \u00f5ppekava.<\/p>\n\n\n\n<p>Kuuse, Reet. (2022). Erinevate keerusuundadega l\u00f5ngade m\u00f5ju kangastruktuurile kolme lambat\u00f5u villade n\u00e4itel. Seminarit\u00f6\u00f6. Tartu \u00dclikool, p\u00e4randtehnoloogia tekstiili \u00f5ppekava.<\/p>\n","protected":false},"excerpt":{"rendered":"<p>Avalikult on leitavad mitmed villateemalised uurimust\u00f6\u00f6d, mis on valminud T\u00dc Viljandi Kultuuriakadeemia, Tallinna Tehnika\u00fclikooli, Eesti Kunstiakadeemia ja K\u00f5rgema Kunstikooli Pallas \u00fcli\u00f5pilaste uuringute tulemusel. T\u00dc VKA seminarit\u00f6\u00f6d avalikult k\u00e4ttesaadavad ei ole. Magistrit\u00f6\u00f6d Muru, Katti. (2024). Eeluuring Eesti lambavilla klassifitseerimise s\u00fcsteemi loomiseks. &#8230;<\/p>\n","protected":false},"author":274,"featured_media":0,"parent":0,"menu_order":0,"comment_status":"closed","ping_status":"closed","template":"","meta":{"_acf_changed":false,"inline_featured_image":false,"footnotes":""},"class_list":["post-198","page","type-page","status-publish","hentry"],"acf":[],"_links":{"self":[{"href":"https:\/\/sisu.ut.ee\/eestivill\/wp-json\/wp\/v2\/pages\/198","targetHints":{"allow":["GET"]}}],"collection":[{"href":"https:\/\/sisu.ut.ee\/eestivill\/wp-json\/wp\/v2\/pages"}],"about":[{"href":"https:\/\/sisu.ut.ee\/eestivill\/wp-json\/wp\/v2\/types\/page"}],"author":[{"embeddable":true,"href":"https:\/\/sisu.ut.ee\/eestivill\/wp-json\/wp\/v2\/users\/274"}],"replies":[{"embeddable":true,"href":"https:\/\/sisu.ut.ee\/eestivill\/wp-json\/wp\/v2\/comments?post=198"}],"version-history":[{"count":15,"href":"https:\/\/sisu.ut.ee\/eestivill\/wp-json\/wp\/v2\/pages\/198\/revisions"}],"predecessor-version":[{"id":224,"href":"https:\/\/sisu.ut.ee\/eestivill\/wp-json\/wp\/v2\/pages\/198\/revisions\/224"}],"wp:attachment":[{"href":"https:\/\/sisu.ut.ee\/eestivill\/wp-json\/wp\/v2\/media?parent=198"}],"curies":[{"name":"wp","href":"https:\/\/api.w.org\/{rel}","templated":true}]}}