{"id":166,"date":"2026-03-14T12:32:40","date_gmt":"2026-03-14T10:32:40","guid":{"rendered":"https:\/\/sisu.ut.ee\/eestivill\/?page_id=166"},"modified":"2026-03-14T12:36:58","modified_gmt":"2026-03-14T10:36:58","slug":"kulo-sugiskool","status":"publish","type":"page","link":"https:\/\/sisu.ut.ee\/eestivill\/kulo-sugiskool\/","title":{"rendered":"KULO s\u00fcgiskool"},"content":{"rendered":"<p>Kultuurip\u00e4randi loovrakenduste (varasem nimi P\u00e4randtehnoloogia s\u00fcgiskool) on igas\u00fcgisene kahep\u00e4evane s\u00fcndmus, mille algatajaks ning korraldajaks on T\u00dc VKA samanimelise magistri\u00f5ppe \u00fcli\u00f5pilased. S\u00fcgiskooli eesm\u00e4rk on kokku viia erinevaid k\u00e4elise ja muusikalise p\u00e4randiga haakuvaid inimesi ning luua seel\u00e4bi v\u00f5imalused interdistsiplinaarseteks aruteludeks ja koost\u00f6\u00f6ks.\u00a0Leia ka <a href=\"https:\/\/sisu.ut.ee\/craft\/sundmusdeee\/\" target=\"_blank\" rel=\"noreferrer noopener\">teiste KULO s\u00fcgiskoolide programm ja salvestused<\/a>.<\/p>\n\n\n\n<h4 class=\"wp-block-heading\">2022 KULO s\u00fcgiskool \u201cNaha ja karvadega\u201d<\/h4>\n\n\n\n<p>11. korda toimunud\u00a0<a href=\"https:\/\/viljandi.ut.ee\/et\/kulo-sugiskool-2022?fbclid=IwAR3vEZ9dP_mHdlRFqoWQESveCEDFHLzghqRSUlmw7fYNhZ-PIpQUkChllBo\" target=\"_blank\" rel=\"noreferrer noopener\">s\u00fcgiskooli<\/a>\u00a0eesm\u00e4rgiks oli v\u00e4\u00e4rtustada vaimset ja k\u00e4elist p\u00e4randit ning tuua kokku inimesi, kes soovivad oma oskusi ja teadmisi t\u00e4iendada v\u00f5i neid teiste huvilistega jagada. Seekord keskenduti traditsioonilistele naturaalsetele materjalidele nagu nahk ja karvad ja juhiti t\u00e4helepanu nende olulisele rollile ja rikkalikele kasutusv\u00f5imalustele nii minevikus kui ka kaasajal, andes samas \u00fclevaate t\u00e4nap\u00e4evastest looduslikest kiududest alternatiivsete materjalide kasutusv\u00f5imalustest.<\/p>\n\n\n\n<p>S\u00fcgiskooli kavas olid j\u00e4rgnevad loengud, mida saab UTTV-st j\u00e4relvaadata:<\/p>\n\n\n\n<p><a href=\"https:\/\/www.uttv.ee\/naita?id=33636\" target=\"_blank\" rel=\"noreferrer noopener\">\u201cHoia oma nahk<\/a>\u201d Kristina Rajando<br><a href=\"https:\/\/www.uttv.ee\/naita?id=33637\" target=\"_blank\" rel=\"noreferrer noopener\">\u201cNahaeriala v\u00e4ljakutsed seoses uute suundadega materjaliteaduses\u201c<\/a>\u00a0Tiina Karu<br><a href=\"https:\/\/www.uttv.ee\/naita?id=33638\" target=\"_blank\" rel=\"noreferrer noopener\">\u201cTaaskasutus l\u00e4bi aksessuaaride redisaini\u201d<\/a>\u00a0M\u00e4rt Puusta<br><a href=\"https:\/\/www.uttv.ee\/naita?id=33639\" target=\"_blank\" rel=\"noreferrer noopener\">\u201cJalutusk\u00e4ik keskaegsete nahast jalatsite radadel\u201d<\/a>\u00a0Tuuli J\u00f5esaar<br><a href=\"https:\/\/www.uttv.ee\/naita?id=33644\" target=\"_blank\" rel=\"noreferrer noopener\">\u201cSaaremaa traditsioonilised kasukad ja talvem\u00fctsid\u201d<\/a>\u00a0Mareli Rannap<br><a href=\"https:\/\/www.uttv.ee\/naita?id=33640\" target=\"_blank\" rel=\"noreferrer noopener\">\u201cSekeldused h\u00fclgemaost tuulekotiga\u201c<\/a>\u00a0Leanne Barbo<br><a href=\"https:\/\/www.uttv.ee\/naita?id=33641\" target=\"_blank\" rel=\"noreferrer noopener\">\u201cTorupilli tulemine\u201d<\/a>\u00a0Ants Taul<br><a href=\"https:\/\/www.uttv.ee\/naita?id=33642\" target=\"_blank\" rel=\"noreferrer noopener\">\u201cLaulud naha ja karvadega\u201d<\/a>\u00a0Koidu Ahk &amp; ansambel Koidu T\u00e4hed<br>\u201c<a href=\"https:\/\/www.uttv.ee\/naita?id=33643\" target=\"_blank\" rel=\"noreferrer noopener\">Biodisain\u201d<\/a>\u00a0Riina \u00d5un<br><a href=\"https:\/\/www.uttv.ee\/naita?id=33645\" target=\"_blank\" rel=\"noreferrer noopener\">\u201cJuuksed ja karvad rahvausus ja kombestikus\u201d<\/a>\u00a0Madis Arukask<br><a href=\"https:\/\/www.uttv.ee\/naita?id=33646\" target=\"_blank\" rel=\"noreferrer noopener\">\u201cEi j\u00e4ta mitte karvagi p\u00e4h\u00e4\u201d<\/a>\u00a0Krista Sarv<\/p>\n\n\n\n<figure class=\"wp-block-image size-large\"><img decoding=\"async\" src=\"https:\/\/sisu.ut.ee\/wp-content\/uploads\/sites\/619\/2022_sygiskooli_veebiplakat.jpg\" alt=\"\"><\/figure>\n","protected":false},"excerpt":{"rendered":"<p>Kultuurip\u00e4randi loovrakenduste (varasem nimi P\u00e4randtehnoloogia s\u00fcgiskool) on igas\u00fcgisene kahep\u00e4evane s\u00fcndmus, mille algatajaks ning korraldajaks on T\u00dc VKA samanimelise magistri\u00f5ppe \u00fcli\u00f5pilased. S\u00fcgiskooli eesm\u00e4rk on kokku viia erinevaid k\u00e4elise ja muusikalise p\u00e4randiga haakuvaid inimesi ning luua seel\u00e4bi v\u00f5imalused interdistsiplinaarseteks aruteludeks ja koost\u00f6\u00f6ks.\u00a0Leia &#8230;<\/p>\n","protected":false},"author":274,"featured_media":0,"parent":0,"menu_order":0,"comment_status":"closed","ping_status":"closed","template":"","meta":{"_acf_changed":false,"inline_featured_image":false,"footnotes":""},"class_list":["post-166","page","type-page","status-publish","hentry"],"acf":[],"_links":{"self":[{"href":"https:\/\/sisu.ut.ee\/eestivill\/wp-json\/wp\/v2\/pages\/166","targetHints":{"allow":["GET"]}}],"collection":[{"href":"https:\/\/sisu.ut.ee\/eestivill\/wp-json\/wp\/v2\/pages"}],"about":[{"href":"https:\/\/sisu.ut.ee\/eestivill\/wp-json\/wp\/v2\/types\/page"}],"author":[{"embeddable":true,"href":"https:\/\/sisu.ut.ee\/eestivill\/wp-json\/wp\/v2\/users\/274"}],"replies":[{"embeddable":true,"href":"https:\/\/sisu.ut.ee\/eestivill\/wp-json\/wp\/v2\/comments?post=166"}],"version-history":[{"count":3,"href":"https:\/\/sisu.ut.ee\/eestivill\/wp-json\/wp\/v2\/pages\/166\/revisions"}],"predecessor-version":[{"id":175,"href":"https:\/\/sisu.ut.ee\/eestivill\/wp-json\/wp\/v2\/pages\/166\/revisions\/175"}],"wp:attachment":[{"href":"https:\/\/sisu.ut.ee\/eestivill\/wp-json\/wp\/v2\/media?parent=166"}],"curies":[{"name":"wp","href":"https:\/\/api.w.org\/{rel}","templated":true}]}}