{"id":12,"date":"2024-04-04T08:16:08","date_gmt":"2024-04-04T05:16:08","guid":{"rendered":"https:\/\/sisu.ut.ee\/eestivill\/villa-oppematerjal\/"},"modified":"2026-03-13T11:16:45","modified_gmt":"2026-03-13T09:16:45","slug":"villa-oppematerjal","status":"publish","type":"page","link":"https:\/\/sisu.ut.ee\/eestivill\/villa-oppematerjal\/","title":{"rendered":"\u00d5ppematerjal"},"content":{"rendered":"<p>Koost\u00f6\u00f6projekti \u201cEesti ja Norra kohalik lambavill \u2013 uuringu l\u00e4biviimine ja \u00f5ppematerjalide loomine k\u00f5rgkooli tekstiilitudengitele\u201d raames loodi allolev \u00f5ppematerjal.<\/p>\n<p><img loading=\"lazy\" decoding=\"async\" width=\"600\" height=\"455\" class=\"alignnone wp-image-20\" style=\"width: 198px; height: 150px; float: right;\" title=\"norra_projekti_logo.png\" src=\"https:\/\/sisu.ut.ee\/wp-content\/uploads\/sites\/591\/norra_projekti_logo.png\" alt=\"Logo\" srcset=\"https:\/\/sisu.ut.ee\/wp-content\/uploads\/sites\/591\/norra_projekti_logo.png 600w, https:\/\/sisu.ut.ee\/wp-content\/uploads\/sites\/591\/norra_projekti_logo-300x228.png 300w\" sizes=\"auto, (max-width: 600px) 100vw, 600px\"><\/p>\n<p>17.-18. novembril 2022 Viljandi P\u00e4rimusmuusika Aidas toimunud villakonverents oli projekti teavitus\u00fcritus, projekti tegevusi ja uurimistulemusi tutvustav ettekanne toimus 17.11 kl 16.00-18.00 ning on j\u00e4relvaadatav <a title=\"\" href=\"https:\/\/uttv.ee\/naita?id=33811\" target=\"_blank\" rel=\"noopener\" data-url=\"https:\/\/uttv.ee\/naita?id=33811\">UTTV-st<\/a> (alates 3:56:00).<\/p>\n<p>\u00a0<\/p>\n<p><img loading=\"lazy\" decoding=\"async\" width=\"744\" height=\"1073\" class=\"alignnone wp-image-21\" style=\"width: 347px; height: 500px; float: left; border-width: 0px; border-style: solid; margin: 20px;\" title=\"from_wool_to_fabric.png\" src=\"https:\/\/sisu.ut.ee\/wp-content\/uploads\/sites\/591\/from_wool_to_fabric.png\" alt=\"From wool to fabric\" srcset=\"https:\/\/sisu.ut.ee\/wp-content\/uploads\/sites\/591\/from_wool_to_fabric.png 744w, https:\/\/sisu.ut.ee\/wp-content\/uploads\/sites\/591\/from_wool_to_fabric-208x300.png 208w, https:\/\/sisu.ut.ee\/wp-content\/uploads\/sites\/591\/from_wool_to_fabric-710x1024.png 710w\" sizes=\"auto, (max-width: 744px) 100vw, 744px\"><\/p>\n<p><strong>`From Wool to Fabric` \u00f5ppematerjal:<\/strong><\/p>\n\n\n<div class=\"wp-block-group attached-files-group is-layout-constrained wp-block-group-is-layout-constrained\">\n<div class=\"wp-block-file\"><a href=\"https:\/\/sisu.ut.ee\/wp-content\/uploads\/sites\/591\/wool_to_fabric_a4_12.pdf\" target=\"_blank\" rel=\"noreferrer noopener\">From Wool to Fabric study material.pdf<\/a><\/div>\n<\/div>\n\n\n\n<p>\u00d5ppematerjali juurde kuuluvaid videosid on v\u00f5imalik ka eraldi vaadata:<\/p>\n\n\n\n<p><a href=\"https:\/\/uttv.ee\/naita?id=34448\" target=\"_blank\" rel=\"noreferrer noopener\">P\u00fcgamise video<\/a><\/p>\n\n\n\n<p><a href=\"https:\/\/uttv.ee\/naita?id=34489\" target=\"_blank\" rel=\"noreferrer noopener\">Norra villa sorteerimise video<\/a><\/p>\n\n\n\n<p><a href=\"https:\/\/uttv.ee\/naita?id=34490\" target=\"_blank\" rel=\"noreferrer noopener\">Eesti villa sorteerimise video<\/a><\/p>\n","protected":false},"excerpt":{"rendered":"<p>Koost\u00f6\u00f6projekti \u201cEesti ja Norra kohalik lambavill \u2013 uuringu l\u00e4biviimine ja \u00f5ppematerjalide loomine k\u00f5rgkooli tekstiilitudengitele\u201d raames loodi allolev \u00f5ppematerjal. 17.-18. novembril 2022 Viljandi P\u00e4rimusmuusika Aidas toimunud villakonverents oli projekti teavitus\u00fcritus, projekti tegevusi ja uurimistulemusi tutvustav ettekanne toimus 17.11 kl 16.00-18.00 ning &#8230;<\/p>\n","protected":false},"author":28,"featured_media":0,"parent":0,"menu_order":0,"comment_status":"closed","ping_status":"closed","template":"","meta":{"_acf_changed":false,"inline_featured_image":false,"footnotes":""},"class_list":["post-12","page","type-page","status-publish","hentry"],"acf":[],"_links":{"self":[{"href":"https:\/\/sisu.ut.ee\/eestivill\/wp-json\/wp\/v2\/pages\/12","targetHints":{"allow":["GET"]}}],"collection":[{"href":"https:\/\/sisu.ut.ee\/eestivill\/wp-json\/wp\/v2\/pages"}],"about":[{"href":"https:\/\/sisu.ut.ee\/eestivill\/wp-json\/wp\/v2\/types\/page"}],"author":[{"embeddable":true,"href":"https:\/\/sisu.ut.ee\/eestivill\/wp-json\/wp\/v2\/users\/28"}],"replies":[{"embeddable":true,"href":"https:\/\/sisu.ut.ee\/eestivill\/wp-json\/wp\/v2\/comments?post=12"}],"version-history":[{"count":4,"href":"https:\/\/sisu.ut.ee\/eestivill\/wp-json\/wp\/v2\/pages\/12\/revisions"}],"predecessor-version":[{"id":156,"href":"https:\/\/sisu.ut.ee\/eestivill\/wp-json\/wp\/v2\/pages\/12\/revisions\/156"}],"wp:attachment":[{"href":"https:\/\/sisu.ut.ee\/eestivill\/wp-json\/wp\/v2\/media?parent=12"}],"curies":[{"name":"wp","href":"https:\/\/api.w.org\/{rel}","templated":true}]}}