{"id":10,"date":"2024-04-04T08:16:08","date_gmt":"2024-04-04T05:16:08","guid":{"rendered":"https:\/\/sisu.ut.ee\/eestivill\/avaleht\/"},"modified":"2026-03-14T13:06:24","modified_gmt":"2026-03-14T11:06:24","slug":"avaleht","status":"publish","type":"page","link":"https:\/\/sisu.ut.ee\/eestivill\/","title":{"rendered":"Avaleht"},"content":{"rendered":"<p>Oleme T\u00dc Viljandi Kultuuriakadeemias koondanud erinevad Eesti lambavillaga seotud materjalid ning temaatiliste s\u00fcndmuste info.<br>Siit leiab \u00fclevaate T\u00dc VKA Vilma \u00f5ppehoones tegutseva villakoja, seminaride, konverentside ja muude s\u00fcndmuste, kohalike ja rahvusvaheliste villateemaliste projektide, teadusartiklite ja \u00fcli\u00f5pilast\u00f6\u00f6de kohta. Eraldi v\u00e4\u00e4rib esile toomist Eesti-Norra lambavilla koost\u00f6\u00f6projekti tulemusel loodud <a href=\"https:\/\/sisu.ut.ee\/eestivill\/villa-oppematerjal\/\">\u00f5ppematerjal<\/a>.<\/p>\n<p>Loodud on <a href=\"https:\/\/villavahetus.ee\/\" target=\"_blank\" rel=\"noopener\"><strong>villavahetuse veebiplatvorm<\/strong><\/a>, mis loob silla villa tootjate, t\u00f6\u00f6tlejate ja kasutajate vahele ning aitab leida materjalile v\u00e4\u00e4rika rakenduse. Platvormil saavad jagada k\u00f5ik huvilised eestimaise villa ja villatoodete ostu ning m\u00fc\u00fcgi kuulutusi. Lisaks sellele on veebiplatvormil villaaustajate kogukonda koondav ja hariv eesm\u00e4rk.<\/p>\n<p style=\"text-align: right;\"><em>P\u00e4ise fotol on Kihnu maalambad, foto autor Toomas M\u00e4gi.<\/em><\/p>\n<div class=\"mceTemp\">\u00a0<\/div>\n\n\n<figure class=\"wp-block-image size-large\"><img loading=\"lazy\" decoding=\"async\" width=\"1024\" height=\"341\" src=\"https:\/\/sisu.ut.ee\/wp-content\/uploads\/sites\/591\/mathilde_lind_wool_kadreering-1024x341.jpg\" alt=\"Wool\" class=\"wp-image-23\" srcset=\"https:\/\/sisu.ut.ee\/wp-content\/uploads\/sites\/591\/mathilde_lind_wool_kadreering-1024x341.jpg 1024w, https:\/\/sisu.ut.ee\/wp-content\/uploads\/sites\/591\/mathilde_lind_wool_kadreering-300x100.jpg 300w, https:\/\/sisu.ut.ee\/wp-content\/uploads\/sites\/591\/mathilde_lind_wool_kadreering-768x256.jpg 768w, https:\/\/sisu.ut.ee\/wp-content\/uploads\/sites\/591\/mathilde_lind_wool_kadreering.jpg 1200w\" sizes=\"auto, (max-width: 1024px) 100vw, 1024px\"><figcaption class=\"wp-element-caption\">Eesti vill. Foto autor Mathilde Frances Lind.<\/figcaption><\/figure>\n","protected":false},"excerpt":{"rendered":"<p>Oleme T\u00dc Viljandi Kultuuriakadeemias koondanud erinevad Eesti lambavillaga seotud materjalid ning temaatiliste s\u00fcndmuste info.Siit leiab \u00fclevaate T\u00dc VKA Vilma \u00f5ppehoones tegutseva villakoja, seminaride, konverentside ja muude s\u00fcndmuste, kohalike ja rahvusvaheliste villateemaliste projektide, teadusartiklite ja \u00fcli\u00f5pilast\u00f6\u00f6de kohta. Eraldi v\u00e4\u00e4rib esile toomist &#8230;<\/p>\n","protected":false},"author":28,"featured_media":0,"parent":0,"menu_order":0,"comment_status":"closed","ping_status":"closed","template":"","meta":{"_acf_changed":false,"inline_featured_image":false,"footnotes":""},"class_list":["post-10","page","type-page","status-publish","hentry"],"acf":[],"_links":{"self":[{"href":"https:\/\/sisu.ut.ee\/eestivill\/wp-json\/wp\/v2\/pages\/10","targetHints":{"allow":["GET"]}}],"collection":[{"href":"https:\/\/sisu.ut.ee\/eestivill\/wp-json\/wp\/v2\/pages"}],"about":[{"href":"https:\/\/sisu.ut.ee\/eestivill\/wp-json\/wp\/v2\/types\/page"}],"author":[{"embeddable":true,"href":"https:\/\/sisu.ut.ee\/eestivill\/wp-json\/wp\/v2\/users\/28"}],"replies":[{"embeddable":true,"href":"https:\/\/sisu.ut.ee\/eestivill\/wp-json\/wp\/v2\/comments?post=10"}],"version-history":[{"count":9,"href":"https:\/\/sisu.ut.ee\/eestivill\/wp-json\/wp\/v2\/pages\/10\/revisions"}],"predecessor-version":[{"id":189,"href":"https:\/\/sisu.ut.ee\/eestivill\/wp-json\/wp\/v2\/pages\/10\/revisions\/189"}],"wp:attachment":[{"href":"https:\/\/sisu.ut.ee\/eestivill\/wp-json\/wp\/v2\/media?parent=10"}],"curies":[{"name":"wp","href":"https:\/\/api.w.org\/{rel}","templated":true}]}}