{"id":7,"date":"2024-04-04T06:15:14","date_gmt":"2024-04-04T03:15:14","guid":{"rendered":"https:\/\/sisu.ut.ee\/eestimullad\/leostunud\/"},"modified":"2024-04-04T06:15:27","modified_gmt":"2024-04-04T03:15:27","slug":"leostunud","status":"publish","type":"page","link":"https:\/\/sisu.ut.ee\/eestimullad\/leostunud\/","title":{"rendered":"Leostunud (profiil A-B-C) ja leetjad (profiil A-E-B-C) mullad"},"content":{"rendered":"<p>\n\t<a data-url=\"https:\/\/sisu.ut.ee\/eestimullad\/eesti-mullad\" href=\"https:\/\/sisu.ut.ee\/eestimullad\/eesti-mullad\" target=\"_blank\" title=\"\" rel=\"noopener\">Leostunud (profiil A-B-C) ja leetjad (profiil A-E-B-C) mullad<\/a>\u00a0levivad peamiselt Kesk-Eestis ja v\u00e4iksemal pindalal ka L\u00f5una-Eestis. L\u00e4htekivimiks on Kesk-Eestis kollakashall ja L\u00f5una-Eestis punakaspruun n\u00f5rgalt r\u00e4hkne\u00a0<b>moreen<\/b>. Need on keskmise huumusesisaldusega, neutraalse rektsiooniga ja v\u00e4ga suure aktiivveemahutavusega\u00a0<a data-url=\"https:\/\/sisu.ut.ee\/eestimullad\/mulla-koostis\" href=\"https:\/\/sisu.ut.ee\/eestimullad\/mulla-koostis\" target=\"_blank\" title=\"\" rel=\"noopener\">liivsavimullad<\/a>\u00a0(foto 1a).\n<\/p>\n<p>\n\tLooduslikus seisundis kasvavad siin sinilille kuusikud. Kaks kolmandikku neist muldadest on kasutusel p\u00f5ldudena (foto 1b). Maaviljeluse seisukohalt Eesti viljakaimad stabiilse saagikusega p\u00f5llumullad.<br><img loading=\"lazy\" decoding=\"async\" width=\"96\" height=\"120\" class=\"alignnone wp-image-30\" src=\"https:\/\/sisu.ut.ee\/wp-content\/uploads\/sites\/439\/l_s_m2a.jpg\" title=\"l_s_m2a.jpg\" alt=\"leostunud\">\u00a0a\u00a0<img loading=\"lazy\" decoding=\"async\" width=\"120\" height=\"79\" class=\"alignnone wp-image-31\" src=\"https:\/\/sisu.ut.ee\/wp-content\/uploads\/sites\/439\/l_s_m3a.jpg\" title=\"l_s_m3a.jpg\" alt=\"muld\">b<br>Foto 1. Tugevasti kultuuristatud leostunud liivsavimuld karbonaatsel moreenil, Aravete, J\u00e4rvamaa (fotod L. Reintam)<\/p>\n","protected":false},"excerpt":{"rendered":"<p>Leostunud (profiil A-B-C) ja leetjad (profiil A-E-B-C) mullad\u00a0levivad peamiselt Kesk-Eestis ja v\u00e4iksemal pindalal ka L\u00f5una-Eestis. L\u00e4htekivimiks on Kesk-Eestis kollakashall ja L\u00f5una-Eestis punakaspruun n\u00f5rgalt r\u00e4hkne\u00a0moreen. Need on keskmise huumusesisaldusega, neutraalse rektsiooniga ja v\u00e4ga suure aktiivveemahutavusega\u00a0liivsavimullad\u00a0(foto 1a). Looduslikus seisundis kasvavad siin sinilille &#8230;<\/p>\n","protected":false},"author":226,"featured_media":0,"parent":0,"menu_order":0,"comment_status":"closed","ping_status":"closed","template":"","meta":{"_acf_changed":false,"inline_featured_image":false,"footnotes":""},"class_list":["post-7","page","type-page","status-publish","hentry"],"acf":[],"_links":{"self":[{"href":"https:\/\/sisu.ut.ee\/eestimullad\/wp-json\/wp\/v2\/pages\/7","targetHints":{"allow":["GET"]}}],"collection":[{"href":"https:\/\/sisu.ut.ee\/eestimullad\/wp-json\/wp\/v2\/pages"}],"about":[{"href":"https:\/\/sisu.ut.ee\/eestimullad\/wp-json\/wp\/v2\/types\/page"}],"author":[{"embeddable":true,"href":"https:\/\/sisu.ut.ee\/eestimullad\/wp-json\/wp\/v2\/users\/226"}],"replies":[{"embeddable":true,"href":"https:\/\/sisu.ut.ee\/eestimullad\/wp-json\/wp\/v2\/comments?post=7"}],"version-history":[{"count":1,"href":"https:\/\/sisu.ut.ee\/eestimullad\/wp-json\/wp\/v2\/pages\/7\/revisions"}],"predecessor-version":[{"id":122,"href":"https:\/\/sisu.ut.ee\/eestimullad\/wp-json\/wp\/v2\/pages\/7\/revisions\/122"}],"wp:attachment":[{"href":"https:\/\/sisu.ut.ee\/eestimullad\/wp-json\/wp\/v2\/media?parent=7"}],"curies":[{"name":"wp","href":"https:\/\/api.w.org\/{rel}","templated":true}]}}