{"id":24,"date":"2024-04-04T06:15:16","date_gmt":"2024-04-04T03:15:16","guid":{"rendered":"https:\/\/sisu.ut.ee\/eestimullad\/lahtekivim\/"},"modified":"2024-04-04T06:15:26","modified_gmt":"2024-04-04T03:15:26","slug":"lahtekivim","status":"publish","type":"page","link":"https:\/\/sisu.ut.ee\/eestimullad\/lahtekivim\/","title":{"rendered":"Mulla l\u00e4htekivim"},"content":{"rendered":"<p>\n\t<b>Mulla lahtekivimiks<\/b>, mineraalseks materjaliks, milles muld tekib on maapinnal paiknevad (avanevad) geoloogilised kivimid, mis moodustavad mulla mineraalosa. Eestis on selleks j\u00e4\u00e4aja v\u00f5i sellele j\u00e4rgneva perioodi jooksul pinnakatte moodustanud setted (moreen, oosi-, m\u00f5hna-, j\u00e4\u00e4paisj\u00e4rvede, mere- ja teised setted). Alusp\u00f5hja paas esineb mulla lahtekivimina v\u00e4ga piiratud aladel ainult P\u00f5hja-Eestis ja Saaremaal. Kuna need setted on erineva mineraloogilise ja sellest tulenevalt ka keemilise koostisega tingib nimetatu ka eri muldade tekke.\n<\/p>\n<p>\n\t<img loading=\"lazy\" decoding=\"async\" width=\"120\" height=\"102\" class=\"alignnone wp-image-57\" src=\"https:\/\/sisu.ut.ee\/wp-content\/uploads\/sites\/439\/m_laht2a.jpg\" title=\"m_laht2a.jpg\" alt=\"graniit\"><br>Foto 1. Murenenud graniit \u2013 \u00fcks meie mulla lahtekivimitest<\/p>\n","protected":false},"excerpt":{"rendered":"<p>Mulla lahtekivimiks, mineraalseks materjaliks, milles muld tekib on maapinnal paiknevad (avanevad) geoloogilised kivimid, mis moodustavad mulla mineraalosa. Eestis on selleks j\u00e4\u00e4aja v\u00f5i sellele j\u00e4rgneva perioodi jooksul pinnakatte moodustanud setted (moreen, oosi-, m\u00f5hna-, j\u00e4\u00e4paisj\u00e4rvede, mere- ja teised setted). Alusp\u00f5hja paas esineb &#8230;<\/p>\n","protected":false},"author":226,"featured_media":0,"parent":0,"menu_order":0,"comment_status":"closed","ping_status":"closed","template":"","meta":{"_acf_changed":false,"inline_featured_image":false,"footnotes":""},"class_list":["post-24","page","type-page","status-publish","hentry"],"acf":[],"_links":{"self":[{"href":"https:\/\/sisu.ut.ee\/eestimullad\/wp-json\/wp\/v2\/pages\/24","targetHints":{"allow":["GET"]}}],"collection":[{"href":"https:\/\/sisu.ut.ee\/eestimullad\/wp-json\/wp\/v2\/pages"}],"about":[{"href":"https:\/\/sisu.ut.ee\/eestimullad\/wp-json\/wp\/v2\/types\/page"}],"author":[{"embeddable":true,"href":"https:\/\/sisu.ut.ee\/eestimullad\/wp-json\/wp\/v2\/users\/226"}],"replies":[{"embeddable":true,"href":"https:\/\/sisu.ut.ee\/eestimullad\/wp-json\/wp\/v2\/comments?post=24"}],"version-history":[{"count":1,"href":"https:\/\/sisu.ut.ee\/eestimullad\/wp-json\/wp\/v2\/pages\/24\/revisions"}],"predecessor-version":[{"id":105,"href":"https:\/\/sisu.ut.ee\/eestimullad\/wp-json\/wp\/v2\/pages\/24\/revisions\/105"}],"wp:attachment":[{"href":"https:\/\/sisu.ut.ee\/eestimullad\/wp-json\/wp\/v2\/media?parent=24"}],"curies":[{"name":"wp","href":"https:\/\/api.w.org\/{rel}","templated":true}]}}