{"id":15,"date":"2024-04-04T06:15:15","date_gmt":"2024-04-04T03:15:15","guid":{"rendered":"https:\/\/sisu.ut.ee\/eestimullad\/leetunud\/"},"modified":"2024-04-04T06:15:26","modified_gmt":"2024-04-04T03:15:26","slug":"leetunud","status":"publish","type":"page","link":"https:\/\/sisu.ut.ee\/eestimullad\/leetunud\/","title":{"rendered":"Leetunud (profiil A-E-B-C) ja leedemullad (profiil O-E-B-C)"},"content":{"rendered":"<p>\n\t<a data-url=\"https:\/\/sisu.ut.ee\/eestimullad\/eesti-mullad\" href=\"https:\/\/sisu.ut.ee\/eestimullad\/eesti-mullad\" target=\"_blank\" title=\"\" rel=\"noopener\">Leetunud (profiil A-E-B-C) ja leedemullad (profiil O-E-B-C)<\/a>\u00a0levivad suuremate massiividena Kagu-Eestis, Lahemaa rahvuspargis ja v\u00e4iksematel aladel \u00fcle kogu Eesti. L\u00e4htekivimiks on\u00a0<b>liiv<\/b>. Omavahel erinevad selle poolest, et leetunutel on profiilis huumushorisont, leedemuldadel see aga puudub. Huumus- ja toiteainetevaesed, v\u00e4ikese veehoiuv\u00f5ime t\u00f5ttu p\u00f5uakartlikud ning enamasti tugevasti happelise reaktsiooniga mullad.\n<\/p>\n<p>\n\tLooduslike alade taimkatte moodustavad m\u00e4nnikud. P\u00f5llustatud on neist muldadest alla \u00fche kolmandiku. Madala viljakusega p\u00f5llumullad, mis vajavad lupjamist.<br><img loading=\"lazy\" decoding=\"async\" width=\"77\" height=\"120\" class=\"alignnone wp-image-44\" src=\"https:\/\/sisu.ut.ee\/wp-content\/uploads\/sites\/439\/l_s_m4a.jpg\" title=\"l_s_m4a.jpg\" alt=\"leetjas\"><br>Foto 1. Leetjas liivsavimuld kollakashallil karbonaatsel moreenil, Hirla, L\u00e4\u00e4ne-Virumaa (foto L. Reintam)<br><img loading=\"lazy\" decoding=\"async\" width=\"120\" height=\"80\" class=\"alignnone wp-image-45\" src=\"https:\/\/sisu.ut.ee\/wp-content\/uploads\/sites\/439\/leede_liivm2a.jpg\" title=\"leede_liivm2a.jpg\" alt=\"leede\">\u00a0a\u00a0<img loading=\"lazy\" decoding=\"async\" width=\"120\" height=\"84\" class=\"alignnone wp-image-46\" src=\"https:\/\/sisu.ut.ee\/wp-content\/uploads\/sites\/439\/leede_liivm1a.jpg\" title=\"leede_liivm1a.jpg\" alt=\"leede\">\u00a0b\u00a0<img loading=\"lazy\" decoding=\"async\" width=\"120\" height=\"90\" class=\"alignnone wp-image-47\" src=\"https:\/\/sisu.ut.ee\/wp-content\/uploads\/sites\/439\/69a.jpg\" title=\"69a.jpg\" alt=\"leede\">\u00a0c<br>Foto 2. Leede-liivmuld (fotod a, b: L. Reintam; c \u2013 T. Pani)<\/p>\n","protected":false},"excerpt":{"rendered":"<p>Leetunud (profiil A-E-B-C) ja leedemullad (profiil O-E-B-C)\u00a0levivad suuremate massiividena Kagu-Eestis, Lahemaa rahvuspargis ja v\u00e4iksematel aladel \u00fcle kogu Eesti. L\u00e4htekivimiks on\u00a0liiv. Omavahel erinevad selle poolest, et leetunutel on profiilis huumushorisont, leedemuldadel see aga puudub. Huumus- ja toiteainetevaesed, v\u00e4ikese veehoiuv\u00f5ime t\u00f5ttu p\u00f5uakartlikud &#8230;<\/p>\n","protected":false},"author":226,"featured_media":0,"parent":0,"menu_order":0,"comment_status":"closed","ping_status":"closed","template":"","meta":{"_acf_changed":false,"inline_featured_image":false,"footnotes":""},"class_list":["post-15","page","type-page","status-publish","hentry"],"acf":[],"_links":{"self":[{"href":"https:\/\/sisu.ut.ee\/eestimullad\/wp-json\/wp\/v2\/pages\/15","targetHints":{"allow":["GET"]}}],"collection":[{"href":"https:\/\/sisu.ut.ee\/eestimullad\/wp-json\/wp\/v2\/pages"}],"about":[{"href":"https:\/\/sisu.ut.ee\/eestimullad\/wp-json\/wp\/v2\/types\/page"}],"author":[{"embeddable":true,"href":"https:\/\/sisu.ut.ee\/eestimullad\/wp-json\/wp\/v2\/users\/226"}],"replies":[{"embeddable":true,"href":"https:\/\/sisu.ut.ee\/eestimullad\/wp-json\/wp\/v2\/comments?post=15"}],"version-history":[{"count":1,"href":"https:\/\/sisu.ut.ee\/eestimullad\/wp-json\/wp\/v2\/pages\/15\/revisions"}],"predecessor-version":[{"id":112,"href":"https:\/\/sisu.ut.ee\/eestimullad\/wp-json\/wp\/v2\/pages\/15\/revisions\/112"}],"wp:attachment":[{"href":"https:\/\/sisu.ut.ee\/eestimullad\/wp-json\/wp\/v2\/media?parent=15"}],"curies":[{"name":"wp","href":"https:\/\/api.w.org\/{rel}","templated":true}]}}