{"id":12,"date":"2024-04-04T06:15:15","date_gmt":"2024-04-04T03:15:15","guid":{"rendered":"https:\/\/sisu.ut.ee\/eestimullad\/gleim\/"},"modified":"2024-04-04T06:15:26","modified_gmt":"2024-04-04T03:15:26","slug":"gleim","status":"publish","type":"page","link":"https:\/\/sisu.ut.ee\/eestimullad\/gleim\/","title":{"rendered":"Gleimullad (v\u00e4ga varieeruva profiili ehitusega, enamlevinud variandid AT-G v\u00f5i AT-BG-G)"},"content":{"rendered":"<p>\n\t<a data-url=\"https:\/\/sisu.ut.ee\/eestimullad\/eesti-mullad\" href=\"https:\/\/sisu.ut.ee\/eestimullad\/eesti-mullad\" target=\"_blank\" title=\"\" rel=\"noopener\">Gleimullad (v\u00e4ga varieeruva profiili ehitusega, enamlevinud variandid AT-G v\u00f5i AT-BG-G)<\/a>\u00a0levivad suuremate massiividena L\u00e4\u00e4ne-Eestis ja Alutagusel ning v\u00e4iksemate aladena \u00fcle kogu Eesti. Suurima levikupindalaga muldade r\u00fchm. L\u00e4htekivimiks mitmesugused\u00a0<b>j\u00e4\u00e4j\u00e4rvede ja meresetted<\/b>\u00a0aga ka\u00a0<b>moreen<\/b>. P\u00f5hjavesi ulatub siin mulla alumistesse horisontidesse (foto 1a). \u00dclemises toorhuumuslikus horisondis ei mineraliseeru taimedest mulda j\u00e4\u00e4v orgaaniline aine liigniiskuse t\u00f5ttu t\u00e4ielikult ja hakkab mulda kogunema. Esinevad nii\u00a0<a data-url=\"https:\/\/sisu.ut.ee\/eestimullad\/mulla-koostis\" href=\"https:\/\/sisu.ut.ee\/eestimullad\/mulla-koostis\" target=\"_blank\" title=\"\" rel=\"noopener\">liiv-, saviliiv-, liivsavi- kui ka savimullad<\/a>.\n<\/p>\n<p>\n\tLubjarikka p\u00f5hjaveega looduslikel aladel esinevail gleimuldadel kasvavad tiheda rohttaimekattega lehtpuumetsad ja v\u00f5sastikud. Lubjavaese p\u00f5hjavee korral on liivadel kujunenud leetunud gleimullad, mis on enamasti m\u00e4nnikute all. L\u00e4\u00e4ne-Eestis on need mullad arvestataval pindalal kasutusel ka p\u00f5ldudena ning korraliku kuivenduse puhul on v\u00e4hemalt keskmise viljakusega. P\u00f5llumajanduses sobivad need mullad kuivendatult eelk\u00f5ige kultuurrohumaadeks.<br>\u00a0<img loading=\"lazy\" decoding=\"async\" width=\"81\" height=\"120\" class=\"alignnone wp-image-38\" src=\"https:\/\/sisu.ut.ee\/wp-content\/uploads\/sites\/439\/l_gleim2a.jpg\" title=\"l_gleim2a.jpg\" alt=\"gleimuld\">a\u00a0\u00a0<img loading=\"lazy\" decoding=\"async\" width=\"80\" height=\"120\" class=\"alignnone wp-image-37\" src=\"https:\/\/sisu.ut.ee\/wp-content\/uploads\/sites\/439\/l_gleim1a.jpg\" title=\"l_gleim1a.jpg\" alt=\"gleimuld\">\u00a0b<br>Foto 1. Leostunud gleimullad karbonaatsel moreenil: a \u2013 Torma, J\u00f5gevamaa; b \u2013 Sohlu, P\u00e4rnumaa (fotod L. Reintam)<\/p>\n","protected":false},"excerpt":{"rendered":"<p>Gleimullad (v\u00e4ga varieeruva profiili ehitusega, enamlevinud variandid AT-G v\u00f5i AT-BG-G)\u00a0levivad suuremate massiividena L\u00e4\u00e4ne-Eestis ja Alutagusel ning v\u00e4iksemate aladena \u00fcle kogu Eesti. Suurima levikupindalaga muldade r\u00fchm. L\u00e4htekivimiks mitmesugused\u00a0j\u00e4\u00e4j\u00e4rvede ja meresetted\u00a0aga ka\u00a0moreen. P\u00f5hjavesi ulatub siin mulla alumistesse horisontidesse (foto 1a). \u00dclemises toorhuumuslikus &#8230;<\/p>\n","protected":false},"author":226,"featured_media":0,"parent":0,"menu_order":0,"comment_status":"closed","ping_status":"closed","template":"","meta":{"_acf_changed":false,"inline_featured_image":false,"footnotes":""},"class_list":["post-12","page","type-page","status-publish","hentry"],"acf":[],"_links":{"self":[{"href":"https:\/\/sisu.ut.ee\/eestimullad\/wp-json\/wp\/v2\/pages\/12","targetHints":{"allow":["GET"]}}],"collection":[{"href":"https:\/\/sisu.ut.ee\/eestimullad\/wp-json\/wp\/v2\/pages"}],"about":[{"href":"https:\/\/sisu.ut.ee\/eestimullad\/wp-json\/wp\/v2\/types\/page"}],"author":[{"embeddable":true,"href":"https:\/\/sisu.ut.ee\/eestimullad\/wp-json\/wp\/v2\/users\/226"}],"replies":[{"embeddable":true,"href":"https:\/\/sisu.ut.ee\/eestimullad\/wp-json\/wp\/v2\/comments?post=12"}],"version-history":[{"count":1,"href":"https:\/\/sisu.ut.ee\/eestimullad\/wp-json\/wp\/v2\/pages\/12\/revisions"}],"predecessor-version":[{"id":109,"href":"https:\/\/sisu.ut.ee\/eestimullad\/wp-json\/wp\/v2\/pages\/12\/revisions\/109"}],"wp:attachment":[{"href":"https:\/\/sisu.ut.ee\/eestimullad\/wp-json\/wp\/v2\/media?parent=12"}],"curies":[{"name":"wp","href":"https:\/\/api.w.org\/{rel}","templated":true}]}}