{"id":462,"date":"2025-04-16T22:07:13","date_gmt":"2025-04-16T19:07:13","guid":{"rendered":"https:\/\/sisu.ut.ee\/eestijuured\/?page_id=462"},"modified":"2026-02-17T12:38:57","modified_gmt":"2026-02-17T10:38:57","slug":"seotud-projektid","status":"publish","type":"page","link":"https:\/\/sisu.ut.ee\/eestijuured\/seotud-projektid\/","title":{"rendered":"Seotud ettev\u00f5tmised"},"content":{"rendered":"<div class=\"wp-block-media-text is-stacked-on-mobile\" style=\"grid-template-columns:35% auto\"><figure class=\"wp-block-media-text__media\"><img loading=\"lazy\" decoding=\"async\" width=\"1024\" height=\"361\" src=\"https:\/\/sisu.ut.ee\/wp-content\/uploads\/sites\/862\/cropped-Simple-Frame-Photography-Studio-Facebook-Cover-3-1-1024x361-1.png\" alt=\"\" class=\"wp-image-514 size-full\" srcset=\"https:\/\/sisu.ut.ee\/wp-content\/uploads\/sites\/862\/cropped-Simple-Frame-Photography-Studio-Facebook-Cover-3-1-1024x361-1.png 1024w, https:\/\/sisu.ut.ee\/wp-content\/uploads\/sites\/862\/cropped-Simple-Frame-Photography-Studio-Facebook-Cover-3-1-1024x361-1-300x106.png 300w, https:\/\/sisu.ut.ee\/wp-content\/uploads\/sites\/862\/cropped-Simple-Frame-Photography-Studio-Facebook-Cover-3-1-1024x361-1-768x271.png 768w\" sizes=\"auto, (max-width: 1024px) 100vw, 1024px\"><\/figure><div class=\"wp-block-media-text__content\">\n<h2 class=\"wp-block-heading\">Arheoloogia, geneetika ja lingvistika sidusuuringute kolleegium<\/h2>\n\n\n\n<p>Arheoloogia, geneetika ja lingvistika sidusuuringute kolleegium loodi 2017. aastal kolme akadeemiku \u2013 prof. Valter Lang, prof. Karl Pajusalu ja prof. Richard Villems \u2013 juhtimisel Tartu \u00dclikoolis sidumaks arheoloogiat, gen eetikat ja keeleteadusi. Kolleegiumi p\u00f5hi\u00fclesanne on korraldada k\u00f5rgetasemelist transdistsiplinaarset uurimist\u00f6\u00f6d, milles p\u00f5imuvad esmajoones just need kolm teadusharu, ent koost\u00f6\u00f6d tehakse ka teiste haakuvate erialade teadlastega. Kolleegium aitab h\u00f5lpsamini koordineerida eri valdkondade vahelist koost\u00f6\u00f6d Eesti kulutuuri, keelte ja geenide uurimisel.<\/p>\n\n\n\n<div class=\"wp-block-buttons is-layout-flex wp-block-buttons-is-layout-flex\">\n<div class=\"wp-block-button\"><a class=\"wp-block-button__link wp-element-button\" href=\"http:\/\/www.agl.ut.ee\">Arheoloogia, geneetika ja lingvistika sidusuuringute kolleegium<\/a><\/div>\n<\/div>\n<\/div><\/div>\n\n\n\n<div style=\"height:26px\" aria-hidden=\"true\" class=\"wp-block-spacer\"><\/div>\n\n\n\n<div class=\"wp-block-media-text is-stacked-on-mobile\" style=\"grid-template-columns:35% auto\"><figure class=\"wp-block-media-text__media\"><img loading=\"lazy\" decoding=\"async\" width=\"800\" height=\"799\" src=\"https:\/\/sisu.ut.ee\/wp-content\/uploads\/sites\/862\/Eesti-juured-logo.png\" alt=\"\" class=\"wp-image-512 size-full\" srcset=\"https:\/\/sisu.ut.ee\/wp-content\/uploads\/sites\/862\/Eesti-juured-logo.png 800w, https:\/\/sisu.ut.ee\/wp-content\/uploads\/sites\/862\/Eesti-juured-logo-300x300.png 300w, https:\/\/sisu.ut.ee\/wp-content\/uploads\/sites\/862\/Eesti-juured-logo-150x150.png 150w, https:\/\/sisu.ut.ee\/wp-content\/uploads\/sites\/862\/Eesti-juured-logo-768x767.png 768w\" sizes=\"auto, (max-width: 800px) 100vw, 800px\"><\/figure><div class=\"wp-block-media-text__content\">\n<h2 class=\"wp-block-heading\">Projekt \u201eEesti rahva etniline ajalugu uute teadustulemuste valguses\u201d<\/h2>\n\n\n\n<p>Projekti keskmes on humanitaarteaduste tuumk\u00fcsimused \u2013 kes me oleme ja kust me tuleme \u2013, millele proovime siin v\u00e4hemalt osaliselt vastuseid leida. Vastused tuginevad k\u00f5ige uuematele teadustulemustele Eesti rahva kujunemisloost ning on s\u00fcndinud mitme uurimisvaldkonna asjatundjate koost\u00f6\u00f6s. Esmakordselt on kokku kogutud arheoloogia, ajaloo, geneetika, lingvistika, folkloristika, etnoloogia, geoloogia ning geograafia teadustulemused, mis v\u00f5imaldab teha senisest t\u00e4psemaid ning mitmek\u00fclgsemaid j\u00e4reldusi ja \u00fcldistusi Eesti rahva kujunemist m\u00f5jutanud ning j\u00e4tkuvalt m\u00f5jutavate protsesside m\u00f5istmiseks alates esmaasukate saabumisest kuni 21. sajandi kiirete muutusteni.<\/p>\n\n\n\n<div class=\"wp-block-buttons is-layout-flex wp-block-buttons-is-layout-flex\">\n<div class=\"wp-block-button\"><a class=\"wp-block-button__link wp-element-button\" href=\"https:\/\/www.eestijuured.ee\/et\">Eesti Juured<\/a><\/div>\n\n\n\n<div class=\"wp-block-button\"><a class=\"wp-block-button__link wp-element-button\" href=\"https:\/\/www.facebook.com\/eestijuured\">Eesti Juured Facebook<\/a><\/div>\n<\/div>\n<\/div><\/div>\n\n\n\n<div class=\"wp-block-media-text is-stacked-on-mobile\" style=\"grid-template-columns:35% auto\"><figure class=\"wp-block-media-text__media\"><img loading=\"lazy\" decoding=\"async\" width=\"1024\" height=\"1024\" src=\"https:\/\/sisu.ut.ee\/wp-content\/uploads\/sites\/862\/01_LINEAR-LOGO_colour-2-1024x1024.jpg\" alt=\"\" class=\"wp-image-1539 size-full\" srcset=\"https:\/\/sisu.ut.ee\/wp-content\/uploads\/sites\/862\/01_LINEAR-LOGO_colour-2-1024x1024.jpg 1024w, https:\/\/sisu.ut.ee\/wp-content\/uploads\/sites\/862\/01_LINEAR-LOGO_colour-2-300x300.jpg 300w, https:\/\/sisu.ut.ee\/wp-content\/uploads\/sites\/862\/01_LINEAR-LOGO_colour-2-150x150.jpg 150w, https:\/\/sisu.ut.ee\/wp-content\/uploads\/sites\/862\/01_LINEAR-LOGO_colour-2-768x768.jpg 768w, https:\/\/sisu.ut.ee\/wp-content\/uploads\/sites\/862\/01_LINEAR-LOGO_colour-2-1920x1920.jpg 1920w\" sizes=\"auto, (max-width: 1024px) 100vw, 1024px\"><\/figure><div class=\"wp-block-media-text__content\">\n<h2 class=\"wp-block-heading\">ECHO-projekt<\/h2>\n\n\n\n<p>ECHO projekt on EL-i rahastatud programm, mida koordineerib Tartu \u00dclikooli genoomika instituut. Projekti eesm\u00e4rk on laiendada inimkonna mineviku uurimiseks kasutatavaid m\u00f5isteid ja metoodikaid Ida\u2011Balti riikides, tuginedes rahvusvahelise ekspertv\u00f5rgustiku teadmistele ja p\u00e4devusele.<\/p>\n\n\n\n<div class=\"wp-block-buttons is-layout-flex wp-block-buttons-is-layout-flex\">\n<div class=\"wp-block-button\"><a class=\"wp-block-button__link wp-element-button\" href=\"https:\/\/echo-project.eu\/\">ECHO<\/a><\/div>\n<\/div>\n<\/div><\/div>\n\n\n\n<div style=\"height:41px\" aria-hidden=\"true\" class=\"wp-block-spacer\"><\/div>\n\n\n\n<h2 class=\"wp-block-heading\">Teised Eesti teaduse tippkeskused<\/h2>\n\n\n\n<p>Teaduse tippkeskused \u00fchendavad l\u00e4hedaste uurimisteemadega tegelevaid k\u00f5rgetasemelisi teadusr\u00fchmi, et teha rahvusvahelist tippteadust\u00f6\u00f6d ning arendada ja rakendada uuenduslikke ideid. Tippkeskused loovad eeldusi Eesti teaduse koost\u00f6\u00f6- ja konkurentsiv\u00f5ime tugevdamiseks Euroopa teadusruumis.<\/p>\n\n\n\n<p>Tippkeskuste t\u00f6\u00f6d toetatakse Eesti riigi eelarvest.<\/p>\n\n\n\n<p>Tartu \u00dclikool juhib kuut ja on partneriks neljas tippkeskuses.<\/p>\n\n\n\n<p><strong>Tippkeskuste rahastusperiood:\u00a0<\/strong>01.01.2024\u201331.12.2030<\/p>\n\n\n<div class=\"wide-accordion-block page-section page-section--wide\">\n\t\t<div class=\"container-fluid g-0\">\n\t\t\t\t\t\t\t<div class=\"wide-accordion-item\">\n\t\t\t\t\t<a class=\"wide-accordion-btn btn w-100 text-start\" data-bs-toggle=\"collapse\" href=\"#w-accordion-69d4afaf7787f-collapse-1\" role=\"button\" aria-expanded=\"false\" aria-controls=\"w-accordion-69d4afaf7787f-collapse-1\">\n\t\t\t\t\t\t<div class=\"row\">\n\t\t\t\t\t\t\t<div class=\"col-xl-6 offset-xl-3\">\n\t\t\t\t\t\t\t\t<h2 class=\"wide-accordion-btn__title h3 mb-0 text-white\">\n\t\t\t\t\t\t\t\t\tJ\u00e4tkusuutliku rohevesiniku ja energiatehnoloogia tippkeskus\n\t\t\t\t\t\t\t\t<\/h2>\n\t\t\t\t\t\t\t<\/div>\n\t\t\t\t\t\t<\/div>\n\t\t\t\t\t<\/a>\n\t\t\t\t\t<div class=\"collapse\" id=\"w-accordion-69d4afaf7787f-collapse-1\">\n\t\t\t\t\t\t<div class=\"card card-body px-2\">\n\t\t\t\t\t\t\t<div class=\"row\">\n\t\t\t\t\t\t\t\t<div class=\"col-xl-6 offset-xl-3 py-4\">\n\t\t\t\t\t\t\t\t\t<p>Tippkeskus \u00fchendab maailmatasemel roheenergiatehnoloogia uurimisr\u00fchmad Eestis. Tippkeskus keskendub uudsete suure energiatihedusega k\u00fctuseelementide, elektrol\u00fc\u00fcserite, akude, superkondensaatorite, \u00f5hukesekihiliste vesinikusalvestite, t\u00f5husate valgusallikate ning keskkonnahoidlike ja kulut\u00f5husate hoonetesse integreeritavate \u00f5hukesekihiliste fotoelementide arendamisele.<\/p>\n<p>Vesiniku ja energia tootmise ja salvestamise t\u00e4iustatud seadmete esitlemiseks rajatakse demokeskus, et n\u00e4idata neid t\u00f6\u00f6olukorras ning otsida koost\u00f6\u00f6s ettev\u00f5tetega v\u00f5imalusi uute seadmete tootmiseks ja tehnoloogiate turulej\u00f5udmiseks. Tippkeskuse konkurentsieeliseks on uudsed arvutuslikud ja tipptasemel operando-elektrokeemilised s\u00fcnkrotron- ja neutronkiirguse p\u00f5hised meetodid seadmete ja materjalide uuringuks reaalsetes tingimustes. Tippkeskus koolitab nii bakalaureuse\u00f5ppe \u00fcli\u00f5pilasi, magistrante, doktorante ja teadus-arendus eksperte kui ka poliitikakujundajaid.<\/p>\n<p><a href=\"https:\/\/www.etis.ee\/Portal\/Projects\/Display\/2c832030-6d8f-49c1-8a11-b6cffde8c396\">Loe l\u00e4hemalt<\/a><\/p>\n\n\t\t\t\t\t\t\t\t<\/div>\n\t\t\t\t\t\t\t<\/div>\n\t\t\t\t\t\t<\/div>\n\t\t\t\t\t<\/div>\n\t\t\t\t<\/div>\n\t\t\t\t\t\t\t<div class=\"wide-accordion-item\">\n\t\t\t\t\t<a class=\"wide-accordion-btn btn w-100 text-start\" data-bs-toggle=\"collapse\" href=\"#w-accordion-69d4afaf7787f-collapse-2\" role=\"button\" aria-expanded=\"false\" aria-controls=\"w-accordion-69d4afaf7787f-collapse-2\">\n\t\t\t\t\t\t<div class=\"row\">\n\t\t\t\t\t\t\t<div class=\"col-xl-6 offset-xl-3\">\n\t\t\t\t\t\t\t\t<h2 class=\"wide-accordion-btn__title h3 mb-0 text-white\">\n\t\t\t\t\t\t\t\t\tEesti tehisintellekti tippkeskus\n\t\t\t\t\t\t\t\t<\/h2>\n\t\t\t\t\t\t\t<\/div>\n\t\t\t\t\t\t<\/div>\n\t\t\t\t\t<\/a>\n\t\t\t\t\t<div class=\"collapse\" id=\"w-accordion-69d4afaf7787f-collapse-2\">\n\t\t\t\t\t\t<div class=\"card card-body px-2\">\n\t\t\t\t\t\t\t<div class=\"row\">\n\t\t\t\t\t\t\t\t<div class=\"col-xl-6 offset-xl-3 py-4\">\n\t\t\t\t\t\t\t\t\t<p>Tippkeskus arendab uuenduslikke meetodeid, mis aitavad t\u00f6\u00f6tada v\u00e4lja usaldusv\u00e4\u00e4rseid tehisintellektis\u00fcsteeme. Loodud metoodika abil edendatakse tehisintellekti v\u00f5imekust Eestile olulistes valdkondades, nagu e-valitsemine, tervishoid, \u00e4riprotsesside juhtimine ja k\u00fcberturvalisus.<\/p>\n<p>Alusmudelite, n\u00e4iteks suurte keelemudelite, kasutamine suurendab tehisaru v\u00f5imekust keeruliste andmete t\u00f5lgendamisel ja lahenduste loomisel. Tippkeskuse eesm\u00e4rk on edendada uuenduslikke metoodikaid, millega luua t\u00f5husaid ja usaldusv\u00e4\u00e4rseid anal\u00fc\u00fcsi- ja ennustuss\u00fcsteeme, mis kasutavad alusmudeleid; rakendada juhtimismehhanisme ja piiranguid, et tagada keeruliste tehisintellektis\u00fcsteemide vastavus spetsifikatsioonile; kohandada ja t\u00e4iustada tehisintellektis\u00fcsteeme, et parandada rakenduste t\u00f5husust; ja tagada tehisintellektis\u00fcsteemide turvalisus ja privaatsus.<\/p>\n<p><a href=\"https:\/\/www.etis.ee\/Portal\/Projects\/Display\/97213ae6-cd28-4f84-84c2-ac61f7658670\">Loe l\u00e4hemalt<\/a><\/p>\n\n\t\t\t\t\t\t\t\t<\/div>\n\t\t\t\t\t\t\t<\/div>\n\t\t\t\t\t\t<\/div>\n\t\t\t\t\t<\/div>\n\t\t\t\t<\/div>\n\t\t\t\t\t\t\t<div class=\"wide-accordion-item\">\n\t\t\t\t\t<a class=\"wide-accordion-btn btn w-100 text-start\" data-bs-toggle=\"collapse\" href=\"#w-accordion-69d4afaf7787f-collapse-3\" role=\"button\" aria-expanded=\"false\" aria-controls=\"w-accordion-69d4afaf7787f-collapse-3\">\n\t\t\t\t\t\t<div class=\"row\">\n\t\t\t\t\t\t\t<div class=\"col-xl-6 offset-xl-3\">\n\t\t\t\t\t\t\t\t<h2 class=\"wide-accordion-btn__title h3 mb-0 text-white\">\n\t\t\t\t\t\t\t\t\tPersonaalmeditsiini tippkeskus\n\t\t\t\t\t\t\t\t<\/h2>\n\t\t\t\t\t\t\t<\/div>\n\t\t\t\t\t\t<\/div>\n\t\t\t\t\t<\/a>\n\t\t\t\t\t<div class=\"collapse\" id=\"w-accordion-69d4afaf7787f-collapse-3\">\n\t\t\t\t\t\t<div class=\"card card-body px-2\">\n\t\t\t\t\t\t\t<div class=\"row\">\n\t\t\t\t\t\t\t\t<div class=\"col-xl-6 offset-xl-3 py-4\">\n\t\t\t\t\t\t\t\t\t<p>Personaalmeditsiini tippkeskus keskendub vananeva elanikkonna tervisemurede ennetusele ja leevendamisele. Tippkeskuses hakatakse looma riskimudeleid haiguste prognoosimiseks, v\u00f5ttes arvesse inimeste p\u00e4ritolu, keskkonda ja kultuuri, ning otsitakse haigustega seotud biomarkereid. Suurt t\u00e4helepanu p\u00f6\u00f6ratakse seejuures ka elanikkonna kaasamist puudutavatele k\u00fcsimustele \u2013 personaalmeditsiini rakendamiseks on oluline, et inimesed m\u00f5istaksid enda keskset rolli ja vastutust tervise hoidmisel. N\u00e4iteks uuritakse inimeste ootusi meditsiinis\u00fcsteemile ja seda, missuguseid samme nad on ise n\u00f5us tervise hoidmiseks astuma.<\/p>\n<p><a href=\"https:\/\/www.etis.ee\/Portal\/Projects\/Display\/078bc25c-af88-4ad1-8c6f-fa667a4c304d\">Loe l\u00e4hemalt<\/a><\/p>\n\n\t\t\t\t\t\t\t\t<\/div>\n\t\t\t\t\t\t\t<\/div>\n\t\t\t\t\t\t<\/div>\n\t\t\t\t\t<\/div>\n\t\t\t\t<\/div>\n\t\t\t\t\t\t\t<div class=\"wide-accordion-item\">\n\t\t\t\t\t<a class=\"wide-accordion-btn btn w-100 text-start\" data-bs-toggle=\"collapse\" href=\"#w-accordion-69d4afaf7787f-collapse-4\" role=\"button\" aria-expanded=\"false\" aria-controls=\"w-accordion-69d4afaf7787f-collapse-4\">\n\t\t\t\t\t\t<div class=\"row\">\n\t\t\t\t\t\t\t<div class=\"col-xl-6 offset-xl-3\">\n\t\t\t\t\t\t\t\t<h2 class=\"wide-accordion-btn__title h3 mb-0 text-white\">\n\t\t\t\t\t\t\t\t\tEesti juured: rahvastiku ja kultuuri kujunemise transdistsiplinaarsete uuringute tippkeskus\n\t\t\t\t\t\t\t\t<\/h2>\n\t\t\t\t\t\t\t<\/div>\n\t\t\t\t\t\t<\/div>\n\t\t\t\t\t<\/a>\n\t\t\t\t\t<div class=\"collapse\" id=\"w-accordion-69d4afaf7787f-collapse-4\">\n\t\t\t\t\t\t<div class=\"card card-body px-2\">\n\t\t\t\t\t\t\t<div class=\"row\">\n\t\t\t\t\t\t\t\t<div class=\"col-xl-6 offset-xl-3 py-4\">\n\t\t\t\t\t\t\t\t\t<p>Tippkeskus selgitab humanitaaria ja loodusteaduste koost\u00f6\u00f6s Eesti ja naaberalade kultuurilise ja geneetilise mitmekesisuse kujunemislugu. Tippkeskuse fookuses on evolutsioon \u2013 muutused ajas ja ruumis \u2013 selle m\u00f5iste k\u00f5ige mitmekesisemates ilmingutes. Selleks luuakse uuenduslik, eri valdkondi ja meetodeid l\u00f5imiv erialade\u00fclene raamistik inimeste, kultuuride ja keskkonna vastasm\u00f5jude uurimiseks. Tippkeskus uurib L\u00e4\u00e4nemere idakalda rahvaid ja kultuure kujundanud protsesse viimase j\u00e4\u00e4aja j\u00e4rgse asustuse algusest t\u00e4naseni, l\u00e4htudes areaalsest ja \u00f6koloogilisest taustast. Teadust\u00f6\u00f6 kaardistab inimpopulatsioone ja kultuuriilminguid ning neid m\u00f5jutanud abiootilisi (kliima) ja biootilisi (taimed, loomad) tegureid. Tuginedes arheogeneetika, kultuuri- ja keeleuuringute ning paleo\u00f6koloogia koost\u00f6\u00f6s loodavatele paik- ja piirkondlikele t\u00e4ppisandmetele, loovad teadlased detailseid teadmisi siinsete alade rahvastiku ja eripalgelise kultuuri kujunemisest Euroopa kontekstis.<\/p>\n<p><a href=\"https:\/\/www.etis.ee\/Portal\/Projects\/Display\/ebe25f4c-1134-49e7-a208-682dc763b536\">Loe l\u00e4hemalt<\/a><\/p>\n\n\t\t\t\t\t\t\t\t<\/div>\n\t\t\t\t\t\t\t<\/div>\n\t\t\t\t\t\t<\/div>\n\t\t\t\t\t<\/div>\n\t\t\t\t<\/div>\n\t\t\t\t\t\t\t<div class=\"wide-accordion-item\">\n\t\t\t\t\t<a class=\"wide-accordion-btn btn w-100 text-start\" data-bs-toggle=\"collapse\" href=\"#w-accordion-69d4afaf7787f-collapse-5\" role=\"button\" aria-expanded=\"false\" aria-controls=\"w-accordion-69d4afaf7787f-collapse-5\">\n\t\t\t\t\t\t<div class=\"row\">\n\t\t\t\t\t\t\t<div class=\"col-xl-6 offset-xl-3\">\n\t\t\t\t\t\t\t\t<h2 class=\"wide-accordion-btn__title h3 mb-0 text-white\">\n\t\t\t\t\t\t\t\t\tHeaoluteaduste tippkeskus\n\t\t\t\t\t\t\t\t<\/h2>\n\t\t\t\t\t\t\t<\/div>\n\t\t\t\t\t\t<\/div>\n\t\t\t\t\t<\/a>\n\t\t\t\t\t<div class=\"collapse\" id=\"w-accordion-69d4afaf7787f-collapse-5\">\n\t\t\t\t\t\t<div class=\"card card-body px-2\">\n\t\t\t\t\t\t\t<div class=\"row\">\n\t\t\t\t\t\t\t\t<div class=\"col-xl-6 offset-xl-3 py-4\">\n\t\t\t\t\t\t\t\t\t<p>Tippkeskus toob kokku inimest ja tema tegutsemise kontekste uurivad sotsiaal- ja loodusteadlased, et leida uusi viise inimeste heaolu m\u00f5\u00f5tmiseks, m\u00f5istmiseks ning m\u00f5jutamiseks.<\/p>\n<p>Heaolu peegeldab, kuidas on rahuldatud inimeste p\u00f5hivajadused. Selle suurendamine \u00fchiskonnas on nii eesm\u00e4rk omaette kui ka vahend, mis toetab majandusarengut, demokraatiat, s\u00e4ilen\u00f5tkust ja teisi \u00fchiskondlikke v\u00e4\u00e4rtusi. Heaolu suurendamine vajab eri teadusvaldkondi \u00fchendavat l\u00e4henemist, sest see s\u00f5ltub paljudest inimese ja tema elukeskkonna teguritest bioloogilisel, ps\u00fchholoogilisel ja sotsiaalsel anal\u00fc\u00fcsitasemel, moodustades komplekss\u00fcsteemi. Tippkeskuse teadlased uurivad:<\/p>\n<ul>\n<li>Millised bio-ps\u00fchholoogilised ja sotsiaal-ruumilised omadused on seotud heaolu p\u00fcsivamate komponentidega, n\u00e4iteks eluga rahulolu?<\/li>\n<li>Kuidas rulluvad inimestes lahti heaolu d\u00fcnaamilised komponendid, n\u00e4iteks emotsioonid?<\/li>\n<li>Kuidas inimesed ise oma heaolu enesehoole \u00f6kos\u00fcsteemides m\u00f5istavad ja juhivad?<\/li>\n<li>Kuidas heaolu isikustatud ja kohandatud sekkumistega edendada?<\/li>\n<\/ul>\n<p><a href=\"http:\/\/etis.ee\/Portal\/Projects\/Display\/822947c8-6e66-494a-8f2d-9e728d2a6b87\">Loe l\u00e4hemalt<\/a><\/p>\n\n\t\t\t\t\t\t\t\t<\/div>\n\t\t\t\t\t\t\t<\/div>\n\t\t\t\t\t\t<\/div>\n\t\t\t\t\t<\/div>\n\t\t\t\t<\/div>\n\t\t\t\t\t\t\t<div class=\"wide-accordion-item\">\n\t\t\t\t\t<a class=\"wide-accordion-btn btn w-100 text-start\" data-bs-toggle=\"collapse\" href=\"#w-accordion-69d4afaf7787f-collapse-6\" role=\"button\" aria-expanded=\"false\" aria-controls=\"w-accordion-69d4afaf7787f-collapse-6\">\n\t\t\t\t\t\t<div class=\"row\">\n\t\t\t\t\t\t\t<div class=\"col-xl-6 offset-xl-3\">\n\t\t\t\t\t\t\t\t<h2 class=\"wide-accordion-btn__title h3 mb-0 text-white\">\n\t\t\t\t\t\t\t\t\tKestliku maakasutuse tippkeskus\n\t\t\t\t\t\t\t\t<\/h2>\n\t\t\t\t\t\t\t<\/div>\n\t\t\t\t\t\t<\/div>\n\t\t\t\t\t<\/a>\n\t\t\t\t\t<div class=\"collapse\" id=\"w-accordion-69d4afaf7787f-collapse-6\">\n\t\t\t\t\t\t<div class=\"card card-body px-2\">\n\t\t\t\t\t\t\t<div class=\"row\">\n\t\t\t\t\t\t\t\t<div class=\"col-xl-6 offset-xl-3 py-4\">\n\t\t\t\t\t\t\t\t\t<h2><a id=\"heaolu\" class=\"ck-anchor\"><\/a>Heaoluteaduste tippkeskus<\/h2>\n\n\t\t\t\t\t\t\t\t<\/div>\n\t\t\t\t\t\t\t<\/div>\n\t\t\t\t\t\t<\/div>\n\t\t\t\t\t<\/div>\n\t\t\t\t<\/div>\n\t\t\t\t\t<\/div>\n\t<\/div>\n\n\n\n<p><\/p>\n\n\n\n<p><strong><a>Partnerina osaleb Tartu \u00dclikool veel j\u00e4rgmistes tippkeskustes<\/a>:<\/strong><\/p>\n\n\n\n<ul class=\"wp-block-list\">\n<li>Fundamentaalne universum<\/li>\n\n\n\n<li>Strateegilise mineraalse ja s\u00fcsiniku-p\u00f5hise ressursi ringmajanduse tippkeskus<\/li>\n\n\n\n<li>Energiat\u00f5hususe tippkeskus<\/li>\n\n\n\n<li>Agro\u00f6koloogia ja uued kultuurid tulevikus<\/li>\n<\/ul>\n\n\n\n<p><\/p>\n\n\n\n<hr class=\"wp-block-separator has-alpha-channel-opacity is-style-dots\">\n","protected":false},"excerpt":{"rendered":"<p>Teised Eesti teaduse tippkeskused Teaduse tippkeskused \u00fchendavad l\u00e4hedaste uurimisteemadega tegelevaid k\u00f5rgetasemelisi teadusr\u00fchmi, et teha rahvusvahelist tippteadust\u00f6\u00f6d ning arendada ja rakendada uuenduslikke ideid. Tippkeskused loovad eeldusi Eesti teaduse koost\u00f6\u00f6- ja konkurentsiv\u00f5ime tugevdamiseks Euroopa teadusruumis. Tippkeskuste t\u00f6\u00f6d toetatakse Eesti riigi eelarvest. Tartu &#8230;<\/p>\n","protected":false},"author":745,"featured_media":0,"parent":0,"menu_order":0,"comment_status":"closed","ping_status":"closed","template":"","meta":{"_acf_changed":false,"inline_featured_image":false,"footnotes":""},"class_list":["post-462","page","type-page","status-publish","hentry"],"acf":[],"_links":{"self":[{"href":"https:\/\/sisu.ut.ee\/eestijuured\/wp-json\/wp\/v2\/pages\/462","targetHints":{"allow":["GET"]}}],"collection":[{"href":"https:\/\/sisu.ut.ee\/eestijuured\/wp-json\/wp\/v2\/pages"}],"about":[{"href":"https:\/\/sisu.ut.ee\/eestijuured\/wp-json\/wp\/v2\/types\/page"}],"author":[{"embeddable":true,"href":"https:\/\/sisu.ut.ee\/eestijuured\/wp-json\/wp\/v2\/users\/745"}],"replies":[{"embeddable":true,"href":"https:\/\/sisu.ut.ee\/eestijuured\/wp-json\/wp\/v2\/comments?post=462"}],"version-history":[{"count":6,"href":"https:\/\/sisu.ut.ee\/eestijuured\/wp-json\/wp\/v2\/pages\/462\/revisions"}],"predecessor-version":[{"id":1542,"href":"https:\/\/sisu.ut.ee\/eestijuured\/wp-json\/wp\/v2\/pages\/462\/revisions\/1542"}],"wp:attachment":[{"href":"https:\/\/sisu.ut.ee\/eestijuured\/wp-json\/wp\/v2\/media?parent=462"}],"curies":[{"name":"wp","href":"https:\/\/api.w.org\/{rel}","templated":true}]}}