{"id":23,"date":"2024-04-04T06:13:47","date_gmt":"2024-04-04T03:13:47","guid":{"rendered":"https:\/\/sisu.ut.ee\/eestigeol\/mandrijaatumine-eestis\/"},"modified":"2024-04-04T06:14:06","modified_gmt":"2024-04-04T03:14:06","slug":"mandrijaatumine-eestis","status":"publish","type":"page","link":"https:\/\/sisu.ut.ee\/eestigeol\/mandrijaatumine-eestis\/","title":{"rendered":"Mandrij\u00e4\u00e4tumine Eestis"},"content":{"rendered":"<p>\n\tEesti territoorium allus v\u00e4hemalt kolmel korral Skandinaavia m\u00e4gedest l\u00e4htunud mandrij\u00e4\u00e4tumisele \u2013 Elsteri (Mindeli), Saare (Rissi) ja Weichseli (W\u00fcrmi) j\u00e4\u00e4ajal, mil kuhjusid Sangaste, Ugandi ja J\u00e4rva kihistu setted (skeem 1).\n<\/p>\n<p>\n\tJ\u00e4\u00e4ajad vaheldusid Holsteini (Lihvini) ja Eemi (Mikulino) j\u00e4\u00e4vaheaegadega. Holsteini j\u00e4\u00e4vaheaja kliima oli suhteliselt jahe ja niiske, kuid Eemi j\u00e4\u00e4vaheajal oli kliima praegusest tunduvalt soojem.\n<\/p>\n<p>\n\tT\u00e4nap\u00e4evast Eesti pinnamoodi ilmestavad reljeefivormid kujunesid peamiselt\u00a0<b>viimase mandrij\u00e4\u00e4<\/b>\u00a0kulutuse (voored), surve (otsamoreenid) ja kuhje (moreenk\u00fcnkad ja tasandikud) tulemusel.\n<\/p>\n<p>\n\tEestimaa\u00a0<a data-url=\"https:\/\/sisu.ut.ee\/eestigeol\/mandrijaa_eestis\" href=\"https:\/\/sisu.ut.ee\/eestigeol\/mandrijaa_eestis\" target=\"_blank\" title=\"\" rel=\"noopener\">mandrij\u00e4\u00e4st vabanemine<\/a>\u00a0toimus j\u00e4rkj\u00e4rgult ning sellega kaasnes j\u00e4\u00e4 ajutisi pealetunge ja seisakuid.\n<\/p>\n<p>\n\t<img loading=\"lazy\" decoding=\"async\" alt=\"pilt1\" data-file_info=\"%7B%22fid%22:%2252047%22,%22view_mode%22:%22default%22,%22type%22:%22media%22%7D\" height=\"578\" src=\"https:\/\/sisu.ut.ee\/wp-content\/uploads\/sites\/435\/kvaternaar1_01.jpg\" title=\"kvaternaari stratigraafiline skeem\" width=\"613\"><br>Skeem 1. Kvaternaari ajastu stratigraafiline skeem \u00a0<\/p>\n","protected":false},"excerpt":{"rendered":"<p>Eesti territoorium allus v\u00e4hemalt kolmel korral Skandinaavia m\u00e4gedest l\u00e4htunud mandrij\u00e4\u00e4tumisele \u2013 Elsteri (Mindeli), Saare (Rissi) ja Weichseli (W\u00fcrmi) j\u00e4\u00e4ajal, mil kuhjusid Sangaste, Ugandi ja J\u00e4rva kihistu setted (skeem 1). J\u00e4\u00e4ajad vaheldusid Holsteini (Lihvini) ja Eemi (Mikulino) j\u00e4\u00e4vaheaegadega. Holsteini j\u00e4\u00e4vaheaja kliima &#8230;<\/p>\n","protected":false},"author":226,"featured_media":0,"parent":0,"menu_order":0,"comment_status":"closed","ping_status":"closed","template":"","meta":{"_acf_changed":false,"inline_featured_image":false,"footnotes":""},"class_list":["post-23","page","type-page","status-publish","hentry"],"acf":[],"_links":{"self":[{"href":"https:\/\/sisu.ut.ee\/eestigeol\/wp-json\/wp\/v2\/pages\/23","targetHints":{"allow":["GET"]}}],"collection":[{"href":"https:\/\/sisu.ut.ee\/eestigeol\/wp-json\/wp\/v2\/pages"}],"about":[{"href":"https:\/\/sisu.ut.ee\/eestigeol\/wp-json\/wp\/v2\/types\/page"}],"author":[{"embeddable":true,"href":"https:\/\/sisu.ut.ee\/eestigeol\/wp-json\/wp\/v2\/users\/226"}],"replies":[{"embeddable":true,"href":"https:\/\/sisu.ut.ee\/eestigeol\/wp-json\/wp\/v2\/comments?post=23"}],"version-history":[{"count":1,"href":"https:\/\/sisu.ut.ee\/eestigeol\/wp-json\/wp\/v2\/pages\/23\/revisions"}],"predecessor-version":[{"id":194,"href":"https:\/\/sisu.ut.ee\/eestigeol\/wp-json\/wp\/v2\/pages\/23\/revisions\/194"}],"wp:attachment":[{"href":"https:\/\/sisu.ut.ee\/eestigeol\/wp-json\/wp\/v2\/media?parent=23"}],"curies":[{"name":"wp","href":"https:\/\/api.w.org\/{rel}","templated":true}]}}