{"id":21,"date":"2024-04-04T06:13:47","date_gmt":"2024-04-04T03:13:47","guid":{"rendered":"https:\/\/sisu.ut.ee\/eestigeol\/pinnakatte-paksus\/"},"modified":"2024-04-16T13:23:02","modified_gmt":"2024-04-16T10:23:02","slug":"pinnakatte-paksus","status":"publish","type":"page","link":"https:\/\/sisu.ut.ee\/eestigeol\/pinnakatte-paksus\/","title":{"rendered":"Pinnakatte paksus"},"content":{"rendered":"<p>Kvaternaari ladestu \u2013 pinnakate \u2013 on Eestis v\u00e4ga eba\u00fchtlase paksusega (joonis 1). P\u00f5hja- ja Kesk-Eestis on see enamasti alla 5 meetri, paepealsetel alvaritel pole kohati \u00fcldse pinnakatet. L\u00f5una-Eesti tasandikel on pinnakatte paksus harva \u00fcle 10 meetri. Suurim on see Haanja (joonis 2) ja Otep\u00e4\u00e4 kuhjelistel saark\u00f5rgustikel (kohati \u00fcle 150 m) ja vanades mattunud orgudes (Abja orus kuni 207 m).<\/p>\n<p><img loading=\"lazy\" decoding=\"async\" class=\"alignnone wp-image-126 size-full\" src=\"https:\/\/sisu.ut.ee\/wp-content\/uploads\/sites\/435\/pinnakate_paksus1.jpg\" alt=\"\" width=\"600\" height=\"386\" srcset=\"https:\/\/sisu.ut.ee\/wp-content\/uploads\/sites\/435\/pinnakate_paksus1.jpg 600w, https:\/\/sisu.ut.ee\/wp-content\/uploads\/sites\/435\/pinnakate_paksus1-300x193.jpg 300w\" sizes=\"auto, (max-width: 600px) 100vw, 600px\"><\/p>\n<p>Joonis 1. Pinnakatte paksus (K. Kajaku j\u00e4rgi)<\/p>\n<p><img loading=\"lazy\" decoding=\"async\" class=\"alignnone wp-image-127 size-full\" src=\"https:\/\/sisu.ut.ee\/wp-content\/uploads\/sites\/435\/pinnakate_paksus2.jpg\" alt=\"\" width=\"600\" height=\"439\" srcset=\"https:\/\/sisu.ut.ee\/wp-content\/uploads\/sites\/435\/pinnakate_paksus2.jpg 600w, https:\/\/sisu.ut.ee\/wp-content\/uploads\/sites\/435\/pinnakate_paksus2-300x220.jpg 300w\" sizes=\"auto, (max-width: 600px) 100vw, 600px\"><\/p>\n<p>Joonis 2. Pinnakatte paksus Haanja k\u00f5rgendikul ja R\u00f5ngu mattunud orus (K. Kajaku j\u00e4rgi)<\/p>\n","protected":false},"excerpt":{"rendered":"<p>Kvaternaari ladestu \u2013 pinnakate \u2013 on Eestis v\u00e4ga eba\u00fchtlase paksusega (joonis 1). P\u00f5hja- ja Kesk-Eestis on see enamasti alla 5 meetri, paepealsetel alvaritel pole kohati \u00fcldse pinnakatet. L\u00f5una-Eesti tasandikel on pinnakatte paksus harva \u00fcle 10 meetri. Suurim on see Haanja &#8230;<\/p>\n","protected":false},"author":226,"featured_media":0,"parent":0,"menu_order":0,"comment_status":"closed","ping_status":"closed","template":"","meta":{"_acf_changed":false,"inline_featured_image":false,"footnotes":""},"class_list":["post-21","page","type-page","status-publish","hentry"],"acf":[],"_links":{"self":[{"href":"https:\/\/sisu.ut.ee\/eestigeol\/wp-json\/wp\/v2\/pages\/21","targetHints":{"allow":["GET"]}}],"collection":[{"href":"https:\/\/sisu.ut.ee\/eestigeol\/wp-json\/wp\/v2\/pages"}],"about":[{"href":"https:\/\/sisu.ut.ee\/eestigeol\/wp-json\/wp\/v2\/types\/page"}],"author":[{"embeddable":true,"href":"https:\/\/sisu.ut.ee\/eestigeol\/wp-json\/wp\/v2\/users\/226"}],"replies":[{"embeddable":true,"href":"https:\/\/sisu.ut.ee\/eestigeol\/wp-json\/wp\/v2\/comments?post=21"}],"version-history":[{"count":2,"href":"https:\/\/sisu.ut.ee\/eestigeol\/wp-json\/wp\/v2\/pages\/21\/revisions"}],"predecessor-version":[{"id":229,"href":"https:\/\/sisu.ut.ee\/eestigeol\/wp-json\/wp\/v2\/pages\/21\/revisions\/229"}],"wp:attachment":[{"href":"https:\/\/sisu.ut.ee\/eestigeol\/wp-json\/wp\/v2\/media?parent=21"}],"curies":[{"name":"wp","href":"https:\/\/api.w.org\/{rel}","templated":true}]}}