{"id":4,"date":"2024-04-04T07:37:59","date_gmt":"2024-04-04T04:37:59","guid":{"rendered":"https:\/\/sisu.ut.ee\/edujategu7\/sissejuhatus\/"},"modified":"2024-04-30T10:05:22","modified_gmt":"2024-04-30T07:05:22","slug":"sissejuhatus","status":"publish","type":"page","link":"https:\/\/sisu.ut.ee\/edujategu7\/sissejuhatus\/","title":{"rendered":"1. ETTEV\u00d5TLIKKUSP\u00c4DEVUSEST"},"content":{"rendered":"<h1 class=\"wp-block-heading\"><img loading=\"lazy\" decoding=\"async\" width=\"50\" height=\"50\" class=\"wp-image-26\" style=\"width: 50px;\" src=\"https:\/\/sisu.ut.ee\/wp-content\/uploads\/sites\/533\/sissejuhatus.png\" alt=\"sissejuhatus\" srcset=\"https:\/\/sisu.ut.ee\/wp-content\/uploads\/sites\/533\/sissejuhatus.png 1080w, https:\/\/sisu.ut.ee\/wp-content\/uploads\/sites\/533\/sissejuhatus-300x300.png 300w, https:\/\/sisu.ut.ee\/wp-content\/uploads\/sites\/533\/sissejuhatus-1024x1024.png 1024w, https:\/\/sisu.ut.ee\/wp-content\/uploads\/sites\/533\/sissejuhatus-150x150.png 150w, https:\/\/sisu.ut.ee\/wp-content\/uploads\/sites\/533\/sissejuhatus-768x768.png 768w\" sizes=\"auto, (max-width: 50px) 100vw, 50px\"> <span style=\"color: #28aae1;\">ETTEV\u00d5TLIKKUSP\u00c4DEVUSEST<\/span><\/h1>\n\n\n<p><span style=\"line-height: 150%;\">Kunst ja ettev\u00f5tlikkus on \u00fcksteisega rohkem seotud kui esmapilgul v\u00f5ib tunduda. Pikema loovprotsessi l\u00e4biviimine vajab planeerimist, ideede elluviimist ja refleksiooni, lisaks p\u00e4devusi nii aja-, enese- kui ka teiste juhtimise valdkonnast. T\u00e4nap\u00e4eval tegutseb kunstnik paljuski kui (v\u00e4ike)ettev\u00f5tja, kes selleks, et elatist teenida, peab oma loomingut kommunikeerima ja m\u00fc\u00fcma. <\/span><\/p>\n<p><span style=\"line-height: 150%;\">Alates 21. sajandi algusest oleme olnud tunnistajaks kunstniku kui kunstnik-ettev\u00f5tja (<i>Artpreneur) <\/i>kuvandi pidevale t\u00f5usule (Kraehe, 2019).\u00a0 Deresiewiczi (2015) s\u00f5nul on sellel kunstnikul lai valik loomingulisi, tehnilisi ja ettev\u00f5tlusoskusi, mis on vajalikud t\u00e4nap\u00e4eva postindustriaalses ja teadlikkust r\u00f5hutavas majanduses edukaks toimimiseks. Kunstniku tegevus ei piirdu vaid tervikteoste kogumi loomises, vaid lisaks loob kunstnik ka oma kuvandit, kasvatavad vaatajaskonda, p\u00fc\u00fcavad t\u00e4helepanu sotsiaalmeedias, otsivad toetajaid ja koost\u00f6\u00f6partnereid ning viivad ellu projekte ning \u00e4riplaane.<\/span><\/p>\n<hr>\n<p><strong><img loading=\"lazy\" decoding=\"async\" class=\"alignnone wp-image-23\" title=\"uued_moisted.png\" src=\"https:\/\/sisu.ut.ee\/wp-content\/uploads\/sites\/533\/uued_moisted.png\" alt=\"uued m\u00f5isted\" width=\"40\" height=\"40\" srcset=\"https:\/\/sisu.ut.ee\/wp-content\/uploads\/sites\/533\/uued_moisted.png 1080w, https:\/\/sisu.ut.ee\/wp-content\/uploads\/sites\/533\/uued_moisted-300x300.png 300w, https:\/\/sisu.ut.ee\/wp-content\/uploads\/sites\/533\/uued_moisted-1024x1024.png 1024w, https:\/\/sisu.ut.ee\/wp-content\/uploads\/sites\/533\/uued_moisted-150x150.png 150w, https:\/\/sisu.ut.ee\/wp-content\/uploads\/sites\/533\/uued_moisted-768x768.png 768w\" sizes=\"auto, (max-width: 40px) 100vw, 40px\"><span style=\"color: #e1cd00;\">\u00a0 1.1\u00a0<span style=\"line-height: 150%;\">Mis on ettev\u00f5tlikkusp\u00e4devus?<\/span><\/span><\/strong><\/p>\n<p><span style=\"line-height: 150%;\">Ettev\u00f5tlikkusp\u00e4devus on lisatud Riiklikusse \u00f5ppekavasse kui \u00fcks kaheksast \u00fcldp\u00e4devusest, mida \u00f5ppeainete \u00fcleselt toetada. Sealne k\u00e4situs ettev\u00f5tlikkusp\u00e4devusest r\u00f5hutab viit alaoskust:<\/span><\/p>\n<ol style=\"margin-left: 40px;\">\n<li><span style=\"line-height: 150%;\"><b>Algatusv\u00f5ime<\/b> kui suutlikkus ideid luua ja ellu viia; seada eesm\u00e4rke, koostada plaane, neid tutvustada ja ellu viia; n\u00e4idata algatusv\u00f5imet ja vastutada tulemuste eest;<\/span><\/li>\n<li><span style=\"line-height: 150%;\"><b>Seostamisoskus<\/b> \u2013 kasutada omandatud teadmisi ja oskusi erinevates elu- ja tegevusvaldkondades;<\/span><\/li>\n<li><span style=\"line-height: 150%;\"><b>Probleemilahendusoskus<\/b> \u2013 suutlikkus n\u00e4ha probleeme ja neis peituvaid v\u00f5imalusi, aidata kaasa probleemide lahendamisele;<\/span><\/li>\n<li><span style=\"line-height: 150%;\"><b>Koost\u00f6\u00f6 ja kogukonda panustamine<\/b> \u2013 korraldada \u00fchistegevusi ja neist osa v\u00f5tta; <\/span><\/li>\n<li><span style=\"line-height: 150%;\"><b>Loovus ja paindlikkus<\/b> \u2013 suutlikkus reageerida loovalt, uuendusmeelselt ja paindlikult muutustele; v\u00f5tta arukaid riske.<\/span><\/li>\n<\/ol>\n<p><span style=\"line-height: 150%;\">Ettev\u00f5tlikus kunsti ja kunsti\u00f5petuses t\u00e4hendab nii tegutsemisjulgust, vastutusv\u00f5imet kui ka seoste n\u00e4gemist. Kunstnike tegevus on m\u00f5jutatud \u00fchiskondlikest protsessidest ja m\u00f5jutab neid omakorda. Nii on loovisikute roll ajas muutuv ja ettev\u00f5tlik hoiak on \u00fcks t\u00e4nase p\u00e4eva oluline m\u00e4rks\u00f5na kunstniku t\u00f6\u00f6s.<\/span><\/p>\n<p><img loading=\"lazy\" decoding=\"async\" class=\"alignnone wp-image-24\" title=\"motlemiseks.png\" src=\"https:\/\/sisu.ut.ee\/wp-content\/uploads\/sites\/533\/motlemiseks.png\" alt=\"m\u00f5tlemiseks\" width=\"40\" height=\"40\" srcset=\"https:\/\/sisu.ut.ee\/wp-content\/uploads\/sites\/533\/motlemiseks.png 1080w, https:\/\/sisu.ut.ee\/wp-content\/uploads\/sites\/533\/motlemiseks-300x300.png 300w, https:\/\/sisu.ut.ee\/wp-content\/uploads\/sites\/533\/motlemiseks-1024x1024.png 1024w, https:\/\/sisu.ut.ee\/wp-content\/uploads\/sites\/533\/motlemiseks-150x150.png 150w, https:\/\/sisu.ut.ee\/wp-content\/uploads\/sites\/533\/motlemiseks-768x768.png 768w\" sizes=\"auto, (max-width: 40px) 100vw, 40px\">\u00a0<strong><span style=\"color: #e31c79;\">M\u00f5tle!<\/span><\/strong><b> <\/b><\/p>\n<p><span style=\"line-height: 150%;\">Milline p\u00e4devus on Sinu meelest kunstnikut\u00f6\u00f6s k\u00f5ige olulisem? Kuidas on see seotud ettev\u00f5tlikkusega?<\/span><\/p>\n<hr>\n<p><img loading=\"lazy\" decoding=\"async\" class=\"alignnone wp-image-23\" title=\"uued_moisted.png\" src=\"https:\/\/sisu.ut.ee\/wp-content\/uploads\/sites\/533\/uued_moisted.png\" alt=\"uued m\u00f5isted\" width=\"40\" height=\"40\" srcset=\"https:\/\/sisu.ut.ee\/wp-content\/uploads\/sites\/533\/uued_moisted.png 1080w, https:\/\/sisu.ut.ee\/wp-content\/uploads\/sites\/533\/uued_moisted-300x300.png 300w, https:\/\/sisu.ut.ee\/wp-content\/uploads\/sites\/533\/uued_moisted-1024x1024.png 1024w, https:\/\/sisu.ut.ee\/wp-content\/uploads\/sites\/533\/uued_moisted-150x150.png 150w, https:\/\/sisu.ut.ee\/wp-content\/uploads\/sites\/533\/uued_moisted-768x768.png 768w\" sizes=\"auto, (max-width: 40px) 100vw, 40px\"><span style=\"color: #e1cd00;\">\u00a0 <strong>1.2\u00a0 \u00d5piobjekti tutvustus<\/strong><\/span><\/p>\n<p dir=\"ltr\">\u00d5piobjekt koosneb kahest suurest harust. Peat\u00fckk \u201c<strong>Ettev\u00f5tlikkus kunstis ja kunsti tegemisel<\/strong>\u201d tutvustab ettev\u00f5tlikku hoiakut ja selle vajaminevaid p\u00e4devusi kunsti tegemisel. Uurime, kuidas suhtuvad ettev\u00f5tlikkusse professionaalsed kunstnikud, kuidas nemad oma aega ja t\u00f6id planeerivad, millised on v\u00e4ljakutsed kunstis ja kunstniku elus. Kunstnike n\u00e4itel saab kunstitunnis ettev\u00f5tlikkuse ja kunsti seoseid lahata. Peat\u00fckk koosneb videointervjuudest kunstnikega, kirjalikust osast, mis avab ettev\u00f5tlikkusp\u00e4devuse erinevaid komponente kunstnike praktika n\u00e4idetel ning\u00a0 \u00fclesannetest \u00f5pilasele. Teine peat\u00fckk \u201c<strong>Ettev\u00f5tlikkus kunsti \u00f5ppimisel ja \u00f5petamisel<\/strong>\u201d k\u00e4sitleb k\u00fcsimust, milline on ettev\u00f5tlik ja ettev\u00f5tlikkust toetav kunsti\u00f5petaja ja kuidas tema toimetulekut toetada. Intervjuud kunsti\u00f5petajatega pakuvad \u00e4ratundmist ja inspiratsiooni \u00f5petajatele. Peat\u00fckk koosneb videointervjuudest kunsti\u00f5petajatega, kirjalikust osast, mis k\u00e4sitleb ettev\u00f5tlikkusp\u00e4devuse seotust ennastjuhtiva \u00f5ppija toetamise ja kunstitunni \u00f5ppeprotsessi \u00fclesehitusega ning \u00fclesannetest, mida koos \u00f5pilastega teha.<\/p>\n<p dir=\"ltr\">\u00d5piobjekt on suunatud kunsti\u00f5petajatele, kuid see sobib kasutamiseks ka vanema kooliastme \u00f5pilastele. \u00d5piobjektis on v\u00e4lja toodud suunised materjali kasutamiseks tunnis. J\u00e4rgides terviklikku kunsti\u00f5ppe mudelit pakub see v\u00f5imalusi uute teadmiste saamiseks, aruteludeks,\u00a0 loovtegevusteks ja refleksiooniks.<\/p>\n<p dir=\"ltr\" style=\"margin-top: 0pt; margin-bottom: 0pt;\"><span style=\"line-height: 1.38;\"><span style=\"vertical-align: baseline;\">\u00d5piobjekti l\u00e4binu:<\/span><\/span><\/p>\n<ol style=\"margin-top: 0; margin-bottom: 0; padding-inline-start: 48px;\">\n<li dir=\"ltr\" style=\"list-style-type: decimal; vertical-align: baseline;\">\n<p dir=\"ltr\" style=\"margin-top: 0pt; margin-bottom: 0pt;\" role=\"presentation\"><span style=\"line-height: 1.38;\"><span style=\"vertical-align: baseline;\">teab, milliste p\u00e4devuste kaudu ettev\u00f5tlikkus kunstis avaldub;<\/span><\/span><\/p>\n<\/li>\n<li dir=\"ltr\" style=\"list-style-type: decimal; vertical-align: baseline;\">\n<p dir=\"ltr\" style=\"margin-top: 0pt; margin-bottom: 0pt;\" role=\"presentation\"><span style=\"line-height: 1.38;\"><span style=\"vertical-align: baseline;\">rakendab loovprotsessi mudeli etappe;<\/span><\/span><\/p>\n<\/li>\n<li dir=\"ltr\" style=\"list-style-type: decimal; vertical-align: baseline;\">\n<p dir=\"ltr\" style=\"margin-top: 0pt; margin-bottom: 0pt;\" role=\"presentation\"><span style=\"line-height: 1.38;\"><span style=\"vertical-align: baseline;\">julgustab \u00f5pilasi olema kunstitunnis ettev\u00f5tlik.<\/span><\/span><\/p>\n<\/li>\n<\/ol>\n<p dir=\"ltr\" style=\"list-style-type: decimal; vertical-align: baseline; margin-top: 0pt; margin-bottom: 0pt;\" role=\"presentation\">\u00a0<\/p>","protected":false},"excerpt":{"rendered":"<p>ETTEV\u00d5TLIKKUSP\u00c4DEVUSEST Kunst ja ettev\u00f5tlikkus on \u00fcksteisega rohkem seotud kui esmapilgul v\u00f5ib tunduda. Pikema loovprotsessi l\u00e4biviimine vajab planeerimist, ideede elluviimist ja refleksiooni, lisaks p\u00e4devusi nii aja-, enese- kui ka teiste juhtimise valdkonnast. T\u00e4nap\u00e4eval tegutseb kunstnik paljuski kui (v\u00e4ike)ettev\u00f5tja, kes selleks, et &#8230;<\/p>\n","protected":false},"author":263,"featured_media":0,"parent":0,"menu_order":0,"comment_status":"closed","ping_status":"closed","template":"","meta":{"_acf_changed":false,"inline_featured_image":false,"footnotes":""},"class_list":["post-4","page","type-page","status-publish","hentry"],"acf":[],"_links":{"self":[{"href":"https:\/\/sisu.ut.ee\/edujategu7\/wp-json\/wp\/v2\/pages\/4","targetHints":{"allow":["GET"]}}],"collection":[{"href":"https:\/\/sisu.ut.ee\/edujategu7\/wp-json\/wp\/v2\/pages"}],"about":[{"href":"https:\/\/sisu.ut.ee\/edujategu7\/wp-json\/wp\/v2\/types\/page"}],"author":[{"embeddable":true,"href":"https:\/\/sisu.ut.ee\/edujategu7\/wp-json\/wp\/v2\/users\/263"}],"replies":[{"embeddable":true,"href":"https:\/\/sisu.ut.ee\/edujategu7\/wp-json\/wp\/v2\/comments?post=4"}],"version-history":[{"count":4,"href":"https:\/\/sisu.ut.ee\/edujategu7\/wp-json\/wp\/v2\/pages\/4\/revisions"}],"predecessor-version":[{"id":97,"href":"https:\/\/sisu.ut.ee\/edujategu7\/wp-json\/wp\/v2\/pages\/4\/revisions\/97"}],"wp:attachment":[{"href":"https:\/\/sisu.ut.ee\/edujategu7\/wp-json\/wp\/v2\/media?parent=4"}],"curies":[{"name":"wp","href":"https:\/\/api.w.org\/{rel}","templated":true}]}}