{"id":20,"date":"2024-04-04T07:38:00","date_gmt":"2024-04-04T04:38:00","guid":{"rendered":"https:\/\/sisu.ut.ee\/edujategu7\/enesehindamise-kusimustik-kunstiopetajatele\/"},"modified":"2024-04-30T11:24:03","modified_gmt":"2024-04-30T08:24:03","slug":"enesehindamise-kusimustik-kunstiopetajatele","status":"publish","type":"page","link":"https:\/\/sisu.ut.ee\/edujategu7\/enesehindamise-kusimustik-kunstiopetajatele\/","title":{"rendered":"Enesehindamise k\u00fcsimustik kunsti\u00f5petajatele"},"content":{"rendered":"<h1 class=\"wp-block-heading\"><img loading=\"lazy\" decoding=\"async\" width=\"40\" height=\"40\" class=\"wp-image-26\" style=\"width: 40px;\" src=\"https:\/\/sisu.ut.ee\/wp-content\/uploads\/sites\/533\/sissejuhatus.png\" alt=\"sissejuhatus\" srcset=\"https:\/\/sisu.ut.ee\/wp-content\/uploads\/sites\/533\/sissejuhatus.png 1080w, https:\/\/sisu.ut.ee\/wp-content\/uploads\/sites\/533\/sissejuhatus-300x300.png 300w, https:\/\/sisu.ut.ee\/wp-content\/uploads\/sites\/533\/sissejuhatus-1024x1024.png 1024w, https:\/\/sisu.ut.ee\/wp-content\/uploads\/sites\/533\/sissejuhatus-150x150.png 150w, https:\/\/sisu.ut.ee\/wp-content\/uploads\/sites\/533\/sissejuhatus-768x768.png 768w\" sizes=\"auto, (max-width: 40px) 100vw, 40px\"> <span style=\"color: #28aae1;\">ENESEHINDAMISE K\u00dcSIMUSTIK KUNSTI\u00d5PETAJATELE<\/span><\/h1>\n\n\n\n<p>Enesehindamise k\u00fcsimustik v\u00f5tab kogu eelneva \u00f5piobjekti kokku ja toob eelnevas \u00f5piobjektis kirjeldatu \u00fchele lehele. Enesehindamise k\u00fcsimustiku eesm\u00e4rk on suunata \u00f5petajaid oma tegevusi anal\u00fc\u00fcsima. K\u00fcsimustik esitleb v\u00f5imalikke klassitegevusi, mille kaudu kunsti\u00f5ppes ettev\u00f5tlikkusp\u00e4devust toetada. Anal\u00fc\u00fcsige enda tegevust ja m\u00e4\u00e4rake, kuiv\u00f5rd v\u00e4ide Teie \u00f5petamispraktikat kirjeldab. Kui kirjeldus ei vasta \u00fcldse Teie tegevustele v\u00f5i m\u00f5tetele, siis m\u00e4rkige vastuseks 1. Kui kirjeldus vastab aga t\u00e4ielikult Teie tegevustele v\u00f5i m\u00f5tetele, siis m\u00e4rkige hinnanguks 5. Kuigi k\u00fcsimustik suunab andma hinnanguid oma \u00f5petamistegevusele, ei markeeri m\u00e4rgitud numbrid kokkuv\u00f5tvat hinnet \u00f5petamisele ja ettev\u00f5tlikkusp\u00e4devuse toetamisele. Soovime, et k\u00fcsimustik aitab \u00f5petajaid tuua esile tegevusi, mida juba ettev\u00f5tlikkusp\u00e4devuse toetamiseks tehakse, julgustab neid esile t\u00f5stma ning annab ideid, kuidas \u00f5ppijate ettev\u00f5tlikkust enamgi toetada.<\/p>\n\n\n\n<p>Veebis t\u00e4idetav k\u00fcsimustik:\u00a0<a href=\"https:\/\/forms.office.com\/r\/xAmjGTVwpb\" target=\"_blank\" rel=\"noreferrer noopener\">https:\/\/forms.office.com\/r\/xAmjGTVwpb<\/a><\/p>\n\n\n\n<p>Prinditav k\u00fcsimustik asub siin:\u00a0<a href=\"https:\/\/sisu.ut.ee\/wp-content\/uploads\/sites\/533\/opetaja_tegevus_opilaste_ja_enda_ettevotlikkuspadevuse_toetamisel.pdf\" target=\"_blank\" rel=\"noreferrer noopener\">k\u00fcsimustik<\/a><\/p>\n","protected":false},"excerpt":{"rendered":"<p>ENESEHINDAMISE K\u00dcSIMUSTIK KUNSTI\u00d5PETAJATELE Enesehindamise k\u00fcsimustik v\u00f5tab kogu eelneva \u00f5piobjekti kokku ja toob eelnevas \u00f5piobjektis kirjeldatu \u00fchele lehele. Enesehindamise k\u00fcsimustiku eesm\u00e4rk on suunata \u00f5petajaid oma tegevusi anal\u00fc\u00fcsima. K\u00fcsimustik esitleb v\u00f5imalikke klassitegevusi, mille kaudu kunsti\u00f5ppes ettev\u00f5tlikkusp\u00e4devust toetada. Anal\u00fc\u00fcsige enda tegevust ja m\u00e4\u00e4rake, &#8230;<\/p>\n","protected":false},"author":263,"featured_media":0,"parent":0,"menu_order":0,"comment_status":"closed","ping_status":"closed","template":"","meta":{"_acf_changed":false,"inline_featured_image":false,"footnotes":""},"class_list":["post-20","page","type-page","status-publish","hentry"],"acf":[],"_links":{"self":[{"href":"https:\/\/sisu.ut.ee\/edujategu7\/wp-json\/wp\/v2\/pages\/20","targetHints":{"allow":["GET"]}}],"collection":[{"href":"https:\/\/sisu.ut.ee\/edujategu7\/wp-json\/wp\/v2\/pages"}],"about":[{"href":"https:\/\/sisu.ut.ee\/edujategu7\/wp-json\/wp\/v2\/types\/page"}],"author":[{"embeddable":true,"href":"https:\/\/sisu.ut.ee\/edujategu7\/wp-json\/wp\/v2\/users\/263"}],"replies":[{"embeddable":true,"href":"https:\/\/sisu.ut.ee\/edujategu7\/wp-json\/wp\/v2\/comments?post=20"}],"version-history":[{"count":3,"href":"https:\/\/sisu.ut.ee\/edujategu7\/wp-json\/wp\/v2\/pages\/20\/revisions"}],"predecessor-version":[{"id":138,"href":"https:\/\/sisu.ut.ee\/edujategu7\/wp-json\/wp\/v2\/pages\/20\/revisions\/138"}],"wp:attachment":[{"href":"https:\/\/sisu.ut.ee\/edujategu7\/wp-json\/wp\/v2\/media?parent=20"}],"curies":[{"name":"wp","href":"https:\/\/api.w.org\/{rel}","templated":true}]}}