{"id":14,"date":"2024-04-04T07:38:00","date_gmt":"2024-04-04T04:38:00","guid":{"rendered":"https:\/\/sisu.ut.ee\/edujategu7\/opiobjektist\/"},"modified":"2024-04-30T11:27:29","modified_gmt":"2024-04-30T08:27:29","slug":"opiobjektist","status":"publish","type":"page","link":"https:\/\/sisu.ut.ee\/edujategu7\/opiobjektist\/","title":{"rendered":"\u00d5piobjektist"},"content":{"rendered":"<h1 class=\"wp-block-heading\"><img loading=\"lazy\" decoding=\"async\" width=\"40\" height=\"40\" class=\"wp-image-26\" style=\"width: 40px;\" src=\"https:\/\/sisu.ut.ee\/wp-content\/uploads\/sites\/533\/sissejuhatus.png\" alt=\"sissejuhatus\" srcset=\"https:\/\/sisu.ut.ee\/wp-content\/uploads\/sites\/533\/sissejuhatus.png 1080w, https:\/\/sisu.ut.ee\/wp-content\/uploads\/sites\/533\/sissejuhatus-300x300.png 300w, https:\/\/sisu.ut.ee\/wp-content\/uploads\/sites\/533\/sissejuhatus-1024x1024.png 1024w, https:\/\/sisu.ut.ee\/wp-content\/uploads\/sites\/533\/sissejuhatus-150x150.png 150w, https:\/\/sisu.ut.ee\/wp-content\/uploads\/sites\/533\/sissejuhatus-768x768.png 768w\" sizes=\"auto, (max-width: 40px) 100vw, 40px\"> <span style=\"color: #28aae1;\">\u00d5PIOBJEKTIST<\/span><\/h1>\n\n<p dir=\"ltr\" style=\"margin-top:0pt;margin-bottom:0pt\">\n\t<span style=\"line-height:1.38\"><span><span><span style=\"color:#000000\"><span style=\"font-weight:700\"><span style=\"font-style:normal\"><span style=\"font-variant:normal\"><span style=\"text-decoration:none\"><span style=\"vertical-align:baseline\"><span>Maht: <\/span><\/span><\/span><\/span><\/span><\/span><\/span><\/span><\/span><span><span><span style=\"color:#000000\"><span style=\"font-weight:400\"><span style=\"font-style:normal\"><span style=\"font-variant:normal\"><span style=\"text-decoration:none\"><span style=\"vertical-align:baseline\"><span>\u00f5piobjekti maht on 6-8 tundi iseseisvat t\u00f6\u00f6d. <\/span><\/span><\/span><\/span><\/span><\/span><\/span><\/span><\/span><\/span>\n<\/p>\n\n<p dir=\"ltr\" style=\"margin-top:0pt;margin-bottom:0pt\">\n\t<span style=\"line-height:1.38\"><span><span><span style=\"color:#000000\"><span style=\"font-weight:700\"><span style=\"font-style:normal\"><span style=\"font-variant:normal\"><span style=\"text-decoration:none\"><span style=\"vertical-align:baseline\"><span>Sihtr\u00fchm:<\/span><\/span><\/span><\/span><\/span><\/span><\/span><\/span><\/span><span><span><span style=\"color:#000000\"><span style=\"font-weight:400\"><span style=\"font-style:normal\"><span style=\"font-variant:normal\"><span style=\"text-decoration:none\"><span style=\"vertical-align:baseline\"><span> Eelk\u00f5ige kunsti\u00f5petajad, aga ka teiste ainete \u00f5petajad. \u00d5piobjekt sobib t\u00f6\u00f6ks \u00f5pilastega.<\/span><\/span><\/span><\/span><\/span><\/span><\/span><\/span><\/span><\/span>\n<\/p>\n\n<p dir=\"ltr\" style=\"margin-top:0pt;margin-bottom:0pt\">\n\t<span style=\"line-height:1.38\"><span><span><span style=\"color:#000000\"><span style=\"font-weight:700\"><span style=\"font-style:normal\"><span style=\"font-variant:normal\"><span style=\"text-decoration:none\"><span style=\"vertical-align:baseline\"><span>Eesm\u00e4rk: <\/span><\/span><\/span><\/span><\/span><\/span><\/span><\/span><\/span><span><span><span style=\"color:#000000\"><span style=\"font-weight:400\"><span style=\"font-style:normal\"><span style=\"font-variant:normal\"><span style=\"text-decoration:none\"><span style=\"vertical-align:baseline\"><span>ettev\u00f5tlikkusp\u00e4devuseks vajalike p\u00e4devuste toetamine, kunsti ja ettev\u00f5tlikkuse seose v\u00e4lja toomine<\/span><\/span><\/span><\/span><\/span><\/span><\/span><\/span><\/span><\/span>\n<\/p>\n\n<p dir=\"ltr\" style=\"margin-top:0pt;margin-bottom:0pt\">\n\t\u00a0\n<\/p>\n\n<p dir=\"ltr\" style=\"margin-top:0pt;margin-bottom:0pt\">\n\t\u00a0\n<\/p>\n\n<p dir=\"ltr\" style=\"margin-top:0pt;margin-bottom:0pt\">\n\t<span style=\"line-height:1.38\"><span><span><span style=\"color:#000000\"><span style=\"font-weight:700\"><span style=\"font-style:normal\"><span style=\"font-variant:normal\"><span style=\"text-decoration:none\"><span style=\"vertical-align:baseline\"><span>L\u00fchikirjeldus<\/span><\/span><\/span><\/span><\/span><\/span><\/span><\/span><\/span><span><span><span style=\"color:#000000\"><span style=\"font-weight:400\"><span style=\"font-style:normal\"><span style=\"font-variant:normal\"><span style=\"text-decoration:none\"><span style=\"vertical-align:baseline\"><span>: <\/span><\/span><\/span><\/span><\/span><\/span><\/span><\/span><\/span><\/span>\n<\/p>\n\n<p dir=\"ltr\" style=\"margin-top:0pt;margin-bottom:0pt\">\n\t<span style=\"line-height:1.38\"><span><span><span style=\"color:#000000\"><span style=\"font-weight:400\"><span style=\"font-style:normal\"><span style=\"font-variant:normal\"><span style=\"text-decoration:none\"><span style=\"vertical-align:baseline\"><span>Kunst ja ettev\u00f5tlikkus on loomulikult seotud. Pikema loovprotsessi l\u00e4bimine eeldab ja \u00e4rgitab ettev\u00f5tlikkuse p\u00e4devusi nii professionaalidel kui ka \u00f5pilastel. Kunstniku elus on oluline ka ettev\u00f5tlus. \u00d5piobjekt tutvustab ettev\u00f5tlikku hoiakut ning selle arendamiseks vajalikke osiseid.<\/span><\/span><\/span><\/span><\/span><\/span><\/span><\/span><\/span><\/span>\n<\/p>\n\n<p dir=\"ltr\" style=\"margin-top:0pt;margin-bottom:0pt\">\n\t\u00a0\n<\/p>\n\n<p dir=\"ltr\" style=\"margin-top:0pt;margin-bottom:0pt\">\n\t<span style=\"line-height:1.38\"><span><span><span style=\"color:#000000\"><span style=\"font-weight:400\"><span style=\"font-style:normal\"><span style=\"font-variant:normal\"><span style=\"text-decoration:none\"><span style=\"vertical-align:baseline\"><span>Intervjuuvormis esitatud \u00fclevaated ettev\u00f5tlikkusest kunsti ja kunsti\u00f5petuses avavad <\/span><\/span><\/span><\/span><\/span><\/span><\/span><\/span><\/span><\/span><span style=\"line-height:1.38\"><span><span><span style=\"color:#000000\"><span style=\"font-weight:400\"><span style=\"font-style:normal\"><span style=\"font-variant:normal\"><span style=\"text-decoration:none\"><span style=\"vertical-align:baseline\"><span>kunstiv\u00e4lja karj\u00e4\u00e4riv\u00f5imalusi. \u00d5piobjektis on v\u00e4lja toodud suunised materjali kasutamiseks tunnis. J\u00e4rgides terviklikku kunsti\u00f5ppe mudelit pakub see v\u00f5imalusi aruteludeks ja loovtegevusteks. Viimaks k\u00e4sitleb \u00f5piobjekt k\u00fcsimust, milline on ettev\u00f5tlik (kunsti)\u00f5petaja ja kuidas tema toimetulekut toetada.<\/span><\/span><\/span><\/span><\/span><\/span><\/span><\/span><\/span><\/span>\n<\/p>\n","protected":false},"excerpt":{"rendered":"<p>\u00d5PIOBJEKTIST Maht: \u00f5piobjekti maht on 6-8 tundi iseseisvat t\u00f6\u00f6d. Sihtr\u00fchm: Eelk\u00f5ige kunsti\u00f5petajad, aga ka teiste ainete \u00f5petajad. \u00d5piobjekt sobib t\u00f6\u00f6ks \u00f5pilastega. Eesm\u00e4rk: ettev\u00f5tlikkusp\u00e4devuseks vajalike p\u00e4devuste toetamine, kunsti ja ettev\u00f5tlikkuse seose v\u00e4lja toomine \u00a0 \u00a0 L\u00fchikirjeldus: Kunst ja ettev\u00f5tlikkus on loomulikult &#8230;<\/p>\n","protected":false},"author":263,"featured_media":0,"parent":0,"menu_order":0,"comment_status":"closed","ping_status":"closed","template":"","meta":{"_acf_changed":false,"inline_featured_image":false,"footnotes":""},"class_list":["post-14","page","type-page","status-publish","hentry"],"acf":[],"_links":{"self":[{"href":"https:\/\/sisu.ut.ee\/edujategu7\/wp-json\/wp\/v2\/pages\/14","targetHints":{"allow":["GET"]}}],"collection":[{"href":"https:\/\/sisu.ut.ee\/edujategu7\/wp-json\/wp\/v2\/pages"}],"about":[{"href":"https:\/\/sisu.ut.ee\/edujategu7\/wp-json\/wp\/v2\/types\/page"}],"author":[{"embeddable":true,"href":"https:\/\/sisu.ut.ee\/edujategu7\/wp-json\/wp\/v2\/users\/263"}],"replies":[{"embeddable":true,"href":"https:\/\/sisu.ut.ee\/edujategu7\/wp-json\/wp\/v2\/comments?post=14"}],"version-history":[{"count":3,"href":"https:\/\/sisu.ut.ee\/edujategu7\/wp-json\/wp\/v2\/pages\/14\/revisions"}],"predecessor-version":[{"id":144,"href":"https:\/\/sisu.ut.ee\/edujategu7\/wp-json\/wp\/v2\/pages\/14\/revisions\/144"}],"wp:attachment":[{"href":"https:\/\/sisu.ut.ee\/edujategu7\/wp-json\/wp\/v2\/media?parent=14"}],"curies":[{"name":"wp","href":"https:\/\/api.w.org\/{rel}","templated":true}]}}