{"id":9,"date":"2024-04-04T07:37:15","date_gmt":"2024-04-04T04:37:15","guid":{"rendered":"https:\/\/sisu.ut.ee\/edujategu6\/ettevotlik-motte-ja-teguviis-kui-harjumus\/"},"modified":"2024-04-10T14:40:08","modified_gmt":"2024-04-10T11:40:08","slug":"ettevotlik-motte-ja-teguviis-kui-harjumus","status":"publish","type":"page","link":"https:\/\/sisu.ut.ee\/edujategu6\/ettevotlik-motte-ja-teguviis-kui-harjumus\/","title":{"rendered":"Ettev\u00f5tlik m\u00f5tte- ja teguviis kui harjumus"},"content":{"rendered":"<h1 class=\"wp-block-heading\"><img loading=\"lazy\" decoding=\"async\" title=\"sissejuhatus_01.png\" width=\"40\" height=\"40\" class=\"alignnone wp-image-21\" src=\"https:\/\/sisu.ut.ee\/wp-content\/uploads\/sites\/507\/sissejuhatus_01.png\" alt=\"sissejuhatus\"> <span style=\"color: #28aae1;\">ETTEV\u00d5TLIK M\u00d5TTE- JA TEGUVIIS KUI HARJUMUS<\/span><\/h1>\n\n<p style=\"margin-bottom:.0001pt\">\n\t<span style=\"line-height:normal\"><span lang=\"EN-GB\"><span style=\",serif\">Harjumus on kordamise ja \u00f5ppimise teel tavaks, kombeks v\u00f5i automaatseks kujunenud tegevus, mille sooritamine muutub sageli vajaduseks. <\/span><\/span><\/span>\n<\/p>\n\n<p style=\"margin-bottom:.0001pt\">\n\t\u00a0\n<\/p>\n\n<p style=\"margin-bottom:.0001pt\">\n\t<span style=\"line-height:normal\"><span lang=\"EN-GB\"><span style=\",serif\">Harjumused v\u00f5ivad olla head, meeldivad, kasulikud, aga ka halvad ja kahjulikud. Igal inimesel on oma harjumused. Nutikas on endal kujundada ka harjumusi, mis toetavad ettev\u00f5tlikku tegutsemist. N\u00e4iteks saab endale kujundada harjumuse t\u00f5usta igal hommikul piisavalt vara, et k\u00f5ik oluline sel p\u00e4eval saaks tehtud. Samuti saab kujundada endale harjumuse iga p\u00e4ev piisavalt liikuda, et oleks energiat \u00f5ppimiseks. Omandada saab ka harjumust lahendada jooksvalt probleeme, tegutseda l\u00e4bim\u00f5eldult ja tulemuslikult. Nii saavad olulised asjad jooksvalt tehtud, v\u00f5imalused kasutatud, suhted s\u00f5lmitud, koost\u00f6\u00f6 algatatud jms.<\/span><\/span><\/span><span style=\"line-height:normal\"><span lang=\"EN-GB\"><span style=\",serif\"> <\/span><\/span><\/span>\n<\/p>\n\n<hr>\n<p style=\"margin-bottom:.0001pt\">\n\t<img loading=\"lazy\" decoding=\"async\" class=\"wp-image-20 alignleft\" title=\"uued_moisted.png\" src=\"https:\/\/sisu.ut.ee\/wp-content\/uploads\/sites\/527\/uued_moisted.png\" alt=\"mosted\" width=\"32\" height=\"32\"><span style=\"line-height:normal\"><span lang=\"EN-GB\"><span style=\",serif\"> Harjumuste kujundamisel v\u00f5ib appi v\u00f5tta enda nutiseadme ja rakenduse, mille abil uusi harjumusi kujudada. M\u00f5ned n\u00e4ited sellistest rakendustest leiab <\/span><\/span><\/span><a data-url=\"https:\/\/digitark.ee\/5-head-rakendust-mille-abil-uusi-harjumusi-kujundada\/\" href=\"https:\/\/digitark.ee\/5-head-rakendust-mille-abil-uusi-harjumusi-kujundada\/\" target=\"_blank\" title=\"\" rel=\"noopener\">https:\/\/digitark.ee\/5-head-rakendust-mille-abil-uusi-harjumusi-kujundada\/<\/a>\n<\/p>\n\n<p style=\"margin-bottom:.0001pt\">\n\t\u00a0\n<\/p>\n\n<p style=\"margin-bottom:.0001pt\">\n\t<span style=\"line-height:normal\"><span lang=\"EN-GB\"><span style=\",serif\">Vali ja lae endale nutiseadmesse rakendus, mille abil saad kujundada endale ettv\u00f5tlikke harjumusi. Selle rakenduse abil saad hoida enda oluliste tegevuste p\u00e4eva-, n\u00e4dala ja kuuplaani. M\u00e4rgi \u00fcles tegevused, mida soovid teha (n\u00e4iteks: hobidega tegelemise aeg, treeningud, vajalike kokkulepete tegemine, eesm\u00e4rgid jms). J\u00e4lgi nende t\u00e4itmist. Rakendus saadab Sulle ka meeldetuletusi. Nii on ettev\u00f5tlikku harjumuse kujundamine h\u00f5lpsam. <\/span><\/span><\/span>\n<\/p>\n","protected":false},"excerpt":{"rendered":"<p>ETTEV\u00d5TLIK M\u00d5TTE- JA TEGUVIIS KUI HARJUMUS Harjumus on kordamise ja \u00f5ppimise teel tavaks, kombeks v\u00f5i automaatseks kujunenud tegevus, mille sooritamine muutub sageli vajaduseks. \u00a0 Harjumused v\u00f5ivad olla head, meeldivad, kasulikud, aga ka halvad ja kahjulikud. Igal inimesel on oma harjumused. &#8230;<\/p>\n","protected":false},"author":263,"featured_media":0,"parent":0,"menu_order":0,"comment_status":"closed","ping_status":"closed","template":"","meta":{"_acf_changed":false,"inline_featured_image":false,"footnotes":""},"class_list":["post-9","page","type-page","status-publish","hentry"],"acf":[],"_links":{"self":[{"href":"https:\/\/sisu.ut.ee\/edujategu6\/wp-json\/wp\/v2\/pages\/9","targetHints":{"allow":["GET"]}}],"collection":[{"href":"https:\/\/sisu.ut.ee\/edujategu6\/wp-json\/wp\/v2\/pages"}],"about":[{"href":"https:\/\/sisu.ut.ee\/edujategu6\/wp-json\/wp\/v2\/types\/page"}],"author":[{"embeddable":true,"href":"https:\/\/sisu.ut.ee\/edujategu6\/wp-json\/wp\/v2\/users\/263"}],"replies":[{"embeddable":true,"href":"https:\/\/sisu.ut.ee\/edujategu6\/wp-json\/wp\/v2\/comments?post=9"}],"version-history":[{"count":4,"href":"https:\/\/sisu.ut.ee\/edujategu6\/wp-json\/wp\/v2\/pages\/9\/revisions"}],"predecessor-version":[{"id":91,"href":"https:\/\/sisu.ut.ee\/edujategu6\/wp-json\/wp\/v2\/pages\/9\/revisions\/91"}],"wp:attachment":[{"href":"https:\/\/sisu.ut.ee\/edujategu6\/wp-json\/wp\/v2\/media?parent=9"}],"curies":[{"name":"wp","href":"https:\/\/api.w.org\/{rel}","templated":true}]}}