{"id":12,"date":"2024-04-04T07:34:43","date_gmt":"2024-04-04T04:34:43","guid":{"rendered":"https:\/\/sisu.ut.ee\/edujategu5\/vajadused-kui-motivatsiooni-aspekt\/"},"modified":"2024-04-19T09:15:01","modified_gmt":"2024-04-19T06:15:01","slug":"vajadused-kui-motivatsiooni-aspekt","status":"publish","type":"page","link":"https:\/\/sisu.ut.ee\/edujategu5\/vajadused-kui-motivatsiooni-aspekt\/","title":{"rendered":"Vajadused kui motivatsiooni aspekt"},"content":{"rendered":"<h1 class=\"wp-block-heading\"><img loading=\"lazy\" decoding=\"async\" title=\"sissejuhatus_01.png\" width=\"40\" height=\"40\" class=\"alignnone wp-image-21\" src=\"https:\/\/sisu.ut.ee\/wp-content\/uploads\/sites\/507\/sissejuhatus_01.png\" alt=\"sissejuhatus\"> <span style=\"color: #28aae1;\">VAJADUSED KUI MOTIVATSIOONI ASPEKT<\/span><\/h1>\n\n<p>\n\t\u00dcheks oluliseks motivatsiooni aspektiks on vajaduste ja motiivide hierarhia, kus k\u00f5ige aluseks on bioloogilised p\u00f5hivajadused, neile j\u00e4rgnevad ps\u00fchholoogilised vajadused ning hierarhias k\u00f5ige k\u00f5rgemal asub autonoomia vajadus. Joonisel 2 on kirjeldatud Maslow poolt loodud vajaduste hierarhiat, mida hiljem t\u00e4iendasid veel Tay ja Diener.\n<\/p>\n\n<p>\n\t\u00a0\n<\/p>\n\n<p>\n\t<img loading=\"lazy\" decoding=\"async\" alt=\"maslow\" data-file_info=\"%7B%22fid%22:%2266608%22,%22view_mode%22:%22default%22,%22type%22:%22media%22%7D\" height=\"403\" src=\"https:\/\/sisu.ut.ee\/wp-content\/uploads\/sites\/529\/maslow.png\" title=\"Joonis 2. Maslow vajaduste hierarhia (t\u00e4iendanud Tay ja Diener, 2011), allikas: Abrams, 2015.\" width=\"608\">\n<\/p>\n\n<p>\n\t\u00a0\n<\/p>\n\n<p>\n\tVajadused v\u00f5ib seada t\u00e4htsuse j\u00e4rjekorda, nii et p\u00f5hilised vajadused on vaja saavutada, enne kui on v\u00f5imalik liikuda astmetelt k\u00f5rgemate vajaduste saavutamise poole. Kuid vajaduste j\u00e4rjekord ei ole j\u00e4ik, vaid v\u00f5ib s\u00f5ltuda v\u00e4listest tingimustest v\u00f5i individuaalsetest erinevustes. Samuti on k\u00e4itumine enamasti motiveeritud mitmetest vajadustest v\u00f5i l\u00e4htub korraga rohkem kui \u00fchest p\u00f5hivajadusest.\n<\/p>\n\n<p>\n\tVajaduste p\u00fcramiidi aluseks on f\u00fcsioloogilised vajadused, n\u00e4iteks uni, s\u00f6\u00f6mine; teiselt astmel leiame turvalisuse vajaduse ehk vajaduse olla ohutus, kindlas olukorras. Esimest kahte astet nimetatakse bioloogilisteks p\u00f5hivajadusteks, kolmandat ja neljandat astet aga ps\u00fchholoogilisteks vajadusteks. Kolmandal astmel on (kellegi hulka) kuulumise ning meeldimise ja armastuse vajadus. Neljandal astmel on kirjeldatud hinnanguga seotud vajadusi, nagu tunnustuse, heakskiidu, kompetentsuse ja saavutuste vajadust. P\u00fcramiidi tipus, ehk viiendal astmel on eneseteostusega seotud vajadused ning kuuendal astmel on autonoomia vajadus (lisatud Tay ja Dieneri poolt 2011).\n<\/p>\n\n<p>\n\t<img loading=\"lazy\" decoding=\"async\" alt=\"uus\" data-file_info=\"%7B%22fid%22:%2266793%22,%22view_mode%22:%22default%22,%22type%22:%22media%22%7D\" height=\"32\" src=\"https:\/\/sisu.ut.ee\/wp-content\/uploads\/sites\/529\/uued_moisted.png\" title=\"\" width=\"32\">\u00a0Inimesi motiveerivate faktoritena on v\u00e4lja toodud j\u00e4rgmised vajadused:\n<\/p>\n\n<ul style=\"margin-left: 40px\">\n\t<li>\n\t\tSaavutusvajadus: soov edu saavutada ja hirm ebaedu ees;\n\t<\/li>\n\t<li>\n\t\tOsalusvajadus: p\u00fc\u00fce luua ja s\u00e4ilitada suhteid, teistega s\u00f5ltuvus, konformism (sotsiaalsete standarditega kohanemine);\n\t<\/li>\n\t<li>\n\t\tDomineerimine ja v\u00f5imuiha;\n\t<\/li>\n\t<li>\n\t\tAltruism, s\u00fcmpaatia ja empaatia.\n\t<\/li>\n<\/ul>\n\n<p>\n\tUurijad on v\u00e4lja toonud \u00f5pimotivatsiooni seost kolme vajadusega: a) kompetentsuse vajadusega ehk ma tean, mida minult oodatakse, reeglid on minu jaoks selged ja minu jaoks m\u00f5testatud; b) seotuse v\u00f5i kuulumise vajadusega ehk tean, et teised on minu vastu hoolivad, et ma meeldin neile; c) autonoomia vajadusega ehk ma tean, miks tegevus on minu jaoks v\u00e4\u00e4rtuslik, vajalik v\u00f5i oluline.\n<\/p>\n","protected":false},"excerpt":{"rendered":"<p>VAJADUSED KUI MOTIVATSIOONI ASPEKT \u00dcheks oluliseks motivatsiooni aspektiks on vajaduste ja motiivide hierarhia, kus k\u00f5ige aluseks on bioloogilised p\u00f5hivajadused, neile j\u00e4rgnevad ps\u00fchholoogilised vajadused ning hierarhias k\u00f5ige k\u00f5rgemal asub autonoomia vajadus. Joonisel 2 on kirjeldatud Maslow poolt loodud vajaduste hierarhiat, mida &#8230;<\/p>\n","protected":false},"author":263,"featured_media":0,"parent":0,"menu_order":0,"comment_status":"closed","ping_status":"closed","template":"","meta":{"_acf_changed":false,"inline_featured_image":false,"footnotes":""},"class_list":["post-12","page","type-page","status-publish","hentry"],"acf":[],"_links":{"self":[{"href":"https:\/\/sisu.ut.ee\/edujategu5\/wp-json\/wp\/v2\/pages\/12","targetHints":{"allow":["GET"]}}],"collection":[{"href":"https:\/\/sisu.ut.ee\/edujategu5\/wp-json\/wp\/v2\/pages"}],"about":[{"href":"https:\/\/sisu.ut.ee\/edujategu5\/wp-json\/wp\/v2\/types\/page"}],"author":[{"embeddable":true,"href":"https:\/\/sisu.ut.ee\/edujategu5\/wp-json\/wp\/v2\/users\/263"}],"replies":[{"embeddable":true,"href":"https:\/\/sisu.ut.ee\/edujategu5\/wp-json\/wp\/v2\/comments?post=12"}],"version-history":[{"count":2,"href":"https:\/\/sisu.ut.ee\/edujategu5\/wp-json\/wp\/v2\/pages\/12\/revisions"}],"predecessor-version":[{"id":116,"href":"https:\/\/sisu.ut.ee\/edujategu5\/wp-json\/wp\/v2\/pages\/12\/revisions\/116"}],"wp:attachment":[{"href":"https:\/\/sisu.ut.ee\/edujategu5\/wp-json\/wp\/v2\/media?parent=12"}],"curies":[{"name":"wp","href":"https:\/\/api.w.org\/{rel}","templated":true}]}}