{"id":25,"date":"2024-04-04T07:34:21","date_gmt":"2024-04-04T04:34:21","guid":{"rendered":"https:\/\/sisu.ut.ee\/edujategu4\/avaleht-1\/"},"modified":"2024-04-17T16:05:31","modified_gmt":"2024-04-17T13:05:31","slug":"avaleht-1","status":"publish","type":"page","link":"https:\/\/sisu.ut.ee\/edujategu4\/avaleht-1\/","title":{"rendered":"Alustava ettev\u00f5tte eelarve koostamine"},"content":{"rendered":"<h1 class=\"wp-block-heading\"><img loading=\"lazy\" decoding=\"async\" title=\"sissejuhatus_01.png\" width=\"40\" height=\"40\" class=\"alignnone wp-image-21\" src=\"https:\/\/sisu.ut.ee\/wp-content\/uploads\/sites\/507\/sissejuhatus_01.png\" alt=\"sissejuhatus\"> <span style=\"color: #28aae1;\">ALUSTAVA ETTEV\u00d5TTE EELARVE KOOSTAMINE<\/span><\/h1>\n\n\n<p><span style=\"font-size: 22px;\"><span style=\"color: #28aae1;\"><b>Ettev\u00f5tlusp\u00e4devus:<\/b>\u00a0finantskirjaoskus<\/span><\/span><\/p>\n\n<p><img loading=\"lazy\" decoding=\"async\" title=\"\" src=\"https:\/\/sisu.ut.ee\/wp-content\/uploads\/sites\/528\/naide.png\" alt=\"n\u00e4ide\" width=\"52\" height=\"52\" data-file_info=\"%7B%22fid%22:%2265945%22,%22view_mode%22:%22default%22,%22type%22:%22media%22%7D\">\u00a0<em>A budget is more than just a series of numbers on a page, it is an embodiment of your value. Barac Obama<\/em><\/p>\n\n<p><img loading=\"lazy\" decoding=\"async\" title=\"\" src=\"https:\/\/sisu.ut.ee\/wp-content\/uploads\/sites\/528\/sissejuhatus.png\" alt=\"sissejuhatus\" width=\"32\" height=\"32\" data-file_info=\"%7B%22fid%22:%2265946%22,%22view_mode%22:%22default%22,%22type%22:%22media%22%7D\">\u00a0<b>Eelteadmiste kirjeldus<\/b>: \u00d5piobjekt ei eelda eelnevaid teadmisi eelarve koostamisest. Kasuks tulevad kogemused isikliku eelarve koostamisest ja haldamisest.<\/p>\n\n<p><img loading=\"lazy\" decoding=\"async\" title=\"\" src=\"https:\/\/sisu.ut.ee\/wp-content\/uploads\/sites\/528\/sissejuhatus.png\" alt=\"sissejuhatus\" width=\"32\" height=\"32\" data-file_info=\"%7B%22fid%22:%2265946%22,%22view_mode%22:%22default%22,%22type%22:%22media%22%7D\">\u00a0<b>\u00d5piobjekti maht<\/b>: (kuni) 8h.<\/p>\n\n<p><img loading=\"lazy\" decoding=\"async\" title=\"\" src=\"https:\/\/sisu.ut.ee\/wp-content\/uploads\/sites\/528\/sissejuhatus.png\" alt=\"sissejuhatus\" width=\"32\" height=\"32\" data-file_info=\"%7B%22fid%22:%2265946%22,%22view_mode%22:%22default%22,%22type%22:%22media%22%7D\">\u00a0<b>\u00d5piobjekti eesm\u00e4rk<\/b>:\u00a0\u00d5piobjekti eesm\u00e4rgiks on alustava ettev\u00f5tte eelarve koostamise teoreetiliste teadmiste omandamine ja harjutamine.<\/p>\n\n<p><img loading=\"lazy\" decoding=\"async\" title=\"\" src=\"https:\/\/sisu.ut.ee\/wp-content\/uploads\/sites\/528\/sissejuhatus.png\" alt=\"sissejuhatus\" width=\"32\" height=\"32\" data-file_info=\"%7B%22fid%22:%2265946%22,%22view_mode%22:%22default%22,%22type%22:%22media%22%7D\">\u00a0<b>Sihtr\u00fchma kirjeldus\u00a0<\/b><\/p>\n\n<p>\u00d5piobjekti sihtr\u00fchmaks on nii \u00fcli\u00f5pilased kui ka g\u00fcmnaasiumi\u00f5pilased, kes on l\u00e4bimas oma esimest ettev\u00f5tluskursust. Lisaks on kursus m\u00f5eldud ka alustavatele ettev\u00f5tjatele ja v\u00e4ikeettev\u00f5tjatele, kes soovivad rohkem teada eelarve koostamisest.<\/p>\n\n<p><img loading=\"lazy\" decoding=\"async\" title=\"\" src=\"https:\/\/sisu.ut.ee\/wp-content\/uploads\/sites\/528\/sissejuhatus.png\" alt=\"sissejuhatus\" width=\"32\" height=\"32\" data-file_info=\"%7B%22fid%22:%2265946%22,%22view_mode%22:%22default%22,%22type%22:%22media%22%7D\">\u00a0<b>\u00d5piv\u00e4ljundid:\u00a0<\/b><\/p>\n\n\u00d5piobjekti l\u00e4bi t\u00f6\u00f6tanud \u00f5ppur:\n<ul>\n \t<li>omab \u00fclevaadet erinevatest rahastamisallikatest;<\/li>\n \t<li>oskab eristada ettev\u00f5tte k\u00e4ivitus- ja tegevusperioodi;<\/li>\n \t<li>teab toote\/teenuse hinnastamise p\u00f5hialuseid;<\/li>\n \t<li>omab \u00fclevaadet ettev\u00f5tte tuludest ja nende kujunemisest;<\/li>\n \t<li>teab ettev\u00f5tte p\u00f5hi- ja muutuvkulusid;<\/li>\n \t<li>oskab arvutada palka, amortisatsiooni ja teab peamiseid k\u00e4ibemaksum\u00e4\u00e4rasid;<\/li>\n \t<li>oskab koostada alustava ettev\u00f5tte lihtsustatud eelarvet.<\/li>\n<\/ul>\n<p>\u00d5piobjekti saab kasutada iseseisvaks lugemiseks ja l\u00e4bi t\u00f6\u00f6tamiseks. Materjali teoreetilisi aluseid aitavad kinnistada l\u00fchitestid ning teoreetilise osa praktilist v\u00e4ljundit aitab j\u00e4lgida naidisjuhtum.<\/p>\n\n<p><img loading=\"lazy\" decoding=\"async\" title=\"\" src=\"https:\/\/sisu.ut.ee\/wp-content\/uploads\/sites\/528\/sissejuhatus.png\" alt=\"sissejuhatus\" width=\"32\" height=\"32\" data-file_info=\"%7B%22fid%22:%2265946%22,%22view_mode%22:%22default%22,%22type%22:%22media%22%7D\">\u00a0<b>\u00d5pijuhis<\/b><\/p>\n\n<p> Kursuse l\u00e4bimise eelduseks on arvutikasutuse oskus ja v\u00f5imalus. Lisaks internetiv\u00f5imalusele on vaja kasutada ka Excelit ning vajadusel kalkulaatorit.\n\n\u00d5piobjekt sisaldab teoreetilisi materjale ja nende kinnistamis\u00fclesandeid. Paralleelselt teoreetilise k\u00e4sitlusega lahendatakse naidisjuhtumit v\u00e4ljam\u00f5eldud ettev\u00f5ttest Taskur O\u00dc, kes on alustamas s\u00fclearvutitaskute tootmisega.\n\n\u00d5piobjekt on disainitud abistama t\u00e4ikasvanud \u00f5ppijat ettev\u00f5tlusega alustamisel eelarve koostamise teemade l\u00e4bimisel.\n\n\u00d5piobjekti l\u00e4bimiseks on arvestatud 8 tundi, mis koosneb iseseisvast t\u00f6\u00f6st teoreetilise k\u00e4sitluse ja selle kinnistamis\u00fclesannete l\u00e4bimiseks ning praktilise naidisjuhtumi ja sellega seonduvate harjutuste l\u00e4bi tegemisest.<\/p>\n\n<p><img loading=\"lazy\" decoding=\"async\" title=\"\" src=\"https:\/\/sisu.ut.ee\/wp-content\/uploads\/sites\/528\/sissejuhatus.png\" alt=\"sissejuhatus\" width=\"32\" height=\"32\" data-file_info=\"%7B%22fid%22:%2265946%22,%22view_mode%22:%22default%22,%22type%22:%22media%22%7D\">\u00a0<b>\u00d5ppematerjali \u00fclesehitus<\/b><\/p>\n\n\u00d5piobjekt on \u00fcles ehitatud teemade kaupa l\u00e4htudes eelarve koostamise loogikast.\n\n\u00d5piobjekt on \u00fclesehituslikult jaotatud teoreetiliseks k\u00e4sitluseks, mis h\u00f5lmab kuut teemavaldkonda: eelarve ja eelarvestamine, ettev\u00f5tte k\u00e4ivitus- ja tegevusperiood, kulud, hinnakujundus, tulud ja eelarve tasakaal. Teoreetilist k\u00e4sitlust ilmestab naidisjuhtum koos harjutus\u00fclesannetega. Soovituslik on teemad l\u00e4bida etteantud j\u00e4rjekorras, kuna sel viisil on v\u00f5imalik saada materjalidest maksimaalne kasu.","protected":false},"excerpt":{"rendered":"<p>ALUSTAVA ETTEV\u00d5TTE EELARVE KOOSTAMINE Ettev\u00f5tlusp\u00e4devus:\u00a0finantskirjaoskus \u00a0A budget is more than just a series of numbers on a page, it is an embodiment of your value. Barac Obama \u00a0Eelteadmiste kirjeldus: \u00d5piobjekt ei eelda eelnevaid teadmisi eelarve koostamisest. Kasuks tulevad kogemused isikliku &#8230;<\/p>\n","protected":false},"author":263,"featured_media":0,"parent":0,"menu_order":0,"comment_status":"closed","ping_status":"closed","template":"","meta":{"_acf_changed":false,"inline_featured_image":false,"footnotes":""},"class_list":["post-25","page","type-page","status-publish","hentry"],"acf":[],"_links":{"self":[{"href":"https:\/\/sisu.ut.ee\/edujategu4\/wp-json\/wp\/v2\/pages\/25","targetHints":{"allow":["GET"]}}],"collection":[{"href":"https:\/\/sisu.ut.ee\/edujategu4\/wp-json\/wp\/v2\/pages"}],"about":[{"href":"https:\/\/sisu.ut.ee\/edujategu4\/wp-json\/wp\/v2\/types\/page"}],"author":[{"embeddable":true,"href":"https:\/\/sisu.ut.ee\/edujategu4\/wp-json\/wp\/v2\/users\/263"}],"replies":[{"embeddable":true,"href":"https:\/\/sisu.ut.ee\/edujategu4\/wp-json\/wp\/v2\/comments?post=25"}],"version-history":[{"count":12,"href":"https:\/\/sisu.ut.ee\/edujategu4\/wp-json\/wp\/v2\/pages\/25\/revisions"}],"predecessor-version":[{"id":196,"href":"https:\/\/sisu.ut.ee\/edujategu4\/wp-json\/wp\/v2\/pages\/25\/revisions\/196"}],"wp:attachment":[{"href":"https:\/\/sisu.ut.ee\/edujategu4\/wp-json\/wp\/v2\/media?parent=25"}],"curies":[{"name":"wp","href":"https:\/\/api.w.org\/{rel}","templated":true}]}}