{"id":23,"date":"2024-04-04T07:34:21","date_gmt":"2024-04-04T04:34:21","guid":{"rendered":"https:\/\/sisu.ut.ee\/edujategu4\/naidisjuhtumi-8-osa\/"},"modified":"2024-04-17T15:40:17","modified_gmt":"2024-04-17T12:40:17","slug":"naidisjuhtumi-8-osa","status":"publish","type":"page","link":"https:\/\/sisu.ut.ee\/edujategu4\/naidisjuhtumi-8-osa\/","title":{"rendered":"N\u00e4idisjuhtumi 8. osa"},"content":{"rendered":"<h2><strong><img loading=\"lazy\" decoding=\"async\" title=\"\" src=\"https:\/\/sisu.ut.ee\/wp-content\/uploads\/sites\/528\/ulesanne.png\" alt=\"ylesanne\" width=\"32\" height=\"32\" data-file_info=\"%7B%22fid%22:65948,%22view_mode%22:%22default%22,%22type%22:%22media%22%7D\"><span style=\"color: #e31c79;\">\u00a0N\u00e4idisjuhtumi 8. osa<\/span><\/strong><\/h2>\n<p>Taskuri meeskond koostas oma esimese tegevusaasta eelarve, kasutades selleks kassap\u00f5hist lihtsustatud eelarvevormi.<\/p>\n<div><strong>Tabel 8. <\/strong>Taskur O\u00dc meeskond koostas esimese tegevusaasta eelarve<\/div>\n<div>vt suuremalt\u00a0<span class=\"file media-element file-os-files-link\" data-file_info=\"%7B%22fid%22:%2266273%22,%22view_mode%22:%22os_files_link%22,%22type%22:%22media%22%7D\"><img loading=\"lazy\" decoding=\"async\" class=\"file-icon\" src=\"\/profiles\/openscholar\/modules\/os\/modules\/os_files\/icons\/application-pdf.svg\" alt=\"\" width=\"40\" height=\"38\"> <a href=\"https:\/\/sisu.ut.ee\/wp-content\/uploads\/sites\/528\/eelarve_vorm_lihtsustatud_taskur.pdf\" target=\"_blank\" rel=\"noopener\">eelarve_vorm_lihtsustatud_taskur.pdf<\/a><\/span><\/div>\n<div>\u00a0<\/div>\n<div>\n<p><img loading=\"lazy\" decoding=\"async\" title=\"\" src=\"https:\/\/sisu.ut.ee\/wp-content\/uploads\/sites\/528\/eelarve.png\" alt=\"eelarve\" width=\"911\" height=\"1045\" data-file_info=\"%7B%22fid%22:%2266271%22,%22view_mode%22:%22default%22,%22type%22:%22media%22%7D\"><\/p>\n<\/div>\n<p>*Eelarves ei ole kajastatud lihtsuse huvides amortisatsioonikulu.<\/p>\n<p><strong>Eelarve seletuskiri<\/strong><\/p>\n<p>Taskur O\u00dc tulud koosnevad esimesel aastal j\u00e4rgnevatest allikatest:<\/p>\n<ul>\n<li>S\u00fclearvutitaskute Viltor, Vihmor, Kontor ja Nator m\u00fc\u00fcgist (kokku 39 996\u20ac);<\/li>\n<li>Osakapitali sissemaksest (2500\u20ac);<\/li>\n<li>Starditoetuse raames saadud toetusest (kokku 12649\u20ac);<\/li>\n<li>Pikaajalisest laenust (9000\u20ac)<\/li>\n<li>Osanike sissemaksetest (3000\u20ac)<\/li>\n<\/ul>\n<p>Taskur O\u00dc kulud koosnevad investeeringutest, muutuv- ja p\u00fcsikuludest.<\/p>\n<p><b>Investeeringukulud<\/b> moodustuvad<b> <\/b>vajalikest seadmetest, m\u00f6\u00f6blist ja kodulehe ning veebipoe loomise kuludest. Vaata tabeleid 3 ja 4.<\/p>\n<p>Muutuvkuludena on toodud palgakulu, postikulud ning kulutused kangastele ja muudele materjalidele, v\u00e4ikevahenditele ja pakkematerjalidele. Vaata tabelit 5 ja naidisjuhtumi 5. osa selgitust.<\/p>\n<p>P\u00fcsikuludena on toodud ruumide rent, kodulehe ja veebipoe haldustasu, turunduskulud, kommunaalteenused, elekter, kontoritarbed, seadmete hooldus, kindlustus, pangakulu, pikaajalise laenu tagasimakse, raamatpidamine, \u00f5igusabi, internet ja telefon, koolituskulu ja k\u00e4ibemaks. Vaata tabelit 6. ja naidisjuhtumi 6. osa selgitust.<\/p>\n<p>Taskuri esimene t\u00e4istegevusaasta jooksul \u00fcletavad mitmel kuul kulud ettev\u00f5tte tulud, kuid seda saab pidada alustava ettev\u00f5tte kontekstis tavap\u00e4raseks. Samas on rahavoog positiivne, st. ettev\u00f5ttel on piisavalt raha, et ettev\u00f5tlusekulusid tasuda.<\/p>\n<hr>\n<p>\u00a0<\/p>\n<p><span style=\"color: #e31c79;\"><img loading=\"lazy\" decoding=\"async\" title=\"\" src=\"https:\/\/sisu.ut.ee\/wp-content\/uploads\/sites\/528\/test.png\" alt=\"test\" width=\"32\" height=\"32\" data-file_info=\"%7B%22fid%22:65955,%22view_mode%22:%22default%22,%22type%22:%22media%22%7D\"><strong>\u00a0\u00dclesanne<\/strong><\/span><\/p>\n<p>\u00a0<\/p>\n\n\n<div class=\"h5p-iframe-wrapper\"><div class=\"video-placeholder-wrapper video-placeholder-wrapper--fixed\" style=\"height: 366px;\">\n\t\t\t    <div class=\"video-placeholder d-flex justify-content-center align-items-center\">\n\t\t\t        <div class=\"overlay text-white p-2 w-100 text-center d-block justify-content-center align-items-center\">\n\t\t\t            <div>Kolmandate osapoolte sisu n\u00e4gemiseks palun n\u00f5ustu k\u00fcpsistega.<\/div>\n\t\t\t            <button class=\"btn btn-secondary btn-sm mt-1 consent-change\">Muuda n\u00f5usolekut<\/button>\n\t\t\t        <\/div>\n\t\t\t    <\/div>\n\t\t\t<\/div>\n<\/div>\n\n\n\n<hr>\n<p>\n\t\u00a0\n<\/p>","protected":false},"excerpt":{"rendered":"<p>\u00a0N\u00e4idisjuhtumi 8. osa Taskuri meeskond koostas oma esimese tegevusaasta eelarve, kasutades selleks kassap\u00f5hist lihtsustatud eelarvevormi. Tabel 8. Taskur O\u00dc meeskond koostas esimese tegevusaasta eelarve vt suuremalt\u00a0 eelarve_vorm_lihtsustatud_taskur.pdf \u00a0 *Eelarves ei ole kajastatud lihtsuse huvides amortisatsioonikulu. Eelarve seletuskiri Taskur O\u00dc tulud &#8230;<\/p>\n","protected":false},"author":263,"featured_media":0,"parent":0,"menu_order":0,"comment_status":"closed","ping_status":"closed","template":"","meta":{"_acf_changed":false,"inline_featured_image":false,"footnotes":""},"class_list":["post-23","page","type-page","status-publish","hentry"],"acf":[],"_links":{"self":[{"href":"https:\/\/sisu.ut.ee\/edujategu4\/wp-json\/wp\/v2\/pages\/23","targetHints":{"allow":["GET"]}}],"collection":[{"href":"https:\/\/sisu.ut.ee\/edujategu4\/wp-json\/wp\/v2\/pages"}],"about":[{"href":"https:\/\/sisu.ut.ee\/edujategu4\/wp-json\/wp\/v2\/types\/page"}],"author":[{"embeddable":true,"href":"https:\/\/sisu.ut.ee\/edujategu4\/wp-json\/wp\/v2\/users\/263"}],"replies":[{"embeddable":true,"href":"https:\/\/sisu.ut.ee\/edujategu4\/wp-json\/wp\/v2\/comments?post=23"}],"version-history":[{"count":6,"href":"https:\/\/sisu.ut.ee\/edujategu4\/wp-json\/wp\/v2\/pages\/23\/revisions"}],"predecessor-version":[{"id":164,"href":"https:\/\/sisu.ut.ee\/edujategu4\/wp-json\/wp\/v2\/pages\/23\/revisions\/164"}],"wp:attachment":[{"href":"https:\/\/sisu.ut.ee\/edujategu4\/wp-json\/wp\/v2\/media?parent=23"}],"curies":[{"name":"wp","href":"https:\/\/api.w.org\/{rel}","templated":true}]}}