{"id":11,"date":"2024-04-04T07:34:20","date_gmt":"2024-04-04T04:34:20","guid":{"rendered":"https:\/\/sisu.ut.ee\/edujategu4\/6-eelarve-tasakaal\/"},"modified":"2024-04-17T16:06:55","modified_gmt":"2024-04-17T13:06:55","slug":"6-eelarve-tasakaal","status":"publish","type":"page","link":"https:\/\/sisu.ut.ee\/edujategu4\/6-eelarve-tasakaal\/","title":{"rendered":"6. EELARVE TASAKAAL"},"content":{"rendered":"<h1 class=\"wp-block-heading\"><img loading=\"lazy\" decoding=\"async\" title=\"sissejuhatus_01.png\" width=\"40\" height=\"40\" class=\"alignnone wp-image-21\" src=\"https:\/\/sisu.ut.ee\/wp-content\/uploads\/sites\/507\/sissejuhatus_01.png\" alt=\"sissejuhatus\"> <span style=\"color: #28aae1;\">EELARVE TASAKAAL<\/span><\/h1>\n\n<p>\n\t<img loading=\"lazy\" decoding=\"async\" alt=\"uus\" data-file_info=\"%7B%22fid%22:65947,%22view_mode%22:%22default%22,%22type%22:%22media%22%7D\" height=\"32\" src=\"https:\/\/sisu.ut.ee\/wp-content\/uploads\/sites\/528\/uued_moisted.png\" title=\"\" width=\"32\"><span style=\"color:#e1cd00\">\u00a0<b><span lang=\"ET\"><span style=\"line-height:107%\">Eelarve tasakaal<\/span><\/span><\/b><\/span><span lang=\"ET\"><span style=\"line-height:107%\"><span style=\",serif\"><span style=\"color:#e1cd00\"> <\/span>on <span style=\"background:white\">eelarve tulude ja kulude v\u00f5rdsus. Kulude \u00fclekaal tulude suhtes toob kaasa kahjumi, tulude \u00fclekaal kulude suhtes aga kasumi. Seega on eelarve koostamisel oluline j\u00e4lgida seda, kas tulud katavad tekkinud kulud ning anda hinnang, kas planeeritud kulud on optimaalsed, st. kas on m\u00f5istlik kulusid optimeerida v\u00f5i tegevuse j\u00e4tkamiseks \u00fcldse tegevusmahtusid suurendada. Seega on keskseks rahalise otsuste tegemiseks see, kuidas majandustulemus muutub erinevate tegevusmahtude tingimustes.<\/span><\/span><\/span><\/span>\n<\/p>\n<p>\n\t<span lang=\"ET\"><span style=\"line-height:107%\"><span style=\",serif\">Kasumiarvutustes kasutatakse kahte n\u00e4itajat: \u00fchiku piirkasumit ja piirkasumi m\u00e4\u00e4ra.<\/span><\/span><\/span>\n<\/p>\n<p>\n\t<span style=\"color:#e1cd00\"><img loading=\"lazy\" decoding=\"async\" alt=\"uus\" data-file_info=\"%7B%22fid%22:65947,%22view_mode%22:%22default%22,%22type%22:%22media%22%7D\" height=\"32\" src=\"https:\/\/sisu.ut.ee\/wp-content\/uploads\/sites\/528\/uued_moisted.png\" title=\"\" width=\"32\">\u00a0<b><span lang=\"ET\"><span style=\"line-height:107%\">\u00dchiku piirkasum <\/span><\/span><\/b><\/span><span lang=\"ET\"><span style=\"line-height:107%\"><span style=\",serif\"><span style=\"color:#e1cd00\">ehk <b>j\u00e4\u00e4ktulu <\/b><\/span>n\u00e4itab, kui palju suureneb kasum v\u00f5i v\u00e4heneb kahjum toodangu m\u00fc\u00fcgimahu suurenemisel \u00fche \u00fchiku v\u00f5rra. <\/span><\/span><\/span>\n<\/p>\n<p>\n\t<img loading=\"lazy\" decoding=\"async\" alt=\"uus\" data-file_info=\"%7B%22fid%22:65947,%22view_mode%22:%22default%22,%22type%22:%22media%22%7D\" height=\"32\" src=\"https:\/\/sisu.ut.ee\/wp-content\/uploads\/sites\/528\/uued_moisted.png\" title=\"\" width=\"32\">\u00a0<span style=\"color:#e1cd00\"><b><span lang=\"ET\"><span style=\"line-height:107%\">\u00dcHIKU PIIRKASUM = \u00dcHIKU HIND \u2013 \u00dcHIKU MUUTUVKULU<\/span><\/span><\/b><\/span>\n<\/p>\n<p style=\"text-align:justify\">\n\t<img loading=\"lazy\" decoding=\"async\" alt=\"uus\" data-file_info=\"%7B%22fid%22:65947,%22view_mode%22:%22default%22,%22type%22:%22media%22%7D\" height=\"32\" src=\"https:\/\/sisu.ut.ee\/wp-content\/uploads\/sites\/528\/uued_moisted.png\" title=\"\" width=\"32\"><span style=\"color:#e1cd00\">\u00a0<\/span><span style=\"line-height:115%\"><span style=\"color:#e1cd00\"><b><span lang=\"ET\"><span style=\"line-height:115%\">Piirkasumi m\u00e4\u00e4r<\/span><\/span><\/b><\/span><span lang=\"ET\"><span style=\"line-height:115%\"><span style=\",serif\"><span style=\"color:#e1cd00\"> <\/span>n\u00e4itab piirkasumi suhet m\u00fc\u00fcgitulusse Piirkasumi m\u00e4\u00e4r v\u00e4ljendatakse tavaliselt protsentides ja see on sisuliselt rentaablusn\u00e4itaja. Piirkasumi m\u00e4\u00e4ra arvutusvalem:<\/span><\/span><\/span><\/span>\n<\/p>\n<p style=\"text-align:justify\">\n\t<img loading=\"lazy\" decoding=\"async\" alt=\"uus\" data-file_info=\"%7B%22fid%22:65947,%22view_mode%22:%22default%22,%22type%22:%22media%22%7D\" height=\"32\" src=\"https:\/\/sisu.ut.ee\/wp-content\/uploads\/sites\/528\/uued_moisted.png\" title=\"\" width=\"32\"><span style=\"color:#e1cd00\">\u00a0<span style=\"line-height:115%\"><b><span lang=\"ET\"><span style=\"line-height:115%\">PIIRKASUMI M\u00c4\u00c4R= PIIRKASUM\/M\u00dc\u00dcGITULU<\/span><\/span><\/b><\/span><\/span>\n<\/p>\n<p style=\"text-align:justify\">\n\t<span style=\"line-height:115%\"><span lang=\"ET\"><span style=\"line-height:115%\"><span style=\",serif\">Piirkasumim\u00e4\u00e4ra v\u00f5ib arvutada ka toote kohta, jagades \u00fche toote piirkasumi toote m\u00fc\u00fcgihinnaga.<\/span><\/span><\/span><\/span>\n<\/p>\n<p style=\"text-align:justify\">\n\t<span style=\"line-height:115%\"><span lang=\"ET\"><span style=\"line-height:115%\"><span style=\",serif\">Muutuvkulude ja m\u00fc\u00fcgitulude suhet nimetatakse <b><span style=\"color:#e1cd00\">muutuvkulude m\u00e4\u00e4raks<\/span> <\/b>ja seda arvutakse toote kohta.<\/span><\/span><\/span><\/span>\n<\/p>\n<p style=\"text-align:justify\">\n\t<span style=\"line-height:115%\"><span lang=\"ET\"><span style=\"line-height:115%\"><span style=\",serif\">Muutuvkulude m\u00e4\u00e4ra v\u00e4ljendatakse tavaliselt protsentides. Muutuvkulude arvutamisel kehtib j\u00e4rgnev seos:<\/span><\/span><\/span><\/span>\n<\/p>\n<p style=\"text-align:justify\">\n\t<span style=\"color:#e1cd00\"><img loading=\"lazy\" decoding=\"async\" alt=\"uus\" data-file_info=\"%7B%22fid%22:65947,%22view_mode%22:%22default%22,%22type%22:%22media%22%7D\" height=\"32\" src=\"https:\/\/sisu.ut.ee\/wp-content\/uploads\/sites\/528\/uued_moisted.png\" title=\"\" width=\"32\">\u00a0<span style=\"line-height:115%\"><b><span lang=\"ET\"><span style=\"line-height:115%\">PIIRKASUMIM\u00c4\u00c4R= 100% \u2013 MUUTUVKULUDE M\u00c4\u00c4R<\/span><\/span><\/b><\/span><\/span>\n<\/p>\n<p>\n\t<img loading=\"lazy\" decoding=\"async\" alt=\"uus\" data-file_info=\"%7B%22fid%22:65947,%22view_mode%22:%22default%22,%22type%22:%22media%22%7D\" height=\"32\" src=\"https:\/\/sisu.ut.ee\/wp-content\/uploads\/sites\/528\/uued_moisted.png\" title=\"\" width=\"32\"><span style=\"color:#e1cd00\">\u00a0<\/span><b><span lang=\"ET\"><span style=\"line-height:107%\"><span style=\",serif\"><span style=\"color:#e1cd00\">Tasuvuspunkt ehk kasumil\u00e4vepunkt<\/span> <\/span><\/span><\/span><\/b><span lang=\"ET\"><span style=\"line-height:107%\"><span style=\",serif\">on tase, mil m\u00fc\u00fcgitulu katab t\u00e4pselt \u00e4ra muutuv- ja p\u00fcsikulud ning kasum v\u00f5rdub nulliga. Kasum tekib alles siis, kui m\u00fc\u00fcgimaht suureneb \u00fcle tasuvuspunkti.<\/span><\/span><\/span>\n<\/p>\n<p>\n\t<span lang=\"ET\"><span style=\"line-height:107%\"><span style=\",serif\">Tasuvuspunkti valem on j\u00e4rgmine:<\/span><\/span><\/span>\n<\/p>\n<p>\n\t<span style=\"color:#e1cd00\"><img loading=\"lazy\" decoding=\"async\" alt=\"uus\" data-file_info=\"%7B%22fid%22:65947,%22view_mode%22:%22default%22,%22type%22:%22media%22%7D\" height=\"32\" src=\"https:\/\/sisu.ut.ee\/wp-content\/uploads\/sites\/528\/uued_moisted.png\" title=\"\" width=\"32\">\u00a0<b><span lang=\"ET\"><span style=\"line-height:107%\">TASUVUSPUNKT \u00dcHIKUTES = P\u00dcSIKULUD\/\u00dcHIKU PIIRKASUM<\/span><\/span><\/b><\/span>\n<\/p>\n<ol style=\"list-style-type:lower-alpha\">\n<li class=\"CxSpMiddle\">\n\t\t<span lang=\"ET\"><span style=\"line-height:107%\"><span style=\",serif\">Puuduva kasumi korral<\/span><\/span><\/span>\n\t<\/li>\n<\/ol>\n<p class=\"CxSpMiddle\" style=\"margin-left:36.0pt\">\n\t<b><span lang=\"ET\"><span style=\"line-height:107%\"><span style=\",serif\">TULUD = KULUD<\/span><\/span><\/span><\/b>\n<\/p>\n<ol start=\"2\" style=\"list-style-type:lower-alpha\">\n<li class=\"CxSpMiddle\">\n\t\t<span lang=\"ET\"><span style=\"line-height:107%\"><span style=\",serif\">Kasumi\/kahjumi arvutamiseks<\/span><\/span><\/span>\n\t<\/li>\n<\/ol>\n<p class=\"CxSpMiddle\" style=\"margin-left:36.0pt\">\n\t<b><span lang=\"ET\"><span style=\"line-height:107%\"><span style=\",serif\">TULUD \u2013 KULUD = KASUM <\/span><\/span><\/span><\/b>\n<\/p>\n<ol start=\"3\" style=\"list-style-type:lower-alpha\">\n<li class=\"CxSpMiddle\">\n\t\t<span lang=\"ET\"><span style=\"line-height:107%\"><span style=\",serif\">Muutuvkulusid arvestades <\/span><\/span><\/span>\n\t<\/li>\n<\/ol>\n<p>\n\t<img loading=\"lazy\" decoding=\"async\" alt=\"uus\" data-file_info=\"%7B%22fid%22:65947,%22view_mode%22:%22default%22,%22type%22:%22media%22%7D\" height=\"32\" src=\"https:\/\/sisu.ut.ee\/wp-content\/uploads\/sites\/528\/uued_moisted.png\" title=\"\" width=\"32\"><span style=\"color:#e1cd00\">\u00a0<b><span lang=\"ET\">KASUM= M\u00dc\u00dcGIHIND x KOGUS \u2013 MUUTUVKULUD <span style=\"line-height:107%\">(\u00fchikule)<\/span><\/span><\/b><b><span lang=\"ET\"> x KOGUS \u2013 P\u00dcSIKULUD<\/span><\/b><\/span>\n<\/p>\n<ol start=\"4\" style=\"list-style-type:lower-alpha\">\n<li class=\"CxSpMiddle\">\n\t\t<span lang=\"ET\" style=\",serif\">Raha j\u00e4\u00e4ki perioodi l\u00f5pus arvutatakse kumulatiivselt rahavoo tekke valemiga<\/span>\n\t<\/li>\n<\/ol>\n<p>\n\t<span style=\"color:#e1cd00\"><b><span lang=\"ET\">(EELMISE KUU RAHA J\u00c4\u00c4K+ K\u00c4ESOLEVA KUU TULUD) \u2013 K\u00c4ESOLEVA KUU KULUD<\/span><\/b><\/span>\n<\/p>\n<p>\n\t<img loading=\"lazy\" decoding=\"async\" alt=\"uus\" data-file_info=\"%7B%22fid%22:65947,%22view_mode%22:%22default%22,%22type%22:%22media%22%7D\" height=\"32\" src=\"https:\/\/sisu.ut.ee\/wp-content\/uploads\/sites\/528\/uued_moisted.png\" title=\"\" width=\"32\"><span style=\"color:#e1cd00\">\u00a0<b><span lang=\"ET\"><span style=\"line-height:107%\">Eelarve koostamine<\/span><\/span><\/b><\/span>\n<\/p>\n<p>\n\t<span lang=\"ET\"><span style=\"line-height:107%\"><span style=\",serif\">Eelarve koostamisel on v\u00f5imalik valida kassap\u00f5hise ja tekkep\u00f5hise eelarve vahel.<\/span><\/span><\/span>\n<\/p>\n<p>\n\t<span style=\"color:#e1cd00\"><img loading=\"lazy\" decoding=\"async\" alt=\"uus\" data-file_info=\"%7B%22fid%22:65947,%22view_mode%22:%22default%22,%22type%22:%22media%22%7D\" height=\"32\" src=\"https:\/\/sisu.ut.ee\/wp-content\/uploads\/sites\/528\/uued_moisted.png\" title=\"\" width=\"32\">\u00a0<b><span lang=\"ET\"><span style=\"line-height:107%\">Kassap\u00f5hise <\/span><\/span><\/b><\/span><span lang=\"ET\"><span style=\"line-height:107%\"><span style=\",serif\">eelarve puhul on oluline vaid raha liikumine, olenemata, millal toimub toote omandi\u00f5iguse muutus v\u00f5i teenuse osutamine. Kassap\u00f5hine eelarve on kasutusel tavaliselt f\u00fc\u00fcsilisest isikust ettev\u00f5tjatel (FIE).<\/span><\/span><\/span>\n<\/p>\n<p>\n\t<img loading=\"lazy\" decoding=\"async\" alt=\"uus\" data-file_info=\"%7B%22fid%22:65947,%22view_mode%22:%22default%22,%22type%22:%22media%22%7D\" height=\"32\" src=\"https:\/\/sisu.ut.ee\/wp-content\/uploads\/sites\/528\/uued_moisted.png\" title=\"\" width=\"32\"><span style=\"color:#e1cd00\">\u00a0<b><span lang=\"ET\"><span style=\"line-height:107%\">Tekkep\u00f5hise <\/span><\/span><\/b><\/span><span lang=\"ET\"><span style=\"line-height:107%\"><span style=\",serif\">eelarve puhul kajastatakse tulud ja kulud nende tekkimise ajal, s\u00f5ltumata raha liikumisest. Tulu\/kulu loetakse tekkinuks, kui toote omandi\u00f5igus on \u00fcle l\u00e4inud v\u00f5i teenus osutatud. <\/span><\/span><\/span>\n<\/p>\n<p>\n\t<img loading=\"lazy\" decoding=\"async\" alt=\"uus\" data-file_info=\"%7B%22fid%22:65947,%22view_mode%22:%22default%22,%22type%22:%22media%22%7D\" height=\"32\" src=\"https:\/\/sisu.ut.ee\/wp-content\/uploads\/sites\/528\/uued_moisted.png\" title=\"\" width=\"32\"><span style=\"color:#e1cd00\">\u00a0<b><span lang=\"ET\"><span style=\"line-height:107%\">Rahavoogude prognoos<\/span><\/span><\/b><\/span><span lang=\"ET\"><span style=\"line-height:107%\"><span style=\",serif\"><span style=\"color:#e1cd00\"> <\/span>kirjeldab ettev\u00f5tte rahaliste vahendite muutust teataval ajavahemikul. Ettev\u00f5tlusega alustamisel on oluline rahavoogusid planeerida ja juhtida, kuna vabu vahendeid on piiratud hulgal. Esimese tegevusaasta l\u00f5ppemine kahjumiga on ootusp\u00e4rane. Samal ajal peab ettev\u00f5ttel olema piisavalt rahavooge, et katta raskematel perioodidel kulusid varasemate perioodide vahenditest. Ettev\u00f5ttel peab olema likviidsus, st. vahendid t\u00f6\u00f6tasude, arvete ja materjalide soetamiseks.<\/span><\/span><\/span>\n<\/p>\n<p>\n\t<span lang=\"ET\"><span style=\"line-height:107%\"><span style=\",serif\">Alustava ettev\u00f5tte eelarves on rahavoogudena toodud k\u00e4ivitamisperioodil ja tegevusperioodi alguses toimunud laekumised omanike investeeringutest, laenust, toetustest jm. Samuti tuleb \u00e4ra tuua ka k\u00e4ivitusperioodil toimunud kulud. Esimesel tegevusaastal on rahavoogude prognoos koostatud reeglina kuude kaupa, j\u00e4rgnevatel tegevusaastatel v\u00f5ib rahavoogude prognoos olla planeeritud pikemale perioodile (kvartali v\u00f5i aasta kohta). <\/span><\/span><\/span>\n<\/p>\n<hr>\n<p>\n\t<strong><img loading=\"lazy\" decoding=\"async\" alt=\"test\" data-file_info=\"%7B%22fid%22:65955,%22view_mode%22:%22default%22,%22type%22:%22media%22%7D\" height=\"32\" src=\"https:\/\/sisu.ut.ee\/wp-content\/uploads\/sites\/528\/test.png\" title=\"\" width=\"32\"><span style=\"color:#e31c79\">\u00a0\u00dclesanne 6.1<\/span><\/strong>\n<\/p>\n<p>\n\n\n<\/p><div class=\"h5p-iframe-wrapper\"><div class=\"video-placeholder-wrapper video-placeholder-wrapper--fixed\" style=\"height: 366px;\">\n\t\t\t    <div class=\"video-placeholder d-flex justify-content-center align-items-center\">\n\t\t\t        <div class=\"overlay text-white p-2 w-100 text-center d-block justify-content-center align-items-center\">\n\t\t\t            <div>Kolmandate osapoolte sisu n\u00e4gemiseks palun n\u00f5ustu k\u00fcpsistega.<\/div>\n\t\t\t            <button class=\"btn btn-secondary btn-sm mt-1 consent-change\">Muuda n\u00f5usolekut<\/button>\n\t\t\t        <\/div>\n\t\t\t    <\/div>\n\t\t\t<\/div>\n<\/div>\n\n\n<hr>\n<p><b><span lang=\"ET\"><span style=\"line-height: 107%;\">Eelarve koostamise p\u00f5hi:<\/span><\/span><\/b><\/p>\n<p><span lang=\"ET\"><span style=\"line-height: 107%;\">Tekkep\u00f5hise eelarve p\u00f5hi: <\/span><\/span><span class=\"file media-element file-os-files-link-icon\" data-file_info=\"%7B%22fid%22:%2266293%22,%22view_mode%22:%22os_files_link_icon%22,%22type%22:%22media%22%7D\"><img decoding=\"async\" class=\"file-icon\" src=\"\/profiles\/openscholar\/modules\/os\/modules\/os_files\/icons\/x-office-spreadsheet.svg\" alt=\"\"> <a href=\"https:\/\/sisu.ut.ee\/wp-content\/uploads\/sites\/528\/eelarve_vorm_lihtsustatud_taskur.xlsx\">eelarve_vorm_lihtsustatud_taskur.xlsx<\/a>;\u00a0<\/span><span class=\"file media-element file-os-files-link\" data-file_info=\"%7B%22fid%22:%2266577%22,%22view_mode%22:%22os_files_link%22,%22type%22:%22media%22%7D\"><img decoding=\"async\" class=\"file-icon\" src=\"\/profiles\/openscholar\/modules\/os\/modules\/os_files\/icons\/x-office-spreadsheet.svg\" alt=\"\"> <a href=\"https:\/\/sisu.ut.ee\/wp-content\/uploads\/sites\/528\/eelarve_vorm_lihtsustatud_taskur.ods\">eelarve_vorm_lihtsustatud_taskur.ods<\/a><\/span><\/p>\n<p><b><span lang=\"ET\"><span style=\"line-height: 107%;\">Soovituslikud kohad, kus on toodud alustavale ettev\u00f5ttele sobivaid eelarve p\u00f5hju:<\/span><\/span><\/b><\/p>\n<p><span lang=\"ET\"><span style=\"line-height: 107%;\">Starditoetuse eelarve p\u00f5hi, RTK, <\/span><\/span><a href=\"https:\/\/rtk.ee\/media\/2953\/download\"><span style=\"line-height: 107%;\">https:\/\/rtk.ee\/media\/2953\/download<\/span><\/a><\/p>\n<p><span lang=\"ET\"><span style=\"line-height: 107%;\">Kassap\u00f5hine eelarve vorm <\/span><\/span><a href=\"https:\/\/www.hakkanettevotjaks.ee\/wp-content\/uploads\/2019\/05\/Eelarve-vorm-kassap%C3%B5hine.xlsx\"><span style=\"line-height: 107%;\">https:\/\/www.hakkanettevotjaks.ee\/wp-content\/uploads\/2019\/05\/Eelarve-vorm-kassap%C3%B5hine.xlsx<\/span><\/a><\/p>\n<p><span lang=\"ET\"><span style=\"line-height: 107%;\">Ettev\u00f5tluse alustamise toetuse finantseelarve koostamise p\u00f5hi <\/span><\/span><a href=\"https:\/\/www.tootukassa.ee\/sites\/tootukassa.ee\/files\/finantsprognooside_vorm.xlsx\"><span style=\"line-height: 107%;\">https:\/\/www.tootukassa.ee\/sites\/tootukassa.ee\/files\/finantsprognooside_vorm.xlsx<\/span><\/a><\/p>\n<hr>\n<p><span style=\"color: #e31c79;\"><img loading=\"lazy\" decoding=\"async\" title=\"\" src=\"https:\/\/sisu.ut.ee\/wp-content\/uploads\/sites\/528\/ulesanne.png\" alt=\"ylesanne\" width=\"32\" height=\"32\" data-file_info=\"%7B%22fid%22:65948,%22view_mode%22:%22default%22,%22type%22:%22media%22%7D\"><strong>\u00a0<\/strong><\/span><strong><a title=\"\" href=\"https:\/\/sisu.ut.ee\/edujategu4\/n%C3%A4idisjuhtumi-8-osa\" data-url=\"https:\/\/sisu.ut.ee\/edujategu4\/n%C3%A4idisjuhtumi-8-osa\"><span style=\"color: #e31c79;\">Vaata n\u00e4idisjuhtumi 8. osa <\/span><\/a><\/strong><\/p>","protected":false},"excerpt":{"rendered":"<p>EELARVE TASAKAAL \u00a0Eelarve tasakaal on eelarve tulude ja kulude v\u00f5rdsus. Kulude \u00fclekaal tulude suhtes toob kaasa kahjumi, tulude \u00fclekaal kulude suhtes aga kasumi. Seega on eelarve koostamisel oluline j\u00e4lgida seda, kas tulud katavad tekkinud kulud ning anda hinnang, kas planeeritud &#8230;<\/p>\n","protected":false},"author":263,"featured_media":0,"parent":0,"menu_order":0,"comment_status":"closed","ping_status":"closed","template":"","meta":{"_acf_changed":false,"inline_featured_image":false,"footnotes":""},"class_list":["post-11","page","type-page","status-publish","hentry"],"acf":[],"_links":{"self":[{"href":"https:\/\/sisu.ut.ee\/edujategu4\/wp-json\/wp\/v2\/pages\/11","targetHints":{"allow":["GET"]}}],"collection":[{"href":"https:\/\/sisu.ut.ee\/edujategu4\/wp-json\/wp\/v2\/pages"}],"about":[{"href":"https:\/\/sisu.ut.ee\/edujategu4\/wp-json\/wp\/v2\/types\/page"}],"author":[{"embeddable":true,"href":"https:\/\/sisu.ut.ee\/edujategu4\/wp-json\/wp\/v2\/users\/263"}],"replies":[{"embeddable":true,"href":"https:\/\/sisu.ut.ee\/edujategu4\/wp-json\/wp\/v2\/comments?post=11"}],"version-history":[{"count":6,"href":"https:\/\/sisu.ut.ee\/edujategu4\/wp-json\/wp\/v2\/pages\/11\/revisions"}],"predecessor-version":[{"id":199,"href":"https:\/\/sisu.ut.ee\/edujategu4\/wp-json\/wp\/v2\/pages\/11\/revisions\/199"}],"wp:attachment":[{"href":"https:\/\/sisu.ut.ee\/edujategu4\/wp-json\/wp\/v2\/media?parent=11"}],"curies":[{"name":"wp","href":"https:\/\/api.w.org\/{rel}","templated":true}]}}