{"id":11,"date":"2024-04-04T07:34:04","date_gmt":"2024-04-04T04:34:04","guid":{"rendered":"https:\/\/sisu.ut.ee\/edujategu3\/lisalugemist-0\/"},"modified":"2024-04-17T15:53:51","modified_gmt":"2024-04-17T12:53:51","slug":"lisalugemist-0","status":"publish","type":"page","link":"https:\/\/sisu.ut.ee\/edujategu3\/lisalugemist-0\/","title":{"rendered":"Lisalugemist"},"content":{"rendered":"<p>Dwek, C. S. (2017). M\u00f5tteviis : uutmoodi ps\u00fchholoogia edu saavutamiseks : kuidas \u00f5ppida end teostama lapsevanemana, \u00e4ris, koolis, suhetes. Tallinn: Pegasus.<\/p>\n<p>Korte, R. (2018). Identifying as an Entrepreneur: A Social Identity Perspective of the Entrepreneurial Mindset. Advances in Engineering Education, 7(1).<\/p>\n<p>Nadelson, L. S, Nageswaran Palmer, A. D., Benton, T., Basnet, R.,Bissonnette, M., Cantwell, L., Jouflas, G., Elliott, E., Fromm, M., &amp; Lanci, S. (2018). Developing Next Generation of Innovators: Teaching Entrepreneurial Mindset Elements across Disciplines. International Journal of Higher Education, 7(5). https:\/\/doi.org\/10.5430\/ijhe.v7n5p114<\/p>\n<p>Naumann, C. (2017). Entrepreneurial Mindset: A Synthetic Literature Review. Entrepreneurial Business and Economics Review, 5(3), 149-172. <a href=\"http:\/\/doi.org\/10.15678\/EBER.2017.050308\">http:\/\/doi.org\/10.15678\/EBER.2017.050308<\/a><\/p>\n<p>Nightingale, E. (2017). Hoiak. Tallinn: Million Mindset.<\/p>\n<p>Sirk, M. (2020). Kutse\u00f5petajate muutuv professionaalsus. (Doktorit\u00f6\u00f6). Tallinn: Tallinna \u00dclikool. Alapeat\u00fckk 4.2 lk 60-61 ja 5.2 lk 75-80. <a href=\"https:\/\/www.etera.ee\/zoom\/99914\/view?page=5&amp;p=separate&amp;tool\" target=\"_blank\" rel=\"noopener\">https:\/\/www.etera.ee\/zoom\/99914\/view?page=5&amp;p=separate&amp;tool<\/a><\/p>\n","protected":false},"excerpt":{"rendered":"<p>Dwek, C. S. (2017). M\u00f5tteviis : uutmoodi ps\u00fchholoogia edu saavutamiseks : kuidas \u00f5ppida end teostama lapsevanemana, \u00e4ris, koolis, suhetes. Tallinn: Pegasus. Korte, R. (2018). Identifying as an Entrepreneur: A Social Identity Perspective of the Entrepreneurial Mindset. Advances in Engineering Education, &#8230;<\/p>\n","protected":false},"author":263,"featured_media":0,"parent":0,"menu_order":0,"comment_status":"closed","ping_status":"closed","template":"","meta":{"_acf_changed":false,"inline_featured_image":false,"footnotes":""},"class_list":["post-11","page","type-page","status-publish","hentry"],"acf":[],"_links":{"self":[{"href":"https:\/\/sisu.ut.ee\/edujategu3\/wp-json\/wp\/v2\/pages\/11","targetHints":{"allow":["GET"]}}],"collection":[{"href":"https:\/\/sisu.ut.ee\/edujategu3\/wp-json\/wp\/v2\/pages"}],"about":[{"href":"https:\/\/sisu.ut.ee\/edujategu3\/wp-json\/wp\/v2\/types\/page"}],"author":[{"embeddable":true,"href":"https:\/\/sisu.ut.ee\/edujategu3\/wp-json\/wp\/v2\/users\/263"}],"replies":[{"embeddable":true,"href":"https:\/\/sisu.ut.ee\/edujategu3\/wp-json\/wp\/v2\/comments?post=11"}],"version-history":[{"count":2,"href":"https:\/\/sisu.ut.ee\/edujategu3\/wp-json\/wp\/v2\/pages\/11\/revisions"}],"predecessor-version":[{"id":143,"href":"https:\/\/sisu.ut.ee\/edujategu3\/wp-json\/wp\/v2\/pages\/11\/revisions\/143"}],"wp:attachment":[{"href":"https:\/\/sisu.ut.ee\/edujategu3\/wp-json\/wp\/v2\/media?parent=11"}],"curies":[{"name":"wp","href":"https:\/\/api.w.org\/{rel}","templated":true}]}}