{"id":7,"date":"2024-04-04T09:08:55","date_gmt":"2024-04-04T06:08:55","guid":{"rendered":"https:\/\/sisu.ut.ee\/edujategu24\/kavandamine\/"},"modified":"2024-04-16T13:28:24","modified_gmt":"2024-04-16T10:28:24","slug":"kavandamine","status":"publish","type":"page","link":"https:\/\/sisu.ut.ee\/edujategu24\/kavandamine\/","title":{"rendered":"Kavandamine"},"content":{"rendered":"<h1 class=\"wp-block-heading\"><img loading=\"lazy\" decoding=\"async\" title=\"sissejuhatus_01.png\" width=\"40\" height=\"40\" class=\"alignnone wp-image-21\" src=\"https:\/\/sisu.ut.ee\/wp-content\/uploads\/sites\/507\/sissejuhatus_01.png\" alt=\"sissejuhatus\"> <span style=\"color: #28aae1;\">KAVANDAMINE<\/span><\/h1>\n\n\n<p><img loading=\"lazy\" decoding=\"async\" class=\"alignnone wp-image-20\" title=\"uued_moisted.png\" src=\"https:\/\/sisu.ut.ee\/wp-content\/uploads\/sites\/507\/uued_moisted.png\" alt=\"moiste\" width=\"40\" height=\"40\">\u00a0<b><span lang=\"ET\">Miks on vaja oskusi arendada?<\/span><\/b><\/p>\n<p style=\"text-align: justify; margin: 5.0pt 0cm 5.0pt 0cm;\"><span style=\"background: white;\"><span style=\"line-height: normal;\"><span lang=\"ET\"><span style=\"color: black;\">Teadmiste ja eelk\u00f5ige oskuste pidevat t\u00e4iendamist on vaja k\u00f5igil elualadel. Mida rohkem on sul teadmisi ja praktilisi oskusi oma erialal, seda paindlikumalt suudad kohaneda muutustega t\u00f6\u00f6turul. T\u00f6\u00f6andjad hindavad k\u00f5rgelt t\u00f6\u00f6tajaid, kellel on s\u00fcvateadmised v\u00e4hemalt \u00fchel alal ning oskus m\u00f5ista ja siduda <\/span><\/span><span lang=\"ET\"><span style=\"color: black;\">omavahel siduda erinevaid teisi alasid. Omandades lisaks praegusele erialale teadmisi teistest valdkondadest, suureneb sinu konkurentsiv\u00f5ime veelgi. <\/span><\/span><\/span><\/span><\/p>\n<p style=\"text-align: justify; margin: 5.0pt 0cm 5.0pt 0cm;\"><span style=\"background: white;\"><span style=\"line-height: normal;\"><span lang=\"ET\"><span style=\"color: black;\">Juurde- v\u00f5i \u00fcmber\u00f5ppimise vajadust v\u00f5ivad m\u00f5jutada nii v\u00e4lised tegurid kui inimese enda soovid ja vajadused.<\/span><\/span><\/span><\/span><\/p>\n<p style=\"text-align: justify; margin: 5.0pt 0cm 5.0pt 0cm;\"><span style=\"background: white;\"><span style=\"line-height: normal;\"><span lang=\"ET\"><span style=\"color: black;\">V\u00e4listeks m\u00f5jutajateks v\u00f5ivad olla nt t\u00f6\u00f6 iseloomu, sisu ja \/v\u00f5i tehnoloogiate muutumine, t\u00f6\u00f6andja n\u00f5udmised, t\u00f6\u00f6j\u00f5u vajaduse muutumine\u00a0 jne.<\/span><\/span><\/span><\/span><\/p>\n<p style=\"text-align: justify; margin: 5.0pt 0cm 5.0pt 0cm;\"><span style=\"background: white;\"><span style=\"line-height: normal;\"><span lang=\"ET\"><span style=\"color: black;\">Vajadus uute oskuste omandamiseks\u00a0 v\u00f5ib tekkida n\u00e4iteks siis, kui<\/span><\/span><\/span><\/span><\/p>\n<ul style=\"margin-left: 40px;\">\n<li style=\"margin-top: 0cm; margin-right: 0cm; margin-bottom: 0cm; text-align: justify;\"><span style=\"line-height: 106%;\"><span lang=\"ET\">soovid taotleda k\u00f5rgema taseme kutset; <\/span><\/span><\/li>\n<li style=\"margin-top: 0cm; margin-right: 0cm; margin-bottom: 0cm; text-align: justify;\"><span style=\"line-height: 106%;\"><span lang=\"ET\">praegune v\u00f5i tulevikus soovitud t\u00f6\u00f6koht n\u00f5uab oskusi, mida sul veel ei ole piisavalt;<\/span><\/span><\/li>\n<li style=\"margin-top: 0cm; margin-right: 0cm; margin-bottom: 0cm; text-align: justify;\"><span style=\"line-height: 106%;\"><span lang=\"ET\">soovid teha midagi uut, teismoodi, ennast proovile panna;<\/span><\/span><\/li>\n<li style=\"margin-top: 0cm; margin-right: 0cm; margin-bottom: 0cm; text-align: justify;\"><span style=\"line-height: 106%;\"><span lang=\"ET\">senine t\u00f6\u00f6 (v\u00f5i t\u00f6\u00f6koht) ei paku enam rahuldust,\u00a0 v\u00e4heneb t\u00f6\u00f6r\u00f5\u00f5m;<\/span><\/span><\/li>\n<li style=\"margin-top: 0cm; margin-right: 0cm; margin-bottom: 0cm; text-align: justify;\"><span style=\"line-height: 106%;\"><span lang=\"ET\">soovid kandideerida oma valdkonnas teisele ametikohale; <\/span><\/span><\/li>\n<li style=\"margin-top: 0cm; margin-right: 0cm; margin-bottom: 0cm; text-align: justify;\"><span style=\"line-height: 106%;\"><span lang=\"ET\">sul on tervisest tingitud vajadus t\u00f6\u00f6alasteks muutusteks;<\/span><\/span><\/li>\n<li style=\"margin-top: 0cm; margin-right: 0cm; margin-bottom: 0cm; text-align: justify;\"><span style=\"line-height: 106%;\"><span lang=\"ET\">vajad muutust seoses elurollidega;<\/span><\/span><\/li>\n<li style=\"margin-top: 0cm; margin-right: 0cm; margin-bottom: 0cm; text-align: justify;\"><span style=\"line-height: 106%;\"><span lang=\"ET\">oled vahetanud elukohta;<\/span><\/span><\/li>\n<li style=\"margin-top: 0cm; margin-right: 0cm; margin-bottom: 0cm; text-align: justify;\"><span style=\"line-height: 106%;\"><span lang=\"ET\">jne<\/span><\/span><\/li>\n<\/ul>\n<hr>\n<p><span style=\"line-height: 106%;\"><b><span lang=\"ET\">Oskuste s\u00fcsteem<\/span><\/b><\/span><\/p>\n<p><b><strong><img loading=\"lazy\" decoding=\"async\" title=\"\" src=\"https:\/\/sisu.ut.ee\/wp-content\/uploads\/sites\/528\/ulesanne.png\" alt=\"ylesanne\" width=\"32\" height=\"32\" data-file_info=\"%7B%22fid%22:65948,%22view_mode%22:%22default%22,%22type%22:%22media%22%7D\"> <\/strong>Vaata videot oskuste s\u00fcsteemist\u00a0 <\/b><\/p>\n<p><\/p><div class=\"ratio ratio-16x9 mb-3\"><div class=\"video-placeholder-wrapper video-placeholder-wrapper--16x9\">\n\t\t\t    <div class=\"video-placeholder d-flex justify-content-center align-items-center\">\n\t\t\t        <div class=\"overlay text-white p-2 w-100 text-center d-block justify-content-center align-items-center\">\n\t\t\t            <div>Kolmandate osapoolte sisu n\u00e4gemiseks palun n\u00f5ustu k\u00fcpsistega.<\/div>\n\t\t\t            <button class=\"btn btn-secondary btn-sm mt-1 consent-change\">Muuda n\u00f5usolekut<\/button>\n\t\t\t        <\/div>\n\t\t\t    <\/div>\n\t\t\t<\/div>\n<\/div>\n<p><strong><img loading=\"lazy\" decoding=\"async\" title=\"\" src=\"https:\/\/sisu.ut.ee\/wp-content\/uploads\/sites\/528\/ulesanne.png\" alt=\"ylesanne\" width=\"32\" height=\"32\" data-file_info=\"%7B%22fid%22:65948,%22view_mode%22:%22default%22,%22type%22:%22media%22%7D\"><\/strong>\u00a0<b>Kuidas oskuste s\u00fcsteem toetab sinu karj\u00e4\u00e4ri planeerimist!<\/b><\/p>\n<hr>\n<p><img loading=\"lazy\" decoding=\"async\" class=\"alignnone wp-image-20\" title=\"uued_moisted.png\" src=\"https:\/\/sisu.ut.ee\/wp-content\/uploads\/sites\/507\/uued_moisted.png\" alt=\"moiste\" width=\"40\" height=\"40\">\u00a0<strong>Enesehindamise oskus<\/strong><\/p>\n<p style=\"text-align: justify;\"><span style=\"line-height: 100%;\"><span style=\"vertical-align: baseline;\"><span lang=\"ET\">Oskus ennast anal\u00fc\u00fcsida ja oma tegevuse tulemust hinnata hinnata on \u00fcks keskseid \u00f5ppimis- ja t\u00f6\u00f6eluoskusi. See aitab \u00f5pilasel v\u00f5i t\u00f6\u00f6tajal <\/span><\/span><\/span><\/p>\n<ul style=\"margin-left: 40px;\">\n<li style=\"margin-bottom: 0cm; text-align: justify;\"><span style=\"line-height: normal;\"><span style=\"vertical-align: baseline;\"><span lang=\"ET\">oma t\u00f6\u00f6d planeerida ja m\u00f5ista, mida on eesm\u00e4rgi saavutamiseks vaja teha;<\/span><\/span><\/span><\/li>\n<li style=\"margin-bottom: 0cm; text-align: justify;\"><span style=\"line-height: normal;\"><span style=\"vertical-align: baseline;\"><span lang=\"ET\">aru saada oma oskuste praeguse taseme ja soovitud taseme erinevust; <\/span><\/span><\/span><\/li>\n<li style=\"margin-bottom: 0cm; text-align: justify;\"><span style=\"line-height: normal;\"><span style=\"vertical-align: baseline;\"><span lang=\"ET\">hinnata, kui h\u00e4sti vastab t\u00f6\u00f6 praegune tulemus sellele seatud kvaliteedin\u00f5uetele;<\/span><\/span><\/span><\/li>\n<li style=\"margin-bottom: 0cm; text-align: justify;\"><span style=\"line-height: normal;\"><span style=\"vertical-align: baseline;\"><span lang=\"ET\">valmistuda kutse taotlemiseks<\/span><\/span><\/span><\/li>\n<li style=\"margin-bottom: 0cm; text-align: justify;\"><span style=\"line-height: normal;\"><span style=\"vertical-align: baseline;\"><span lang=\"ET\">valida t\u00f6\u00f6-v\u00f5i \u00f5ppimisv\u00f5imaluste vahel<\/span><\/span><\/span><\/li>\n<\/ul>\n<p style=\"margin-bottom: 0cm; text-align: justify;\"><span style=\"line-height: 100%;\"><span style=\"vertical-align: baseline;\"><span lang=\"ET\">Enesehindamise oskus aitab elus edasi! Enda arenguj\u00e4lgimise ja eneseanal\u00fc\u00fcsi aluseks on selge ettekujutus sellest, millega enda tegevus v\u00f5i oskusi soovid v\u00f5rrelda. Kui tead, mida sinult oodatakse ja v\u00f5rdled\u00a0 oma tegevusi oodatud tulemusega, liigud t\u00f5en\u00e4oliselt endalegi m\u00e4rkamatult \u00f5iges suunas ja tulemused paranevad.<\/span><\/span><\/span><\/p>\n<p style=\"text-align: justify;\"><strong><img loading=\"lazy\" decoding=\"async\" title=\"\" src=\"https:\/\/sisu.ut.ee\/wp-content\/uploads\/sites\/528\/ulesanne.png\" alt=\"ylesanne\" width=\"32\" height=\"32\" data-file_info=\"%7B%22fid%22:65948,%22view_mode%22:%22default%22,%22type%22:%22media%22%7D\"><\/strong>\u00a0 <b>Testi oma suhteid enesehindamisega!<\/b><\/p>\n<p style=\"text-align: justify;\"><span style=\"line-height: 100%;\"><span style=\"vertical-align: baseline;\"><span lang=\"ET\">Loe j\u00e4rgnevaid v\u00e4iteid ja otsusta, kumb vastusevariantidest k\u00e4ib rohkem sinu kohta. Liida kokku tulemused ja vaata, kas sul on rohkem A v\u00f5i B vastuseid.<\/span><\/span><\/span><\/p>\n\n<div class=\"h5p-iframe-wrapper\"><div class=\"video-placeholder-wrapper video-placeholder-wrapper--fixed\" style=\"height: 366px;\">\n\t\t\t    <div class=\"video-placeholder d-flex justify-content-center align-items-center\">\n\t\t\t        <div class=\"overlay text-white p-2 w-100 text-center d-block justify-content-center align-items-center\">\n\t\t\t            <div>Kolmandate osapoolte sisu n\u00e4gemiseks palun n\u00f5ustu k\u00fcpsistega.<\/div>\n\t\t\t            <button class=\"btn btn-secondary btn-sm mt-1 consent-change\">Muuda n\u00f5usolekut<\/button>\n\t\t\t        <\/div>\n\t\t\t    <\/div>\n\t\t\t<\/div>\n<\/div>\n\n\n<hr>\n<p style=\"text-align: justify;\"><img loading=\"lazy\" decoding=\"async\" class=\"alignnone wp-image-20\" title=\"uued_moisted.png\" src=\"https:\/\/sisu.ut.ee\/wp-content\/uploads\/sites\/507\/uued_moisted.png\" alt=\"moiste\" width=\"40\" height=\"40\">\u00a0<b>Kutsestandardid erialase arengu j\u00e4lgimise ja oskuste arendamise alusena<\/b><\/p>\n<p style=\"text-align: justify;\"><span style=\"line-height: 107%;\"><span lang=\"ET\">Kutsehariduse \u00f5ppekavade aluseks on kutsestandardid. Kutsestandard on dokument, milles kirjeldatakse t\u00f6\u00f6d ning t\u00f6\u00f6 edukaks tegemiseks vajalike oskuste, teadmiste ja hoiakute kogumit ehk kompetentsusn\u00f5udeid. Kutsestandardeid kasutatakse \u00f5ppekavade koostamiseks ja kutse andmiseks. \u00dcldjuhul tuleb kutsekooli l\u00f5petamiseks sooritada<\/span><span lang=\"ET\"> kutseeksam. Selleks oled valmistunud nii teooriatundides kui praktika v\u00e4ltel ja kutseeksamil saad t\u00f5endada, et oled kutsestandardis kirjeldatud oskused omandanud ning suudad neid t\u00f6\u00f6keskkonnas kasutada.\u00a0 Kutseeksami eduka\u00a0 sooritamise j\u00e4rel v\u00e4ljastatakse kutsetunnitus, mis n\u00e4itab sinu vastavust kindlale kutsetasemele (2.-5.tase). Enamus kutsestandardeid on koostatud mitmele kutse tasemele. <b>Omandades juurde n\u00f5utud oskusi, on v\u00f5imalik taotleda k\u00f5rgema taseme kutset ja kujundada erialast karj\u00e4\u00e4ri. <\/b><\/span><\/span><\/p>\n<p style=\"text-align: justify;\"><span style=\"line-height: 107%;\"><span lang=\"ET\">Kutsestandard on abiks, kui soovid edasi arendada oma kutse- v\u00f5i erialaseid oskusi. Oskuste kirjeldused aitavad otsustada, kas saaksid omandada n\u00f5utud taseme t\u00f6\u00f6 k\u00e4igus \u00f5ppides, vajad koolitusi \u00fcksikute oskuste arendamiseks v\u00f5i on k\u00f5ige m\u00f5ttekam j\u00e4tkata \u00f5pinguid taseme\u00f5ppes. <\/span><\/span><\/p>\n<p style=\"text-align: justify;\"><b><strong><img loading=\"lazy\" decoding=\"async\" title=\"\" src=\"https:\/\/sisu.ut.ee\/wp-content\/uploads\/sites\/528\/ulesanne.png\" alt=\"ylesanne\" width=\"32\" height=\"32\" data-file_info=\"%7B%22fid%22:65948,%22view_mode%22:%22default%22,%22type%22:%22media%22%7D\"> <\/strong>Vaata videot kutses\u00fcsteemi kohta <\/b><\/p>\n<p style=\"text-align: justify;\"><\/p><div class=\"ratio ratio-16x9 mb-3\"><div class=\"video-placeholder-wrapper video-placeholder-wrapper--16x9\">\n\t\t\t    <div class=\"video-placeholder d-flex justify-content-center align-items-center\">\n\t\t\t        <div class=\"overlay text-white p-2 w-100 text-center d-block justify-content-center align-items-center\">\n\t\t\t            <div>Kolmandate osapoolte sisu n\u00e4gemiseks palun n\u00f5ustu k\u00fcpsistega.<\/div>\n\t\t\t            <button class=\"btn btn-secondary btn-sm mt-1 consent-change\">Muuda n\u00f5usolekut<\/button>\n\t\t\t        <\/div>\n\t\t\t    <\/div>\n\t\t\t<\/div>\n<\/div>\n<p style=\"text-align: justify;\"><img loading=\"lazy\" decoding=\"async\" class=\"\" title=\"\" src=\"https:\/\/sisu.ut.ee\/wp-content\/uploads\/sites\/507\/motlemiseks.png\" alt=\"motle\" width=\"40\" height=\"40\" data-file_info=\"%7B%22fid%22:65769,%22view_mode%22:%22default%22,%22type%22:%22media%22%7D\">\u00a0<b>Mida enda karj\u00e4\u00e4ri kujundamiseks olulist said teada sellest videost?<\/b><\/p>\n<p style=\"text-align: justify;\"><strong><img loading=\"lazy\" decoding=\"async\" title=\"\" src=\"https:\/\/sisu.ut.ee\/wp-content\/uploads\/sites\/528\/ulesanne.png\" alt=\"ylesanne\" width=\"32\" height=\"32\" data-file_info=\"%7B%22fid%22:65948,%22view_mode%22:%22default%22,%22type%22:%22media%22%7D\"><\/strong>\u00a0<b>Leia oma \u00f5pitava v\u00f5i sellega seotud erialade kutsestandardid Kutsekoja veebilehelt<\/b> <a href=\"https:\/\/www.kutseregister.ee\/standardid\" target=\"_blank\" rel=\"noopener\">https:\/\/www.kutseregister.ee\/standardid<\/a><\/p>\n<ul style=\"margin-left: 40px;\">\n<li style=\"text-align: justify;\"><span style=\"line-height: 107%;\"><span lang=\"ET\">Mitu kutsetaset on kutsestandardil?<\/span><\/span><\/li>\n<li style=\"margin-top: 0cm; margin-right: 0cm; margin-bottom: 0cm; text-align: justify;\"><span style=\"line-height: 107%;\"><span lang=\"ET\">Millisele kutse tasemele sooviksid oma valdkonnas j\u00f5uda?<\/span><\/span><\/li>\n<li style=\"margin-top: 0cm; margin-right: 0cm; margin-bottom: 0cm; text-align: justify;\"><span style=\"line-height: 107%;\"><span lang=\"ET\">Kes on selle kutsestandardi alusel kutseandja? Kutseandja on nimetatud kutsestandardi \u00fcldandmete juures.<\/span><\/span><\/li>\n<li style=\"margin-top: 0cm; margin-right: 0cm; margin-bottom: 0cm; text-align: justify;\"><span style=\"line-height: 107%;\"><span lang=\"ET\">Leia kutseandja veebilehelt <b>hindamisstandard. <\/b>Hindamisstandardis on<b> <\/b>kirjeldatud,<b> <\/b>kuidas kutsetaotlemisel oskusi hinnatakse- kuidas taotleja t\u00f5endab, et tal t\u00f5epoolest on vajalik oskus olemas.<\/span><\/span><\/li>\n<li style=\"margin-top: 0cm; margin-right: 0cm; margin-bottom: 0cm; text-align: justify;\"><span style=\"line-height: 107%;\"><span lang=\"ET\">V\u00f5rdle enda praegusi oskusi j\u00e4rgmise taseme n\u00f5udmistega kutsestandardis! Nt kui sulle on antud kutse tase 4 ( v\u00f5i valmistud kutseeksamiks) oma erialal, siis v\u00f5rdle enda vastavust 5. taseme kutsestandardile. <\/span><\/span><\/li>\n<li style=\"margin-top: 0cm; margin-right: 0cm; margin-bottom: 0cm; text-align: justify;\"><span style=\"line-height: 107%;\"><span lang=\"ET\">P\u00f6\u00f6ra t\u00e4helepanu ka \u00fcldistele kompetentsidele ( nt digip\u00e4devus, keeleoskus).<\/span><\/span><\/li>\n<li style=\"margin-top: 0cm; margin-right: 0cm; margin-bottom: 0cm; text-align: justify;\"><span style=\"line-height: 107%;\"><span lang=\"ET\">Milliseid oskusi sul veel ei ole? Milliseid oskusi saad ja tahad endas arendada?<\/span><\/span><\/li>\n<\/ul>\n<p style=\"text-align: justify;\"><strong><img loading=\"lazy\" decoding=\"async\" title=\"\" src=\"https:\/\/sisu.ut.ee\/wp-content\/uploads\/sites\/528\/ulesanne.png\" alt=\"ylesanne\" width=\"32\" height=\"32\" data-file_info=\"%7B%22fid%22:65948,%22view_mode%22:%22default%22,%22type%22:%22media%22%7D\"><\/strong>\u00a0<span style=\"line-height: 107%;\"><b><span lang=\"ET\">Hinda enda \u00fcldoskuste taset!<\/span><\/b> <\/span><\/p>\n<p style=\"margin-bottom: 0cm; margin-top: 0cm;\"><span style=\"line-height: 107%;\"><span lang=\"ET\">\u00dcldoskused seovad tervikuks eri tasemetel ja t\u00f6\u00f6 k\u00e4igus omandatud oskused ja aitavad oma erialaoskusi kasutada. <\/span><\/span><\/p>\n<p style=\"margin-bottom: 0cm; margin-top: 0cm;\"><span style=\"line-height: 107%;\"><span lang=\"ET\">Kasuta enda \u00fcldoskuste hindamiseks <span style=\"color: #2f5496;\">t\u00f6\u00f6leht <\/span><\/span><\/span><a href=\"https:\/\/sisu.ut.ee\/wp-content\/uploads\/sites\/662\/tooleht_uldoskustre_hindamine_1.pdf\" target=\"_blank\" rel=\"noopener\" data-fid=\"81927\">\u00dcLDOSKUSTE HINDAMINE<\/a><span style=\"line-height: 107%;\"><span lang=\"ET\">, mille aluseks on t\u00f6\u00f6andjate poolt oluliseks peetud oskused.<\/span><\/span><\/p>\n<hr>","protected":false},"excerpt":{"rendered":"<p>KAVANDAMINE \u00a0Miks on vaja oskusi arendada? Teadmiste ja eelk\u00f5ige oskuste pidevat t\u00e4iendamist on vaja k\u00f5igil elualadel. Mida rohkem on sul teadmisi ja praktilisi oskusi oma erialal, seda paindlikumalt suudad kohaneda muutustega t\u00f6\u00f6turul. T\u00f6\u00f6andjad hindavad k\u00f5rgelt t\u00f6\u00f6tajaid, kellel on s\u00fcvateadmised v\u00e4hemalt &#8230;<\/p>\n","protected":false},"author":263,"featured_media":0,"parent":0,"menu_order":0,"comment_status":"closed","ping_status":"closed","template":"","meta":{"_acf_changed":false,"inline_featured_image":false,"footnotes":""},"class_list":["post-7","page","type-page","status-publish","hentry"],"acf":[],"_links":{"self":[{"href":"https:\/\/sisu.ut.ee\/edujategu24\/wp-json\/wp\/v2\/pages\/7","targetHints":{"allow":["GET"]}}],"collection":[{"href":"https:\/\/sisu.ut.ee\/edujategu24\/wp-json\/wp\/v2\/pages"}],"about":[{"href":"https:\/\/sisu.ut.ee\/edujategu24\/wp-json\/wp\/v2\/types\/page"}],"author":[{"embeddable":true,"href":"https:\/\/sisu.ut.ee\/edujategu24\/wp-json\/wp\/v2\/users\/263"}],"replies":[{"embeddable":true,"href":"https:\/\/sisu.ut.ee\/edujategu24\/wp-json\/wp\/v2\/comments?post=7"}],"version-history":[{"count":10,"href":"https:\/\/sisu.ut.ee\/edujategu24\/wp-json\/wp\/v2\/pages\/7\/revisions"}],"predecessor-version":[{"id":99,"href":"https:\/\/sisu.ut.ee\/edujategu24\/wp-json\/wp\/v2\/pages\/7\/revisions\/99"}],"wp:attachment":[{"href":"https:\/\/sisu.ut.ee\/edujategu24\/wp-json\/wp\/v2\/media?parent=7"}],"curies":[{"name":"wp","href":"https:\/\/api.w.org\/{rel}","templated":true}]}}