{"id":6,"date":"2024-04-04T09:08:55","date_gmt":"2024-04-04T06:08:55","guid":{"rendered":"https:\/\/sisu.ut.ee\/edujategu24\/oskuste-arendamine-ja-uute-oskuste-omandamine\/"},"modified":"2024-04-15T09:30:20","modified_gmt":"2024-04-15T06:30:20","slug":"oskuste-arendamine-ja-uute-oskuste-omandamine","status":"publish","type":"page","link":"https:\/\/sisu.ut.ee\/edujategu24\/oskuste-arendamine-ja-uute-oskuste-omandamine\/","title":{"rendered":"OSKUSTE ARENDAMINE JA UUTE OSKUSTE OMANDAMINE"},"content":{"rendered":"<h1 class=\"wp-block-heading\"><img loading=\"lazy\" decoding=\"async\" title=\"sissejuhatus_01.png\" width=\"40\" height=\"40\" class=\"alignnone wp-image-21\" src=\"https:\/\/sisu.ut.ee\/wp-content\/uploads\/sites\/507\/sissejuhatus_01.png\" alt=\"sissejuhatus\"> <span style=\"color: #28aae1;\">OSKUSTE ARENDAMINE JA UUTE OSKUSTE OMANDAMINE<\/span><\/h1>\n\n\n<ul>\n\t<li>\n\t\t<span style=\"font-size:18px\"><a href=\"https:\/\/sisu.ut.ee\/edujategu24\/kavandamine\" title=\"\"><span style=\"color:#00afd7\">Kavandamine<\/span><\/a><\/span>\n\t<\/li>\n<\/ul>\n\n<ul>\n\t<li>\n\t\t<span style=\"font-size:18px\"><a href=\"https:\/\/sisu.ut.ee\/edujategu24\/v%C3%B5imaluste-anal%C3%BC%C3%BCs\" title=\"\"><span style=\"color:#00afd7\">V\u00f5imaluste anal\u00fc\u00fcs<\/span><\/a><\/span>\n\t<\/li>\n<\/ul>\n","protected":false},"excerpt":{"rendered":"<p>OSKUSTE ARENDAMINE JA UUTE OSKUSTE OMANDAMINE Kavandamine V\u00f5imaluste anal\u00fc\u00fcs<\/p>\n","protected":false},"author":263,"featured_media":0,"parent":0,"menu_order":0,"comment_status":"closed","ping_status":"closed","template":"","meta":{"_acf_changed":false,"inline_featured_image":false,"footnotes":""},"class_list":["post-6","page","type-page","status-publish","hentry"],"acf":[],"_links":{"self":[{"href":"https:\/\/sisu.ut.ee\/edujategu24\/wp-json\/wp\/v2\/pages\/6","targetHints":{"allow":["GET"]}}],"collection":[{"href":"https:\/\/sisu.ut.ee\/edujategu24\/wp-json\/wp\/v2\/pages"}],"about":[{"href":"https:\/\/sisu.ut.ee\/edujategu24\/wp-json\/wp\/v2\/types\/page"}],"author":[{"embeddable":true,"href":"https:\/\/sisu.ut.ee\/edujategu24\/wp-json\/wp\/v2\/users\/263"}],"replies":[{"embeddable":true,"href":"https:\/\/sisu.ut.ee\/edujategu24\/wp-json\/wp\/v2\/comments?post=6"}],"version-history":[{"count":5,"href":"https:\/\/sisu.ut.ee\/edujategu24\/wp-json\/wp\/v2\/pages\/6\/revisions"}],"predecessor-version":[{"id":94,"href":"https:\/\/sisu.ut.ee\/edujategu24\/wp-json\/wp\/v2\/pages\/6\/revisions\/94"}],"wp:attachment":[{"href":"https:\/\/sisu.ut.ee\/edujategu24\/wp-json\/wp\/v2\/media?parent=6"}],"curies":[{"name":"wp","href":"https:\/\/api.w.org\/{rel}","templated":true}]}}