{"id":20,"date":"2024-04-04T09:00:03","date_gmt":"2024-04-04T06:00:03","guid":{"rendered":"https:\/\/sisu.ut.ee\/edujategu23\/kasutatud-allikad\/"},"modified":"2024-04-24T11:07:10","modified_gmt":"2024-04-24T08:07:10","slug":"kasutatud-allikad","status":"publish","type":"page","link":"https:\/\/sisu.ut.ee\/edujategu23\/kasutatud-allikad\/","title":{"rendered":"Kasutatud allikad"},"content":{"rendered":"<h1 class=\"wp-block-heading\"><img loading=\"lazy\" decoding=\"async\" width=\"40\" height=\"40\" class=\"wp-image-178\" style=\"width: 40px;\" src=\"https:\/\/sisu.ut.ee\/wp-content\/uploads\/sites\/656\/sissejuhatus.png\" alt=\"\" srcset=\"https:\/\/sisu.ut.ee\/wp-content\/uploads\/sites\/656\/sissejuhatus.png 1080w, https:\/\/sisu.ut.ee\/wp-content\/uploads\/sites\/656\/sissejuhatus-300x300.png 300w, https:\/\/sisu.ut.ee\/wp-content\/uploads\/sites\/656\/sissejuhatus-1024x1024.png 1024w, https:\/\/sisu.ut.ee\/wp-content\/uploads\/sites\/656\/sissejuhatus-150x150.png 150w, https:\/\/sisu.ut.ee\/wp-content\/uploads\/sites\/656\/sissejuhatus-768x768.png 768w\" sizes=\"auto, (max-width: 40px) 100vw, 40px\"> <span style=\"color: #28aae1;\">KASUTATUD ALLIKAD<\/span><\/h1>\n\n\n<ul>\n<li>Abiks kandideerimisdokumentide t\u00e4itmisel (2023). \u00d5piobjekt. <a href=\"https:\/\/sisu.ut.ee\/edujategu20\/avaleht\" target=\"_blank\" rel=\"noopener\"><span style=\"letter-spacing: -.1pt;\">https:\/\/sisu.ut.ee\/edujategu20\/avaleht<\/span><\/a>\u00a0\u00a0\u00a0<\/li>\n<li><a href=\"https:\/\/employers.ee\/wp-content\/uploads\/Uuring_kaugtoo-ja-paindlik-tookorraldus_Viilup-Uuringud_2022.pdf\" target=\"_blank\" rel=\"noopener\">https:\/\/employers.ee\/wp-content\/uploads\/Uuring_kaugtoo-ja-paindlik-tookorraldus_Viilup-Uuringud_2022.pdf<\/a><\/li>\n<li>Enesejuhtimine. Karj\u00e4\u00e4rit\u00fc\u00fcbid. <a href=\"https:\/\/www.youtube.com\/watch?v=xOdExXmGqn8\" target=\"_blank\" rel=\"noopener\">https:\/\/www.youtube.com\/watch?v=xOdExXmGqn8<\/a><\/li>\n<li><a href=\"https:\/\/europa.eu\/europass\/et\/europassi-vahendid\/europassi-profiil\" target=\"_blank\" rel=\"noopener\"><span style=\"letter-spacing: -.1pt;\">https:\/\/europa.eu\/europass\/et\/europassi-vahendid\/europassi-profiil<\/span><\/a><\/li>\n<li><a href=\"https:\/\/haridusportaal.edu.ee\/\" target=\"_blank\" rel=\"noopener\">https:\/\/haridusportaal.edu.ee\/<\/a><\/li>\n<li><a href=\"https:\/\/www.hrselts.ee\/postitused\/uued-toovormid-ja-nendega-kaasnevad-margid-tookultuuris\" target=\"_blank\" rel=\"noopener\">https:\/\/www.hrselts.ee\/postitused\/uued-toovormid-ja-nendega-kaasnevad-margid-tookultuuris<\/a><\/li>\n<li><a href=\"https:\/\/pare.ee\/uued-toovormid-kas-ja-milline-sobib-sulle-voi-sinu-organisatsioonile\/\" target=\"_blank\" rel=\"noopener\">https:\/\/pare.ee\/uued-toovormid-kas-ja-milline-sobib-sulle-voi-sinu-organisatsioonile\/<\/a><\/li>\n<li>Kallio, E.-M.(2022). Omalle uralle. Sanoma Pro, Helsinki<\/li>\n<li>Karj\u00e4\u00e4ri kujundamise p\u00e4devuste arengu toetamine (2016). SA Innove. <a href=\"https:\/\/harno.ee\/sites\/default\/files\/documents\/2021-02\/KOM_kirjeldus_29_12_2017-2.pdf\" target=\"_blank\" rel=\"noopener\">https:\/\/harno.ee\/sites\/default\/files\/documents\/2021-02\/KOM_kirjeldus_29_12_2017-2.pdf<\/a><\/li>\n<li><span lang=\"ET\" style=\"color: #0f0f0f;\">Kuhu t\u00fc\u00fcrime? \u2013 Tulevikuteated aastast 2040.\u00a0 <\/span><a href=\"https:\/\/www.youtube.com\/watch?v=83iF8b6B5wE\" target=\"_blank\" rel=\"noopener\">https:\/\/www.youtube.com\/watch?v=83iF8b6B5wE<\/a><\/li>\n<li><span lang=\"ET\" style=\"color: #0f0f0f;\">Kuidas koostada CV-d ja motivatsioonikirja? <\/span><a href=\"https:\/\/www.youtube.com\/watch?v=8uiKTIcGbBM&amp;t=207s\" target=\"_blank\" rel=\"noopener\">https:\/\/www.youtube.com\/watch?v=8uiKTIcGbBM&amp;t=207s<\/a><\/li>\n<li><span lang=\"ET\" style=\"color: #0f0f0f;\">Kuidas luua eristuv CV ja LinkedIn\u2019i profiil? <\/span><a style=\"font-weight: var(--bs-body-font-weight); text-align: var(--bs-body-text-align);\" href=\"https:\/\/www.youtube.com\/watch?v=LNtdPEhFQho\" target=\"_blank\" rel=\"noopener\">https:\/\/www.youtube.com\/watch?v=LNtdPEhFQho<\/a><\/li>\n<li><span lang=\"ET\" style=\"color: #0f0f0f;\">Kuidas teha korralik video CV? <\/span><a href=\"https:\/\/www.youtube.com\/watch?v=X_8OVvyy8P4&amp;t=61s\" target=\"_blank\" rel=\"noopener\">https:\/\/www.youtube.com\/watch?v=X_8OVvyy8P4&amp;t=61s<\/a><\/li>\n<li><span lang=\"ET\" style=\"color: black;\">Kuidas teha tulemuslikku ja silmapaistvat video-cv-d? Siin on 7 kuldreeglit! <\/span><a href=\"https:\/\/tooelublogi.ee\/2018\/02\/04\/kuidas-teha-tulemuslikku-ja-silmapaistvat-video-cv-d-siin-7-kuldreeglit\/\" target=\"_blank\" rel=\"noopener\">https:\/\/tooelublogi.ee\/2018\/02\/04\/kuidas-teha-tulemuslikku-ja-silmapaistvat-video-cv-d-siin-7-kuldreeglit\/<\/a><\/li>\n<li><span lang=\"ET\" style=\"color: #0f0f0f;\">Kuidas t\u00f6\u00f6vestluseks valmistuda? <\/span><a href=\"https:\/\/www.youtube.com\/watch?v=-2jREyQjcGk\" target=\"_blank\" rel=\"noopener\">https:\/\/www.youtube.com\/watch?v=-2jREyQjcGk<\/a><\/li>\n<li><a href=\"https:\/\/minukarjaar.ee\/et\" target=\"_blank\" rel=\"noopener\">https:\/\/minukarjaar.ee\/et<\/a><\/li>\n<li><a href=\"https:\/\/oska.kutsekoda.ee\/\" target=\"_blank\" rel=\"noopener\">https:\/\/oska.kutsekoda.ee\/<\/a><\/li>\n<li><span style=\"background: white;\"><span style=\"line-height: normal;\"><span lang=\"ET\" style=\"color: black;\"><a href=\"https:\/\/pare.ee\/uued-toovormid-kas-ja-milline-sobib-sulle-voi-sinu-organisatsioonile\/\" target=\"_blank\" rel=\"noopener\">https:\/\/pare.ee\/uued-toovormid-kas-ja-milline-sobib-sulle-voi-sinu-organisatsioonile\/<\/a><\/span><\/span><\/span><\/li>\n<li><span lang=\"ET\" style=\"color: #1f394c;\">Ty\u00f6kirja. <\/span><span lang=\"ET\" style=\"color: #1f394c;\">Opas ty\u00f6nhakuun ja urasuunnitteluun. <\/span><a href=\"https:\/\/www.tek.fi\/fi\/tyokirja\" target=\"_blank\" rel=\"noopener\">https:\/\/www.tek.fi\/fi\/tyokirja<\/a><\/li>\n<li><span lang=\"ET\" style=\"background: white;\"><span style=\"color: #575a65;\">\u00d5pitee ja t\u00f6\u00f6 muutuvas keskkonnas. Karj\u00e4\u00e4ri- ja ettev\u00f5tlus\u00f5ppe t\u00f6\u00f6lehed kutsekoolidele<\/span><\/span> (2021). Haridus- ja Noorteamet. <a href=\"https:\/\/e-koolikott.ee\/et\/oppematerjal\/31384-Edu-ja-Tegu-ettevotlus-ja-karjaar-Opitee-ja-too-muutuvas-keskkonnas-Karjaari-ja-ettevotlusoppe-toolehed-kutsekoolidele\" target=\"_blank\" rel=\"noopener\">https:\/\/e-koolikott.ee\/et\/oppematerjal\/31384-Edu-ja-Tegu-ettevotlus-ja-karjaar-Opitee-ja-too-muutuvas-keskkonnas-Karjaari-ja-ettevotlusoppe-toolehed-kutsekoolidele<\/a><\/li>\n<\/ul>","protected":false},"excerpt":{"rendered":"<p>KASUTATUD ALLIKAD Abiks kandideerimisdokumentide t\u00e4itmisel (2023). \u00d5piobjekt. https:\/\/sisu.ut.ee\/edujategu20\/avaleht\u00a0\u00a0\u00a0 https:\/\/employers.ee\/wp-content\/uploads\/Uuring_kaugtoo-ja-paindlik-tookorraldus_Viilup-Uuringud_2022.pdf Enesejuhtimine. Karj\u00e4\u00e4rit\u00fc\u00fcbid. https:\/\/www.youtube.com\/watch?v=xOdExXmGqn8 https:\/\/europa.eu\/europass\/et\/europassi-vahendid\/europassi-profiil https:\/\/haridusportaal.edu.ee\/ https:\/\/www.hrselts.ee\/postitused\/uued-toovormid-ja-nendega-kaasnevad-margid-tookultuuris https:\/\/pare.ee\/uued-toovormid-kas-ja-milline-sobib-sulle-voi-sinu-organisatsioonile\/ Kallio, E.-M.(2022). Omalle uralle. Sanoma Pro, Helsinki Karj\u00e4\u00e4ri kujundamise p\u00e4devuste arengu toetamine (2016). SA Innove. https:\/\/harno.ee\/sites\/default\/files\/documents\/2021-02\/KOM_kirjeldus_29_12_2017-2.pdf Kuhu t\u00fc\u00fcrime? \u2013 Tulevikuteated aastast 2040.\u00a0 https:\/\/www.youtube.com\/watch?v=83iF8b6B5wE Kuidas &#8230;<\/p>\n","protected":false},"author":263,"featured_media":0,"parent":0,"menu_order":0,"comment_status":"closed","ping_status":"closed","template":"","meta":{"_acf_changed":false,"inline_featured_image":false,"footnotes":""},"class_list":["post-20","page","type-page","status-publish","hentry"],"acf":[],"_links":{"self":[{"href":"https:\/\/sisu.ut.ee\/edujategu23\/wp-json\/wp\/v2\/pages\/20","targetHints":{"allow":["GET"]}}],"collection":[{"href":"https:\/\/sisu.ut.ee\/edujategu23\/wp-json\/wp\/v2\/pages"}],"about":[{"href":"https:\/\/sisu.ut.ee\/edujategu23\/wp-json\/wp\/v2\/types\/page"}],"author":[{"embeddable":true,"href":"https:\/\/sisu.ut.ee\/edujategu23\/wp-json\/wp\/v2\/users\/263"}],"replies":[{"embeddable":true,"href":"https:\/\/sisu.ut.ee\/edujategu23\/wp-json\/wp\/v2\/comments?post=20"}],"version-history":[{"count":6,"href":"https:\/\/sisu.ut.ee\/edujategu23\/wp-json\/wp\/v2\/pages\/20\/revisions"}],"predecessor-version":[{"id":198,"href":"https:\/\/sisu.ut.ee\/edujategu23\/wp-json\/wp\/v2\/pages\/20\/revisions\/198"}],"wp:attachment":[{"href":"https:\/\/sisu.ut.ee\/edujategu23\/wp-json\/wp\/v2\/media?parent=20"}],"curies":[{"name":"wp","href":"https:\/\/api.w.org\/{rel}","templated":true}]}}