{"id":19,"date":"2024-04-04T09:00:02","date_gmt":"2024-04-04T06:00:02","guid":{"rendered":"https:\/\/sisu.ut.ee\/edujategu23\/kui-kandideerimine-ei-olnud-edukas\/"},"modified":"2024-04-24T11:08:02","modified_gmt":"2024-04-24T08:08:02","slug":"kui-kandideerimine-ei-olnud-edukas","status":"publish","type":"page","link":"https:\/\/sisu.ut.ee\/edujategu23\/kui-kandideerimine-ei-olnud-edukas\/","title":{"rendered":"Kui kandideerimine ei olnud edukas"},"content":{"rendered":"<h1 class=\"wp-block-heading\"><img loading=\"lazy\" decoding=\"async\" width=\"40\" height=\"40\" class=\"wp-image-178\" style=\"width: 40px;\" src=\"https:\/\/sisu.ut.ee\/wp-content\/uploads\/sites\/656\/sissejuhatus.png\" alt=\"\" srcset=\"https:\/\/sisu.ut.ee\/wp-content\/uploads\/sites\/656\/sissejuhatus.png 1080w, https:\/\/sisu.ut.ee\/wp-content\/uploads\/sites\/656\/sissejuhatus-300x300.png 300w, https:\/\/sisu.ut.ee\/wp-content\/uploads\/sites\/656\/sissejuhatus-1024x1024.png 1024w, https:\/\/sisu.ut.ee\/wp-content\/uploads\/sites\/656\/sissejuhatus-150x150.png 150w, https:\/\/sisu.ut.ee\/wp-content\/uploads\/sites\/656\/sissejuhatus-768x768.png 768w\" sizes=\"auto, (max-width: 40px) 100vw, 40px\"> <span style=\"color: #28aae1;\">KUI KANDIDEERIMINE EI OLNUD EDUKAS<\/span><\/h1>\n\n\n<p><span lang=\"ET\"><span style=\"line-height: 103%;\">K\u00f5igil inimestel tuleb aeg-ajalt ette olukordi v\u00f5i s\u00fcndmusi, milles tuntakse pettumust, hirmu, pahameelt, kurbust, ebakindlust. Selliste olukordade hulka v\u00f5ib kuuluda ka kandideerimine. <\/span><\/span><\/p>\n<p><span lang=\"ET\"><span style=\"line-height: 103%;\">N\u00e4iteks\u00a0 kandideerisid t\u00f6\u00f6kohale, mis sulle v\u00e4ga meeldib ja mida sul ka v\u00e4ga vaja on. Enda hinnangul on sul selle t\u00f6\u00f6 jaoks vajalikud oskused olemas ja sa oled parim kandidaat. Aga sa ei saanud soovitud t\u00f6\u00f6kohta, sest valituks osutus keegi teine.\u00a0 Kuidas sa ennast tunneksid (v\u00f5i oled tundnud)? T\u00f6\u00f6 otsimisel ja saamisel on loomulik, et see ei pruugi \u00f5nnestuda esimesel katsel. Mida teha, kui kandideerimine ei olnud edukas?<\/span><\/span><\/p>\n<ul>\n<li><span lang=\"ET\"><span style=\"line-height: 103%;\">Negatiivseid tundeid ei tekita mitte olukord ise, vaid inimese suhtumine. Enamasti ei ole v\u00f5imalik muuta olukorda, aga muuta saab enda suhtumist. Igast olukorrast leiab midagi kasulikku, v\u00e4\u00e4rtuslikku, \u00f5petlikku. Oled saanud kogemuse v\u00f5rra rikkamaks ja tunned ennast j\u00e4rgmistel kordadel kindlamalt.<\/span><\/span><\/li>\n<li><span lang=\"ET\"><span style=\"line-height: 103%;\">\u00c4ra j\u00e4\u00e4 murem\u00f5tetega \u00fcksi! M\u00f5tle, kes saavad sind toetada lihtsalt \u00e4ra kuulamisega v\u00f5i kellel on infot vabade t\u00f6\u00f6kohtade kohta v\u00f5i saavad sulle muul moel kasulikud olla t\u00f6\u00f6maailma sisenemisel. Oma tugiv\u00f5rgustiku kaardistamisel v\u00f5id kasutada t\u00f6\u00f6lehte <\/span><\/span><a href=\"https:\/\/sisu.ut.ee\/wp-content\/uploads\/sites\/656\/valmis_minu_tugivorgustik.pdf\" target=\"_blank\" rel=\"noopener\" data-fid=\"79805\">MINU TUGIV\u00d5RGUSTIK\u00a0<\/a><span lang=\"ET\"><span style=\"line-height: 103%;\">\u00a0<\/span><\/span><\/li>\n<li><span lang=\"ET\"><span style=\"line-height: 103%;\">\u200b\u200b\u200b\u200b\u200b\u200b\u200b\u200b<\/span><\/span><span style=\"font-weight: var(--bs-body-font-weight); text-align: var(--bs-body-text-align);\">Aruta oma kogemus l\u00e4bi karj\u00e4\u00e4rin\u00f5ustajaga! Kogenud spetsialist aitab \u00fcles leida v\u00f5imalikud komistuskivid kandideerimisel ja j\u00e4rgmisteks kordadeks paremini valmis olla.<\/span><\/li>\n<\/ul>","protected":false},"excerpt":{"rendered":"<p>KUI KANDIDEERIMINE EI OLNUD EDUKAS K\u00f5igil inimestel tuleb aeg-ajalt ette olukordi v\u00f5i s\u00fcndmusi, milles tuntakse pettumust, hirmu, pahameelt, kurbust, ebakindlust. Selliste olukordade hulka v\u00f5ib kuuluda ka kandideerimine. N\u00e4iteks\u00a0 kandideerisid t\u00f6\u00f6kohale, mis sulle v\u00e4ga meeldib ja mida sul ka v\u00e4ga vaja &#8230;<\/p>\n","protected":false},"author":263,"featured_media":0,"parent":0,"menu_order":0,"comment_status":"closed","ping_status":"closed","template":"","meta":{"_acf_changed":false,"inline_featured_image":false,"footnotes":""},"class_list":["post-19","page","type-page","status-publish","hentry"],"acf":[],"_links":{"self":[{"href":"https:\/\/sisu.ut.ee\/edujategu23\/wp-json\/wp\/v2\/pages\/19","targetHints":{"allow":["GET"]}}],"collection":[{"href":"https:\/\/sisu.ut.ee\/edujategu23\/wp-json\/wp\/v2\/pages"}],"about":[{"href":"https:\/\/sisu.ut.ee\/edujategu23\/wp-json\/wp\/v2\/types\/page"}],"author":[{"embeddable":true,"href":"https:\/\/sisu.ut.ee\/edujategu23\/wp-json\/wp\/v2\/users\/263"}],"replies":[{"embeddable":true,"href":"https:\/\/sisu.ut.ee\/edujategu23\/wp-json\/wp\/v2\/comments?post=19"}],"version-history":[{"count":6,"href":"https:\/\/sisu.ut.ee\/edujategu23\/wp-json\/wp\/v2\/pages\/19\/revisions"}],"predecessor-version":[{"id":199,"href":"https:\/\/sisu.ut.ee\/edujategu23\/wp-json\/wp\/v2\/pages\/19\/revisions\/199"}],"wp:attachment":[{"href":"https:\/\/sisu.ut.ee\/edujategu23\/wp-json\/wp\/v2\/media?parent=19"}],"curies":[{"name":"wp","href":"https:\/\/api.w.org\/{rel}","templated":true}]}}