{"id":17,"date":"2024-04-04T09:00:02","date_gmt":"2024-04-04T06:00:02","guid":{"rendered":"https:\/\/sisu.ut.ee\/edujategu23\/valmistu-enda-oskuste-esitlemiseks\/"},"modified":"2024-04-15T10:32:55","modified_gmt":"2024-04-15T07:32:55","slug":"valmistu-enda-oskuste-esitlemiseks","status":"publish","type":"page","link":"https:\/\/sisu.ut.ee\/edujategu23\/valmistu-enda-oskuste-esitlemiseks\/","title":{"rendered":"Valmistu enda oskuste esitlemiseks!"},"content":{"rendered":"<h1 class=\"wp-block-heading\"><img loading=\"lazy\" decoding=\"async\" title=\"sissejuhatus_01.png\" width=\"40\" height=\"40\" class=\"alignnone wp-image-21\" src=\"https:\/\/sisu.ut.ee\/wp-content\/uploads\/sites\/507\/sissejuhatus_01.png\" alt=\"sissejuhatus\"> <span style=\"color: #28aae1;\">VALMISTU ENDA OSKUSTE ESITLEMISEKS!<\/span><\/h1>\n\n<ul>\n\t<li>\n\t\t<span style=\"line-height:107%\"><span><b><span lang=\"ET\"><span style=\"line-height:107%\"><span style=\"color:#3b3b4e\"><span style=\"letter-spacing:-.1pt\">Igale t\u00f6\u00f6kohale kandideerimiseks tuleb koostada just sellele t\u00f6\u00f6pakkumisele vastavad dokumendid! <\/span><\/span><\/span><\/span><\/b><span lang=\"ET\"><span style=\"line-height:107%\"><span style=\"color:#3b3b4e\"><span style=\"letter-spacing:-.1pt\">Ka sama nimetusega ametikohad erinevates ettev\u00f5tetes on enamasti erinevate n\u00f5udmistega. N\u00e4iteks koka t\u00f6\u00f6\u00fclesanded v\u00e4ikeses sushibaaris\u00a0 on erinevad suurk\u00f6\u00f6gis t\u00f6\u00f6tava omadest. \u00a0T\u00f6\u00f6andja n\u00f5udmised varasemale kogemusele v\u00f5i isiksuseomadustele seet\u00f5ttu samuti erinevad.<\/span><\/span><\/span><\/span><\/span><\/span>\n\t<\/li>\n<\/ul>\n\n<ul>\n\t<li>\n\t\t<span style=\"line-height:107%\"><span><b><span lang=\"ET\"><span style=\"line-height:107%\">Loe t\u00f6\u00f6kuulutust hoolega!<\/span><\/span><\/b><span lang=\"ET\"><span style=\"line-height:107%\"> Pane t\u00e4hele, milliseid \u00fcldoskusi t\u00f6\u00f6andja on kirjeldanud. Need on selles ettev\u00f5ttes sellel t\u00f6\u00f6kohal t\u00f6\u00f6tamisel vajalikud. Nende olemasolu pead v\u00e4lja tooma ka kandideerimise dokumentides. Pane t\u00e4hele, kus on nende oskuste kirjeldamiseks \u00f5ige koht- kas on vastav m\u00e4rge CV vormil v\u00f5i hoopis kaaskirjas.<\/span><\/span><\/span><\/span>\n\t<\/li>\n<\/ul>\n\n<ul>\n\t<li>\n\t\t<b><span lang=\"ET\"><span style=\"line-height:103%\">T\u00f5enda oma oskusi ja isiksuseomadusi!<\/span><\/span><\/b><span lang=\"ET\"><span style=\"line-height:103%\"> Kui t\u00f6\u00f6kuulutuses n\u00f5utakse head kohanemisoskust, siis m\u00f5tle konkreetsetele olukordadele, kus oled pidanud seda oskust kasutama.\u00a0 N\u00e4iteks k\u00e4isid \u00f5pir\u00e4ndel teises riigis, t\u00f6\u00f6tasid praktika ajal erinevate meeskondades jne. <\/span><\/span>\n\t<\/li>\n<\/ul>\n","protected":false},"excerpt":{"rendered":"<p>VALMISTU ENDA OSKUSTE ESITLEMISEKS! Igale t\u00f6\u00f6kohale kandideerimiseks tuleb koostada just sellele t\u00f6\u00f6pakkumisele vastavad dokumendid! Ka sama nimetusega ametikohad erinevates ettev\u00f5tetes on enamasti erinevate n\u00f5udmistega. N\u00e4iteks koka t\u00f6\u00f6\u00fclesanded v\u00e4ikeses sushibaaris\u00a0 on erinevad suurk\u00f6\u00f6gis t\u00f6\u00f6tava omadest. \u00a0T\u00f6\u00f6andja n\u00f5udmised varasemale kogemusele v\u00f5i isiksuseomadustele &#8230;<\/p>\n","protected":false},"author":263,"featured_media":0,"parent":0,"menu_order":0,"comment_status":"closed","ping_status":"closed","template":"","meta":{"_acf_changed":false,"inline_featured_image":false,"footnotes":""},"class_list":["post-17","page","type-page","status-publish","hentry"],"acf":[],"_links":{"self":[{"href":"https:\/\/sisu.ut.ee\/edujategu23\/wp-json\/wp\/v2\/pages\/17","targetHints":{"allow":["GET"]}}],"collection":[{"href":"https:\/\/sisu.ut.ee\/edujategu23\/wp-json\/wp\/v2\/pages"}],"about":[{"href":"https:\/\/sisu.ut.ee\/edujategu23\/wp-json\/wp\/v2\/types\/page"}],"author":[{"embeddable":true,"href":"https:\/\/sisu.ut.ee\/edujategu23\/wp-json\/wp\/v2\/users\/263"}],"replies":[{"embeddable":true,"href":"https:\/\/sisu.ut.ee\/edujategu23\/wp-json\/wp\/v2\/comments?post=17"}],"version-history":[{"count":3,"href":"https:\/\/sisu.ut.ee\/edujategu23\/wp-json\/wp\/v2\/pages\/17\/revisions"}],"predecessor-version":[{"id":169,"href":"https:\/\/sisu.ut.ee\/edujategu23\/wp-json\/wp\/v2\/pages\/17\/revisions\/169"}],"wp:attachment":[{"href":"https:\/\/sisu.ut.ee\/edujategu23\/wp-json\/wp\/v2\/media?parent=17"}],"curies":[{"name":"wp","href":"https:\/\/api.w.org\/{rel}","templated":true}]}}