{"id":6,"date":"2024-04-04T08:24:26","date_gmt":"2024-04-04T05:24:26","guid":{"rendered":"https:\/\/sisu.ut.ee\/edujategu21\/motivatsiooni-analuusil-pohinev-eesmargi-seadmine\/"},"modified":"2024-04-04T08:24:32","modified_gmt":"2024-04-04T05:24:32","slug":"motivatsiooni-analuusil-pohinev-eesmargi-seadmine","status":"publish","type":"page","link":"https:\/\/sisu.ut.ee\/edujategu21\/motivatsiooni-analuusil-pohinev-eesmargi-seadmine\/","title":{"rendered":"Motivatsiooni anal\u00fc\u00fcsil p\u00f5hinev eesm\u00e4rgi seadmine"},"content":{"rendered":"<p>\n\t\u00a0\n<\/p>\n<p>\n\t<span style=\"font-size:20px\"><strong>\u00d5pijuhis<\/strong><\/span>\n<\/p>\n<p>\n\t<img loading=\"lazy\" decoding=\"async\" width=\"1080\" height=\"1080\" class=\"alignnone wp-image-13\" style=\"width: 32px;height: 32px\" src=\"https:\/\/sisu.ut.ee\/wp-content\/uploads\/sites\/603\/sissejuhatus_01_-_copy.png\" title=\"sissejuhatus_01_-_copy.png\" alt=\"t\u00f6\u00f6leht\" srcset=\"https:\/\/sisu.ut.ee\/wp-content\/uploads\/sites\/603\/sissejuhatus_01_-_copy.png 1080w, https:\/\/sisu.ut.ee\/wp-content\/uploads\/sites\/603\/sissejuhatus_01_-_copy-300x300.png 300w, https:\/\/sisu.ut.ee\/wp-content\/uploads\/sites\/603\/sissejuhatus_01_-_copy-1024x1024.png 1024w, https:\/\/sisu.ut.ee\/wp-content\/uploads\/sites\/603\/sissejuhatus_01_-_copy-150x150.png 150w, https:\/\/sisu.ut.ee\/wp-content\/uploads\/sites\/603\/sissejuhatus_01_-_copy-768x768.png 768w\" sizes=\"auto, (max-width: 1080px) 100vw, 1080px\"><span style=\"font-size:16px\">T\u00e4ida motivatsioonil p\u00f5hinev karj\u00e4\u00e4rialane t\u00f6\u00f6leht:\u00a0<\/span><span class=\"file media-element file-os-files-link\" data-file_info=\"%7B%22fid%22:%2274788%22,%22view_mode%22:%22os_files_link%22,%22type%22:%22media%22%7D\"><img decoding=\"async\" alt=\"\" class=\"file-icon\" src=\"\/profiles\/openscholar\/modules\/os\/modules\/os_files\/icons\/x-office-document.svg\"> <a href=\"https:\/\/sisu.ut.ee\/wp-content\/uploads\/sites\/603\/motivatsiooni_tooleht.docx\">motivatsiooni_tooleht.docx<\/a><\/span><\/p>\n","protected":false},"excerpt":{"rendered":"<p>\u00a0 \u00d5pijuhis T\u00e4ida motivatsioonil p\u00f5hinev karj\u00e4\u00e4rialane t\u00f6\u00f6leht:\u00a0 motivatsiooni_tooleht.docx<\/p>\n","protected":false},"author":295,"featured_media":0,"parent":0,"menu_order":0,"comment_status":"closed","ping_status":"closed","template":"","meta":{"_acf_changed":false,"inline_featured_image":false,"footnotes":""},"class_list":["post-6","page","type-page","status-publish","hentry"],"acf":[],"_links":{"self":[{"href":"https:\/\/sisu.ut.ee\/edujategu21\/wp-json\/wp\/v2\/pages\/6","targetHints":{"allow":["GET"]}}],"collection":[{"href":"https:\/\/sisu.ut.ee\/edujategu21\/wp-json\/wp\/v2\/pages"}],"about":[{"href":"https:\/\/sisu.ut.ee\/edujategu21\/wp-json\/wp\/v2\/types\/page"}],"author":[{"embeddable":true,"href":"https:\/\/sisu.ut.ee\/edujategu21\/wp-json\/wp\/v2\/users\/295"}],"replies":[{"embeddable":true,"href":"https:\/\/sisu.ut.ee\/edujategu21\/wp-json\/wp\/v2\/comments?post=6"}],"version-history":[{"count":1,"href":"https:\/\/sisu.ut.ee\/edujategu21\/wp-json\/wp\/v2\/pages\/6\/revisions"}],"predecessor-version":[{"id":30,"href":"https:\/\/sisu.ut.ee\/edujategu21\/wp-json\/wp\/v2\/pages\/6\/revisions\/30"}],"wp:attachment":[{"href":"https:\/\/sisu.ut.ee\/edujategu21\/wp-json\/wp\/v2\/media?parent=6"}],"curies":[{"name":"wp","href":"https:\/\/api.w.org\/{rel}","templated":true}]}}