{"id":5,"date":"2024-04-04T08:24:26","date_gmt":"2024-04-04T05:24:26","guid":{"rendered":"https:\/\/sisu.ut.ee\/edujategu21\/eesmargi-poole-liikumise-motivatsiooni-erinevad-staadiumid\/"},"modified":"2024-05-07T10:18:52","modified_gmt":"2024-05-07T07:18:52","slug":"eesmargi-poole-liikumise-motivatsiooni-erinevad-staadiumid","status":"publish","type":"page","link":"https:\/\/sisu.ut.ee\/edujategu21\/eesmargi-poole-liikumise-motivatsiooni-erinevad-staadiumid\/","title":{"rendered":"Eesm\u00e4rgi poole liikumise motivatsiooni erinevad staadiumid"},"content":{"rendered":"<p><span style=\"font-size: 16px;\">Eesm\u00e4rgi poole liikudes l\u00e4bime mitmeid erinevaid etappe. Neid etappe m\u00f5istes ning teades, kuidas \u00fchest etapist j\u00e4rgmisesse liikuda, j\u00f5uab inimene kindlamalt eesm\u00e4rgini ning p\u00fcsib seal kauem.<\/span><\/p>\n<p><span style=\"font-size: 16px;\"><img loading=\"lazy\" decoding=\"async\" width=\"219\" height=\"189\" class=\"alignnone wp-image-14\" style=\"width: 500px; height: 432px;\" title=\"picture2.png\" src=\"https:\/\/sisu.ut.ee\/wp-content\/uploads\/sites\/603\/picture2.png\" alt=\"staadiumid\"><\/span><\/p>\n<p><span style=\"font-size: 20px;\"><strong>\u00d5pijuhis<\/strong><\/span><\/p>\n<p><span style=\"font-size: 18px;\"><strong><div class=\"accordion mb-3\">\n        <div class=\"accordion-item accordion-item--white\">\n        <h2 class=\"accordion-header\" id=\"accordion-69d98dee6083a-heading\">\n            <button class=\"accordion-button collapsed\" type=\"button\" data-bs-toggle=\"collapse\" data-bs-target=\"#accordion-69d98dee6083a-collapse\" aria-expanded=\"true\" aria-controls=\"accordion-69d98dee6083a-collapse\"><span style=\"font-size: 16px;\"><strong><span style=\"color: #674fa0;\">1. Vaata videot<\/span><\/strong><\/span><span style=\"font-size: 18px;\"><strong><\/strong><\/span><\/button>\n        <\/h2>\n        <div id=\"accordion-69d98dee6083a-collapse\" class=\"accordion-collapse collapse\" aria-labelledby=\"accordion-69d98dee6083a-heading\">\n            <div class=\"accordion-body\">\n<p><strong><span style=\"font-size: 16px;\">Esimene \u00fclesanne: video staadiumitest<\/span><\/strong><\/p>\n<p><img loading=\"lazy\" decoding=\"async\" width=\"1080\" height=\"1080\" class=\"alignnone wp-image-11\" style=\"width: 32px; height: 32px;\" title=\"video_-_copy.png\" src=\"https:\/\/sisu.ut.ee\/wp-content\/uploads\/sites\/603\/video_-_copy.png\" alt=\"\u00fclesanne\" srcset=\"https:\/\/sisu.ut.ee\/wp-content\/uploads\/sites\/603\/video_-_copy.png 1080w, https:\/\/sisu.ut.ee\/wp-content\/uploads\/sites\/603\/video_-_copy-300x300.png 300w, https:\/\/sisu.ut.ee\/wp-content\/uploads\/sites\/603\/video_-_copy-1024x1024.png 1024w, https:\/\/sisu.ut.ee\/wp-content\/uploads\/sites\/603\/video_-_copy-150x150.png 150w, https:\/\/sisu.ut.ee\/wp-content\/uploads\/sites\/603\/video_-_copy-768x768.png 768w\" sizes=\"auto, (max-width: 1080px) 100vw, 1080px\"><span style=\"font-size: 16px;\">Esimeseks \u00fclesandeks vaata j\u00e4rgnevat videot:\u00a0<b id=\"docs-internal-guid-12057698-7fff-1723-f13c-25762089a7cf\"><a href=\"https:\/\/www.youtube.com\/watch?v=82N2ba4DAUM\" target=\"_blank\" rel=\"noopener\">https:\/\/www.youtube.com\/watch?v=82N2ba4DAUM<\/a><\/b><\/span><\/p>\n<p><span style=\"font-size: 16px;\"><\/span><\/p><\/div>\n        <\/div>\n        <\/div>\n    <\/div><\/strong><\/span><\/p>\n<p><span style=\"font-size: 18px;\"><strong><div class=\"accordion mb-3\">\n        <div class=\"accordion-item accordion-item--white\">\n        <h2 class=\"accordion-header\" id=\"accordion-69d98dee60842-heading\">\n            <button class=\"accordion-button collapsed\" type=\"button\" data-bs-toggle=\"collapse\" data-bs-target=\"#accordion-69d98dee60842-collapse\" aria-expanded=\"true\" aria-controls=\"accordion-69d98dee60842-collapse\"><span style=\"font-size: 16px;\"><span style=\"color: #674fa0;\"><strong>2. Lahenda \u00fclesanne<\/strong><\/span><\/span><span style=\"font-size: 18px;\"><strong><\/strong><\/span><\/button>\n        <\/h2>\n        <div id=\"accordion-69d98dee60842-collapse\" class=\"accordion-collapse collapse\" aria-labelledby=\"accordion-69d98dee60842-heading\">\n            <div class=\"accordion-body\">\n<p><strong><span style=\"font-size: 16px;\">Teine \u00fclesanne: karj\u00e4\u00e4rialane asukoht mudelis<\/span><\/strong><\/p>\n<p><img loading=\"lazy\" decoding=\"async\" width=\"1080\" height=\"1080\" class=\"alignnone wp-image-15\" style=\"width: 32px; height: 32px;\" title=\"motlemiseks.png\" src=\"https:\/\/sisu.ut.ee\/wp-content\/uploads\/sites\/603\/motlemiseks.png\" alt=\"think\" srcset=\"https:\/\/sisu.ut.ee\/wp-content\/uploads\/sites\/603\/motlemiseks.png 1080w, https:\/\/sisu.ut.ee\/wp-content\/uploads\/sites\/603\/motlemiseks-300x300.png 300w, https:\/\/sisu.ut.ee\/wp-content\/uploads\/sites\/603\/motlemiseks-1024x1024.png 1024w, https:\/\/sisu.ut.ee\/wp-content\/uploads\/sites\/603\/motlemiseks-150x150.png 150w, https:\/\/sisu.ut.ee\/wp-content\/uploads\/sites\/603\/motlemiseks-768x768.png 768w\" sizes=\"auto, (max-width: 1080px) 100vw, 1080px\"><span style=\"font-size: 16px;\">Anal\u00fc\u00fcsi, millises muutuste staadiumis hetkel seoses oma t\u00f6\u00f6 ja karj\u00e4\u00e4ri muutustega oled.<\/span><\/p>\n<p><span style=\"font-size: 16px;\">1. Mis selle staadiumi kirjeldustest vastab sinu olukorrale?<\/span><\/p>\n<ul>\n<li><span style=\"font-size: 16px;\">Mis sellest kirjeldusest t\u00e4psemalt sinu olukorda h\u00e4sti kirjeldab?<\/span><\/li>\n<li><span style=\"font-size: 16px;\">Mis osa kirjeldusest vastab m\u00f5nele muule staadiumile?<\/span><\/li>\n<\/ul>\n<p><span style=\"font-size: 16px;\">2. Mis sul aitas sellesse staadiumisse j\u00f5uda?<\/span><\/p>\n<p><span style=\"font-size: 16px;\">3. Mida peaksid tegema selleks, et edasi liikuda j\u00e4rgmisesse ja\/v\u00f5i ennetada tagasilangust?<\/span><\/p>\n<p><span style=\"font-size: 16px;\"><\/span><\/p><\/div>\n        <\/div>\n        <\/div>\n    <\/div><\/strong><\/span><\/p>\n","protected":false},"excerpt":{"rendered":"<p>Eesm\u00e4rgi poole liikudes l\u00e4bime mitmeid erinevaid etappe. Neid etappe m\u00f5istes ning teades, kuidas \u00fchest etapist j\u00e4rgmisesse liikuda, j\u00f5uab inimene kindlamalt eesm\u00e4rgini ning p\u00fcsib seal kauem. \u00d5pijuhis 1. Vaata videot Esimene \u00fclesanne: video staadiumitest Esimeseks \u00fclesandeks vaata j\u00e4rgnevat videot:\u00a0https:\/\/www.youtube.com\/watch?v=82N2ba4DAUM 2. Lahenda &#8230;<\/p>\n","protected":false},"author":295,"featured_media":0,"parent":0,"menu_order":0,"comment_status":"closed","ping_status":"closed","template":"","meta":{"_acf_changed":false,"inline_featured_image":false,"footnotes":""},"class_list":["post-5","page","type-page","status-publish","hentry"],"acf":[],"_links":{"self":[{"href":"https:\/\/sisu.ut.ee\/edujategu21\/wp-json\/wp\/v2\/pages\/5","targetHints":{"allow":["GET"]}}],"collection":[{"href":"https:\/\/sisu.ut.ee\/edujategu21\/wp-json\/wp\/v2\/pages"}],"about":[{"href":"https:\/\/sisu.ut.ee\/edujategu21\/wp-json\/wp\/v2\/types\/page"}],"author":[{"embeddable":true,"href":"https:\/\/sisu.ut.ee\/edujategu21\/wp-json\/wp\/v2\/users\/295"}],"replies":[{"embeddable":true,"href":"https:\/\/sisu.ut.ee\/edujategu21\/wp-json\/wp\/v2\/comments?post=5"}],"version-history":[{"count":2,"href":"https:\/\/sisu.ut.ee\/edujategu21\/wp-json\/wp\/v2\/pages\/5\/revisions"}],"predecessor-version":[{"id":50,"href":"https:\/\/sisu.ut.ee\/edujategu21\/wp-json\/wp\/v2\/pages\/5\/revisions\/50"}],"wp:attachment":[{"href":"https:\/\/sisu.ut.ee\/edujategu21\/wp-json\/wp\/v2\/media?parent=5"}],"curies":[{"name":"wp","href":"https:\/\/api.w.org\/{rel}","templated":true}]}}