{"id":5,"date":"2024-04-04T08:21:07","date_gmt":"2024-04-04T05:21:07","guid":{"rendered":"https:\/\/sisu.ut.ee\/edujategu20\/kuidas\/"},"modified":"2024-04-23T09:02:48","modified_gmt":"2024-04-23T06:02:48","slug":"kuidas","status":"publish","type":"page","link":"https:\/\/sisu.ut.ee\/edujategu20\/kuidas\/","title":{"rendered":"1.1. Kuidas lugeda t\u00f6\u00f6pakkumist?"},"content":{"rendered":"<h1 class=\"wp-block-heading\"><img loading=\"lazy\" decoding=\"async\" width=\"40\" height=\"40\" class=\"wp-image-185\" style=\"width: 40px;\" src=\"https:\/\/sisu.ut.ee\/wp-content\/uploads\/sites\/598\/sissejuhatus.png\" alt=\"\" srcset=\"https:\/\/sisu.ut.ee\/wp-content\/uploads\/sites\/598\/sissejuhatus.png 1080w, https:\/\/sisu.ut.ee\/wp-content\/uploads\/sites\/598\/sissejuhatus-300x300.png 300w, https:\/\/sisu.ut.ee\/wp-content\/uploads\/sites\/598\/sissejuhatus-1024x1024.png 1024w, https:\/\/sisu.ut.ee\/wp-content\/uploads\/sites\/598\/sissejuhatus-150x150.png 150w, https:\/\/sisu.ut.ee\/wp-content\/uploads\/sites\/598\/sissejuhatus-768x768.png 768w\" sizes=\"auto, (max-width: 40px) 100vw, 40px\"> <span style=\"color: #28aae1;\">1.1. KUIDAS LUGEDA T\u00d6\u00d6PAKKUMIST?<\/span><\/h1>\n\n\n<p dir=\"ltr\">T\u00f6\u00f6pakkumiste \u00fclesehitused on erinevad ja see teeb t\u00f6\u00f6maailma omamoodi huvitavaks. Reeglina koosnevad t\u00f6\u00f6pakkumised:<\/p>\n<ul>\n<li>\n<p dir=\"ltr\">organisatsiooni tutvustusest,<\/p>\n<\/li>\n<li>\n<p dir=\"ltr\">pakutava ametikoha tutvustusest ja t\u00f6\u00f6\u00fclesannetest,<\/p>\n<\/li>\n<li>\n<p dir=\"ltr\">t\u00f6\u00f6koha h\u00fcvedest ehk motivatsioonipaketi tutvustusest,<\/p>\n<\/li>\n<li>\n<p dir=\"ltr\">n\u00f5udmistest\/ootustest kandidaatidele,<\/p>\n<\/li>\n<li>\n<p dir=\"ltr\">kandideerimiseks vajalikest dokumentidest ja esitusviisist,<\/p>\n<\/li>\n<li>\n<p dir=\"ltr\">kandideerimist\u00e4htajast.<\/p>\n<\/li>\n<\/ul>","protected":false},"excerpt":{"rendered":"<p>1.1. KUIDAS LUGEDA T\u00d6\u00d6PAKKUMIST? T\u00f6\u00f6pakkumiste \u00fclesehitused on erinevad ja see teeb t\u00f6\u00f6maailma omamoodi huvitavaks. Reeglina koosnevad t\u00f6\u00f6pakkumised: organisatsiooni tutvustusest, pakutava ametikoha tutvustusest ja t\u00f6\u00f6\u00fclesannetest, t\u00f6\u00f6koha h\u00fcvedest ehk motivatsioonipaketi tutvustusest, n\u00f5udmistest\/ootustest kandidaatidele, kandideerimiseks vajalikest dokumentidest ja esitusviisist, kandideerimist\u00e4htajast.<\/p>\n","protected":false},"author":263,"featured_media":0,"parent":0,"menu_order":0,"comment_status":"closed","ping_status":"closed","template":"","meta":{"_acf_changed":false,"inline_featured_image":false,"footnotes":""},"class_list":["post-5","page","type-page","status-publish","hentry"],"acf":[],"_links":{"self":[{"href":"https:\/\/sisu.ut.ee\/edujategu20\/wp-json\/wp\/v2\/pages\/5","targetHints":{"allow":["GET"]}}],"collection":[{"href":"https:\/\/sisu.ut.ee\/edujategu20\/wp-json\/wp\/v2\/pages"}],"about":[{"href":"https:\/\/sisu.ut.ee\/edujategu20\/wp-json\/wp\/v2\/types\/page"}],"author":[{"embeddable":true,"href":"https:\/\/sisu.ut.ee\/edujategu20\/wp-json\/wp\/v2\/users\/263"}],"replies":[{"embeddable":true,"href":"https:\/\/sisu.ut.ee\/edujategu20\/wp-json\/wp\/v2\/comments?post=5"}],"version-history":[{"count":5,"href":"https:\/\/sisu.ut.ee\/edujategu20\/wp-json\/wp\/v2\/pages\/5\/revisions"}],"predecessor-version":[{"id":196,"href":"https:\/\/sisu.ut.ee\/edujategu20\/wp-json\/wp\/v2\/pages\/5\/revisions\/196"}],"wp:attachment":[{"href":"https:\/\/sisu.ut.ee\/edujategu20\/wp-json\/wp\/v2\/media?parent=5"}],"curies":[{"name":"wp","href":"https:\/\/api.w.org\/{rel}","templated":true}]}}