{"id":27,"date":"2024-04-04T08:21:10","date_gmt":"2024-04-04T05:21:10","guid":{"rendered":"https:\/\/sisu.ut.ee\/edujategu20\/223-soovitused-kaaskirja-ja-motivatsioonikirja-kirjutamiseks\/"},"modified":"2024-04-23T15:37:39","modified_gmt":"2024-04-23T12:37:39","slug":"223-soovitused-kaaskirja-ja-motivatsioonikirja-kirjutamiseks","status":"publish","type":"page","link":"https:\/\/sisu.ut.ee\/edujategu20\/223-soovitused-kaaskirja-ja-motivatsioonikirja-kirjutamiseks\/","title":{"rendered":"2.2.3. Soovitused kaaskirja ja motivatsioonikirja kirjutamiseks"},"content":{"rendered":"<h1 class=\"wp-block-heading\"><img loading=\"lazy\" decoding=\"async\" width=\"40\" height=\"40\" class=\"wp-image-185\" style=\"width: 40px;\" src=\"https:\/\/sisu.ut.ee\/wp-content\/uploads\/sites\/598\/sissejuhatus.png\" alt=\"\" srcset=\"https:\/\/sisu.ut.ee\/wp-content\/uploads\/sites\/598\/sissejuhatus.png 1080w, https:\/\/sisu.ut.ee\/wp-content\/uploads\/sites\/598\/sissejuhatus-300x300.png 300w, https:\/\/sisu.ut.ee\/wp-content\/uploads\/sites\/598\/sissejuhatus-1024x1024.png 1024w, https:\/\/sisu.ut.ee\/wp-content\/uploads\/sites\/598\/sissejuhatus-150x150.png 150w, https:\/\/sisu.ut.ee\/wp-content\/uploads\/sites\/598\/sissejuhatus-768x768.png 768w\" sizes=\"auto, (max-width: 40px) 100vw, 40px\"> <span style=\"color: #28aae1;\">2.2.3. SOOVITUSED KAASKIRJA JA MOTIVATSIOONIKIRJA KIRJUTAMISEKS<\/span><\/h1>\n\n\n<p dir=\"ltr\" style=\"margin-top: 0pt; margin-bottom: 0pt;\"><span style=\"line-height: 1.38;\"><span style=\"vertical-align: baseline;\">Motivatsioonikiri peas laias laastus vastama k\u00fcsimusele MIKS MINA?<\/span><\/span><\/p>\n<ul style=\"margin-top: 0; margin-bottom: 0; padding-inline-start: 48px;\">\n<li dir=\"ltr\" style=\"list-style-type: disc; vertical-align: baseline;\">\n<p dir=\"ltr\" style=\"text-align: justify; margin-top: 0pt; margin-bottom: 0pt;\" role=\"presentation\"><span style=\"line-height: 1.38;\"><span style=\"vertical-align: baseline;\">M\u00f5tle hoolega l\u00e4bi, miks ja kuhu oled kandideerimas<\/span><\/span><\/p>\n<\/li>\n<li dir=\"ltr\" style=\"list-style-type: disc; vertical-align: baseline;\">\n<p dir=\"ltr\" style=\"text-align: justify; margin-top: 0pt; margin-bottom: 0pt;\" role=\"presentation\"><span style=\"line-height: 1.38;\"><span style=\"vertical-align: baseline;\">Aseta ennast t\u00f6\u00f6andja kingadesse, millist motivatsioonikirja on tal huvitav lugeda?<\/span><\/span><\/p>\n<\/li>\n<li dir=\"ltr\" style=\"list-style-type: disc; vertical-align: baseline;\">\n<p dir=\"ltr\" style=\"text-align: justify; margin-top: 0pt; margin-bottom: 0pt;\" role=\"presentation\"><span style=\"line-height: 1.38;\"><span style=\"vertical-align: baseline;\">Ole loominguline, \u00e4ra karda eristuda!<\/span><\/span><\/p>\n<\/li>\n<li dir=\"ltr\" style=\"list-style-type: disc; vertical-align: baseline;\">\n<p dir=\"ltr\" style=\"text-align: justify; margin-top: 0pt; margin-bottom: 0pt;\" role=\"presentation\"><span style=\"line-height: 1.38;\"><span style=\"vertical-align: baseline;\">Too esile oma tugevused, mis on antud ametipositsiooniga seotud!<\/span><\/span><\/p>\n<\/li>\n<li dir=\"ltr\" style=\"list-style-type: disc; vertical-align: baseline;\">\n<p dir=\"ltr\" style=\"text-align: justify; margin-top: 0pt; margin-bottom: 0pt;\" role=\"presentation\"><span style=\"line-height: 1.38;\"><span style=\"vertical-align: baseline;\">Too v\u00e4lja oma oskused ja kogemused, mida saaksid antud ametikohal rakendada ja ettev\u00f5ttesse panustada ning too kindlasti esile midagi uut, st millist lisav\u00e4\u00e4rtust sinu palkamine ettev\u00f5ttele annab. N\u00e4iteks kandideerides kooli eesti keele ja kirjanduse \u00f5petajaks on lisav\u00e4\u00e4rtuseks kindlasti n\u00e4iteringi juhendamise v\u00f5i kirjandus\/luuleklubi aktiivne eestvedamine. V\u00f5ib olla oskad soome keelt ja saad nii m\u00f5nda huviringi v\u00f5i koolisisest projekti vedada.<\/span><\/span><\/p>\n<\/li>\n<li dir=\"ltr\" style=\"list-style-type: disc; vertical-align: baseline;\">\n<p dir=\"ltr\" style=\"text-align: justify; margin-top: 0pt; margin-bottom: 0pt;\" role=\"presentation\"><span style=\"line-height: 1.38;\"><span style=\"vertical-align: baseline;\">Anal\u00fc\u00fcsi ennast, millised on sinu saavutused, millega oled silma paistnud, milliseid projekte vedanud jne ning kuidas see toob kasu organisatsioonile, kuhu oled kandideerimas.<\/span><\/span><\/p>\n<\/li>\n<li dir=\"ltr\" style=\"list-style-type: disc; vertical-align: baseline;\">\n<p dir=\"ltr\" style=\"text-align: justify; margin-top: 0pt; margin-bottom: 0pt;\" role=\"presentation\"><span style=\"line-height: 1.38;\"><span style=\"vertical-align: baseline;\">Hea kui leiad kellegi, kes vaatab \u00fcle sinu koostatud motivatsioonikirja, sest kindlasti saab k\u00f5rvalseisja pilguga \u00fcht teist lisada, mis enesele sageli m\u00e4rkamata j\u00e4\u00e4b!<\/span><\/span><\/p>\n<\/li>\n<\/ul>\n<p>\u00a0<\/p>\n<p dir=\"ltr\" style=\"text-align: justify; margin-top: 0pt; margin-bottom: 12pt;\"><span style=\"line-height: 1.38;\"><span style=\"vertical-align: baseline;\">Kindlasti ei tasu kaaskirjas valetada ega vassida oma oskuste ja omaduste kohta. <\/span><\/span><\/p>\n<p dir=\"ltr\" style=\"text-align: justify; margin-top: 0pt; margin-bottom: 12pt;\"><span style=\"line-height: 1.38;\"><span style=\"vertical-align: baseline;\"><img loading=\"lazy\" decoding=\"async\" class=\"alignnone wp-image-182\" src=\"https:\/\/sisu.ut.ee\/wp-content\/uploads\/sites\/598\/uued_moisted-1024x1024.png\" alt=\"\" width=\"40\" height=\"40\" srcset=\"https:\/\/sisu.ut.ee\/wp-content\/uploads\/sites\/598\/uued_moisted-1024x1024.png 1024w, https:\/\/sisu.ut.ee\/wp-content\/uploads\/sites\/598\/uued_moisted-300x300.png 300w, https:\/\/sisu.ut.ee\/wp-content\/uploads\/sites\/598\/uued_moisted-150x150.png 150w, https:\/\/sisu.ut.ee\/wp-content\/uploads\/sites\/598\/uued_moisted-768x768.png 768w, https:\/\/sisu.ut.ee\/wp-content\/uploads\/sites\/598\/uued_moisted.png 1080w\" sizes=\"auto, (max-width: 40px) 100vw, 40px\">\u00a0N\u00c4IDE (12) Vaata siinkohal humoorikat BBC koomikute videoklippi t\u00f6\u00f6intervjuu ja CV teemadel \u2013 loo moraal, \u00e4ra kunagi valeta, k\u00f5ik vale tuleb v\u00e4lja, ole aus! <\/span><\/span><\/p>\n<p dir=\"ltr\" style=\"text-align: justify; margin-top: 0pt; margin-bottom: 12pt;\"><\/p><div class=\"ratio ratio-16x9 mb-3\"><div class=\"video-placeholder-wrapper video-placeholder-wrapper--16x9\">\n\t\t\t    <div class=\"video-placeholder d-flex justify-content-center align-items-center\">\n\t\t\t        <div class=\"overlay text-white p-2 w-100 text-center d-block justify-content-center align-items-center\">\n\t\t\t            <div>Kolmandate osapoolte sisu n\u00e4gemiseks palun n\u00f5ustu k\u00fcpsistega.<\/div>\n\t\t\t            <button class=\"btn btn-secondary btn-sm mt-1 consent-change\">Muuda n\u00f5usolekut<\/button>\n\t\t\t        <\/div>\n\t\t\t    <\/div>\n\t\t\t<\/div>\n<\/div>\n<hr>\n<p dir=\"ltr\" style=\"text-align: justify; margin-top: 0pt; margin-bottom: 12pt;\">\u00a0<\/p>\n<p dir=\"ltr\" style=\"text-align: justify; margin-top: 0pt; margin-bottom: 12pt;\"><img loading=\"lazy\" decoding=\"async\" title=\"\" src=\"https:\/\/sisu.ut.ee\/wp-content\/uploads\/sites\/598\/motlemiseks.png\" alt=\"fhg\" width=\"32\" height=\"32\" data-file_info=\"%7B%22fid%22:%2274976%22,%22view_mode%22:%22default%22,%22type%22:%22media%22%7D\">\u00a0<span style=\"line-height: 1.38;\"><span style=\"vertical-align: baseline;\">K\u00fcsimus praktikutele (9): <\/span><span style=\"font-weight: bold;\"><span style=\"vertical-align: baseline;\">Millised motivatsioonikirjad v\u00e4rbajana Teile silma j\u00e4\u00e4vad? Milline on hea motivatsioonikiri?<\/span><\/span><\/span><\/p>\n<ul style=\"margin-top: 0; margin-bottom: 0; padding-inline-start: 48px;\">\n<li dir=\"ltr\" style=\"list-style-type: disc; font-style: italic; vertical-align: baseline; margin-left: 36pt;\">\n<p dir=\"ltr\" style=\"text-align: justify; margin-top: 0pt; margin-bottom: 0pt;\" role=\"presentation\"><span style=\"line-height: 1.38;\"><span style=\"vertical-align: baseline;\">\u201cMotivatsioonikiri on koostatud konkreetset ettev\u00f5tet ja ametikohta silmas pidades.\u201d<\/span><\/span><\/p>\n<\/li>\n<li dir=\"ltr\" style=\"list-style-type: disc; font-style: italic; vertical-align: baseline; margin-left: 36pt;\">\n<p dir=\"ltr\" style=\"text-align: justify; margin-top: 0pt; margin-bottom: 0pt;\" role=\"presentation\"><span style=\"line-height: 1.38;\"><span style=\"vertical-align: baseline;\">\u201cOn n\u00e4ha, et kandidaadil on nn kodut\u00f6\u00f6 tehtud \u2013 on kursis ettev\u00f5tte tegevusega ja p\u00f5hjalikult s\u00fcvenenud t\u00f6\u00f6kuulutuses v\u00e4ljatoodud \u00fclesannete ja n\u00f5uetega.\u201d<\/span><\/span><\/p>\n<\/li>\n<li dir=\"ltr\" style=\"list-style-type: disc; font-style: italic; vertical-align: baseline; margin-left: 36pt;\">\n<p dir=\"ltr\" style=\"text-align: justify; margin-top: 0pt; margin-bottom: 0pt;\" role=\"presentation\"><span style=\"line-height: 1.38;\"><span style=\"vertical-align: baseline;\">\u201cKandidaat on v\u00e4ga veenvalt, m\u00f5jusalt ja argumenteeritult kirjutanud, miks just tema v\u00f5iks sobida antud ametikohale.\u201d<\/span><\/span><\/p>\n<\/li>\n<li dir=\"ltr\" style=\"list-style-type: disc; font-style: italic; vertical-align: baseline; margin-left: 36pt;\">\n<p dir=\"ltr\" style=\"text-align: justify; margin-top: 0pt; margin-bottom: 0pt;\" role=\"presentation\"><span style=\"line-height: 1.38;\"><span style=\"vertical-align: baseline;\">\u201cMotivatsioonikiri <\/span> <span style=\"font-style: normal;\"><span style=\"vertical-align: baseline;\">on kirjutatud grammatiliselt korrektselt ja viisakalt.\u201d<\/span><\/span><\/span><\/p>\n<\/li>\n<li dir=\"ltr\" style=\"list-style-type: disc; font-style: italic; vertical-align: baseline; margin-left: 36pt;\">\n<p dir=\"ltr\" style=\"text-align: justify; margin-top: 0pt; margin-bottom: 0pt;\" role=\"presentation\"><span style=\"line-height: 1.38;\"><span style=\"vertical-align: baseline;\">\u201cHea kui oleks kirjas ka adressaat, kellele motivatsioonikiri on suunatud, n\u00e4iteks t\u00f6\u00f6kuulutuses m\u00e4rgitud v\u00e4rbava juhi nimi.\u201d<\/span><\/span><\/p>\n<\/li>\n<li dir=\"ltr\" style=\"list-style-type: disc; font-style: italic; vertical-align: baseline; margin-left: 36pt;\">\n<p dir=\"ltr\" style=\"text-align: justify; margin-top: 0pt; margin-bottom: 0pt;\" role=\"presentation\"><span style=\"line-height: 1.38;\"><span style=\"vertical-align: baseline;\">\u201cPikkus maks 1 A4 lk.\u201d<\/span><\/span><\/p>\n<\/li>\n<li dir=\"ltr\" style=\"list-style-type: disc; vertical-align: baseline; margin-left: 36pt;\">\n<p dir=\"ltr\" style=\"text-align: justify; margin-top: 0pt; margin-bottom: 0pt;\" role=\"presentation\"><span style=\"line-height: 1.38;\"><span style=\"font-style: italic;\"><span style=\"vertical-align: baseline;\">\u201cVisuaalselt puhtad ja disainitud (ka tasuta tarkvara kasutades), mis n\u00e4itab, et on vaeva n\u00e4htud. Hea motivatsioonikiri vastab minu hinnangul l\u00fchidalt, kiiresti j\u00e4rgnevatele k\u00fcsimustele:<\/span><\/span><\/span><\/p>\n<\/li>\n<\/ul>\n<ul style=\"margin-top: 0; margin-bottom: 0; padding-inline-start: 48px;\">\n<li dir=\"ltr\" style=\"list-style-type: disc; font-style: italic; vertical-align: baseline; margin-left: 72pt;\">\n<p dir=\"ltr\" style=\"text-align: justify; margin-top: 0pt; margin-bottom: 0pt;\" role=\"presentation\"><span style=\"line-height: 1.38;\"><span style=\"vertical-align: baseline;\">Kes ma olen?<\/span><\/span><\/p>\n<\/li>\n<li dir=\"ltr\" style=\"list-style-type: disc; font-style: italic; vertical-align: baseline; margin-left: 72pt;\">\n<p dir=\"ltr\" style=\"text-align: justify; margin-top: 0pt; margin-bottom: 0pt;\" role=\"presentation\"><span style=\"line-height: 1.38;\"><span style=\"vertical-align: baseline;\">Miks ma sobin antud ametikohale<\/span><\/span><\/p>\n<\/li>\n<li dir=\"ltr\" style=\"list-style-type: disc; font-style: italic; vertical-align: baseline; margin-left: 72pt;\">\n<p dir=\"ltr\" style=\"text-align: justify; margin-top: 0pt; margin-bottom: 0pt;\" role=\"presentation\"><span style=\"line-height: 1.38;\"><span style=\"vertical-align: baseline;\">Missugused on minu ootused t\u00f6\u00f6andjale<\/span><\/span><\/p>\n<\/li>\n<li dir=\"ltr\" style=\"list-style-type: disc; font-style: italic; vertical-align: baseline; margin-left: 72pt;\">\n<p dir=\"ltr\" style=\"text-align: justify; margin-top: 0pt; margin-bottom: 12pt;\" role=\"presentation\"><span style=\"line-height: 1.38;\"><span style=\"vertical-align: baseline;\">Kuhu ma soovin j\u00f5uda teie ettev\u00f5ttes.\u201d <\/span><\/span><\/p>\n<hr>\n<p>\u00a0<\/p>\n<\/li>\n<\/ul>\n<p dir=\"ltr\" style=\"text-align: justify; margin-top: 0pt; margin-bottom: 12pt;\"><img loading=\"lazy\" decoding=\"async\" title=\"\" src=\"https:\/\/sisu.ut.ee\/wp-content\/uploads\/sites\/598\/motlemiseks.png\" alt=\"fhg\" width=\"32\" height=\"32\" data-file_info=\"%7B%22fid%22:%2274976%22,%22view_mode%22:%22default%22,%22type%22:%22media%22%7D\">\u00a0<span style=\"line-height: 1.38;\"><span style=\"vertical-align: baseline;\">K\u00fcsimus praktikutele (10): <\/span><span style=\"font-weight: bold;\"><span style=\"vertical-align: baseline;\">Millised on k\u00f5ige enam levinumad stamps\u00f5nad ja -laused, mida kandidaadid oma kandideerimisdokumentides esitavad? <\/span><\/span> <\/span><\/p>\n<ul style=\"margin-top: 0; margin-bottom: 0; padding-inline-start: 48px;\">\n<li dir=\"ltr\" style=\"list-style-type: disc; font-style: italic; vertical-align: baseline; margin-left: 36pt;\">\n<p dir=\"ltr\" style=\"text-align: justify; margin-top: 12pt; margin-bottom: 0pt;\" role=\"presentation\"><span style=\"line-height: 1.38;\"><span style=\"vertical-align: baseline;\">\u201e<\/span><span style=\"font-weight: 400;\"><span style=\"vertical-align: baseline;\">Leidsin t\u00f6\u00f6kuulutuse CVKeskusest.\u201c<\/span><\/span><\/span><\/p>\n<\/li>\n<li dir=\"ltr\" style=\"list-style-type: disc; font-style: italic; vertical-align: baseline; margin-left: 36pt;\">\n<p dir=\"ltr\" style=\"text-align: justify; margin-top: 0pt; margin-bottom: 0pt;\" role=\"presentation\"><span style=\"line-height: 1.38;\"><span style=\"font-weight: 400;\"><span style=\"vertical-align: baseline;\">\u201eVastan meeleldi tekkivatele lisak\u00fcsimustele.\u201c<\/span><\/span><\/span><\/p>\n<\/li>\n<li dir=\"ltr\" style=\"list-style-type: disc; font-style: italic; vertical-align: baseline; margin-left: 36pt;\">\n<p dir=\"ltr\" style=\"text-align: justify; margin-top: 0pt; margin-bottom: 0pt;\" role=\"presentation\"><span style=\"line-height: 1.38;\"><span style=\"font-weight: 400;\"><span style=\"vertical-align: baseline;\">\u201eMinu kontaktid on leitavad CVst.\u201c<\/span><\/span><\/span><\/p>\n<\/li>\n<li dir=\"ltr\" style=\"list-style-type: disc; font-style: italic; vertical-align: baseline; margin-left: 36pt;\">\n<p dir=\"ltr\" style=\"text-align: justify; margin-top: 0pt; margin-bottom: 12pt;\" role=\"presentation\"><span style=\"line-height: 1.38;\"><span style=\"font-weight: 400;\"><span style=\"vertical-align: baseline;\">\u201eCV annab \u00fclevaate minu eelnevatest t\u00f6\u00f6kogemustest\u201c<\/span><\/span><\/span><\/p>\n<\/li>\n<li dir=\"ltr\" style=\"list-style-type: disc; font-style: italic; vertical-align: baseline; margin-left: 36pt;\">\n<p dir=\"ltr\" style=\"text-align: justify; margin-top: 12pt; margin-bottom: 12pt;\" role=\"presentation\"><span style=\"line-height: 1.38;\"><span style=\"vertical-align: baseline;\">\u201cOlen kohusetundlik ja arenemisv\u00f5imeline, hea suhtlemisoskus ja kiire \u00f5ppimisv\u00f5ime. Pigem kasutada s\u00f5nakasutust, mis p\u00fc\u00fcab lugeja silma.\u201d<\/span><\/span><\/p>\n<hr>\n<p>\u00a0<\/p>\n<\/li>\n<\/ul>","protected":false},"excerpt":{"rendered":"<p>2.2.3. SOOVITUSED KAASKIRJA JA MOTIVATSIOONIKIRJA KIRJUTAMISEKS Motivatsioonikiri peas laias laastus vastama k\u00fcsimusele MIKS MINA? M\u00f5tle hoolega l\u00e4bi, miks ja kuhu oled kandideerimas Aseta ennast t\u00f6\u00f6andja kingadesse, millist motivatsioonikirja on tal huvitav lugeda? Ole loominguline, \u00e4ra karda eristuda! Too esile oma &#8230;<\/p>\n","protected":false},"author":263,"featured_media":0,"parent":0,"menu_order":0,"comment_status":"closed","ping_status":"closed","template":"","meta":{"_acf_changed":false,"inline_featured_image":false,"footnotes":""},"class_list":["post-27","page","type-page","status-publish","hentry"],"acf":[],"_links":{"self":[{"href":"https:\/\/sisu.ut.ee\/edujategu20\/wp-json\/wp\/v2\/pages\/27","targetHints":{"allow":["GET"]}}],"collection":[{"href":"https:\/\/sisu.ut.ee\/edujategu20\/wp-json\/wp\/v2\/pages"}],"about":[{"href":"https:\/\/sisu.ut.ee\/edujategu20\/wp-json\/wp\/v2\/types\/page"}],"author":[{"embeddable":true,"href":"https:\/\/sisu.ut.ee\/edujategu20\/wp-json\/wp\/v2\/users\/263"}],"replies":[{"embeddable":true,"href":"https:\/\/sisu.ut.ee\/edujategu20\/wp-json\/wp\/v2\/comments?post=27"}],"version-history":[{"count":4,"href":"https:\/\/sisu.ut.ee\/edujategu20\/wp-json\/wp\/v2\/pages\/27\/revisions"}],"predecessor-version":[{"id":297,"href":"https:\/\/sisu.ut.ee\/edujategu20\/wp-json\/wp\/v2\/pages\/27\/revisions\/297"}],"wp:attachment":[{"href":"https:\/\/sisu.ut.ee\/edujategu20\/wp-json\/wp\/v2\/media?parent=27"}],"curies":[{"name":"wp","href":"https:\/\/api.w.org\/{rel}","templated":true}]}}