{"id":24,"date":"2024-04-04T08:21:09","date_gmt":"2024-04-04T05:21:09","guid":{"rendered":"https:\/\/sisu.ut.ee\/edujategu20\/221-kaaskiri\/"},"modified":"2024-04-23T15:26:20","modified_gmt":"2024-04-23T12:26:20","slug":"221-kaaskiri","status":"publish","type":"page","link":"https:\/\/sisu.ut.ee\/edujategu20\/221-kaaskiri\/","title":{"rendered":"2.2.1. Kaaskiri"},"content":{"rendered":"<h1 class=\"wp-block-heading\"><img loading=\"lazy\" decoding=\"async\" width=\"40\" height=\"40\" class=\"wp-image-185\" style=\"width: 40px;\" src=\"https:\/\/sisu.ut.ee\/wp-content\/uploads\/sites\/598\/sissejuhatus.png\" alt=\"\" srcset=\"https:\/\/sisu.ut.ee\/wp-content\/uploads\/sites\/598\/sissejuhatus.png 1080w, https:\/\/sisu.ut.ee\/wp-content\/uploads\/sites\/598\/sissejuhatus-300x300.png 300w, https:\/\/sisu.ut.ee\/wp-content\/uploads\/sites\/598\/sissejuhatus-1024x1024.png 1024w, https:\/\/sisu.ut.ee\/wp-content\/uploads\/sites\/598\/sissejuhatus-150x150.png 150w, https:\/\/sisu.ut.ee\/wp-content\/uploads\/sites\/598\/sissejuhatus-768x768.png 768w\" sizes=\"auto, (max-width: 40px) 100vw, 40px\"> <span style=\"color: #28aae1;\">2.2.1. KAASKIRI<\/span><\/h1>\n\n\n<p dir=\"ltr\" style=\"text-align: justify; margin-top: 0pt; margin-bottom: 0pt;\"><span style=\"line-height: 1.38;\"><span style=\"vertical-align: baseline;\">Kaaskiri on l\u00fchike ja kompaktne kiri, mis toetab Sinu CVd ning v\u00f5iks mahtuda \u00e4ra poolele A4-le. Kaaskirjas saad esile tuua, millisele ametipositsioonile ja miks Sa kandideerid, siinkohal on v\u00f5imalus v\u00e4lja oma olulisemad oskused, mis toetavad antud kohale kandideerimist. Kaaskiri on v\u00f5imalus esile tuua oma l\u00e4bim\u00f5eldud kandideerimine, motivatsioon antud ametikohal t\u00f6\u00f6tada, saavutused ja oskused, mis toetavad t\u00f6\u00f6d antud ametikohal.<\/span><\/span><\/p>\n<p dir=\"ltr\" style=\"text-align: justify; margin-top: 0pt; margin-bottom: 0pt;\"><span style=\"line-height: 1.38;\"><span style=\"vertical-align: baseline;\">Kaaskiri annab v\u00f5imaluse ka ettev\u00f5tet esile tuua, kiita ja n\u00e4idata, et oled ettev\u00f5tte tegevuse ja taustaga kursis, leia mingi tore seos antud ettev\u00f5tte ja enda vahel! N\u00e4iteks \u201cMulle on s\u00fcmpaatne, et teie ettev\u00f5te toetab noori sportlasi, noortealgatusi, spordi\u00fcritusi ja te olete oma keskkonnahoidliku suhtumise ja maailmavaatega eeskujuks teistele sarnastele organisatsioonidele\u201d jne. See n\u00e4itab, et sul on antud asutusega \u00fchine maailmavaade ning oled teinud ka taustat\u00f6\u00f6d\/eelt\u00f6\u00f6d.<\/span><\/span><\/p>\n<p dir=\"ltr\" style=\"text-align: justify; margin-top: 0pt; margin-bottom: 0pt;\"><span style=\"line-height: 1.38;\"><span style=\"vertical-align: baseline;\">Kaaskiri peaks l\u00f5ppema \u00fcleskutsega kohtuda t\u00f6\u00f6vestlusel ning j\u00e4tma \u201cuksed avatuks\u201d. Kaaskiri v\u00f5ib l\u00f5ppeda n\u00e4iteks selliselt: \u201c<\/span><span style=\"background-color: #ffffff;\"><span style=\"vertical-align: baseline;\">Olen valmis vastama Teie k\u00fcsimustele Teile sobival ajal e-posti kadri.kukk@email.ee v\u00f5i telefoni +372 XXXXXX teel.\u201d v\u00f5i \u201cTeie t\u00e4psematele k\u00fcsimustele saan vastata t\u00f6\u00f6intervjuu k\u00e4igus, et ennast l\u00e4hemalt tutvustada ennast l\u00e4hemalt ning r\u00e4\u00e4kida p\u00f5hjalikumalt pakutavast ametikohast.\u201d<\/span><\/span><\/span><\/p>\n<hr>\n<p dir=\"ltr\" style=\"margin-top: 0pt; margin-bottom: 0pt;\"><img loading=\"lazy\" decoding=\"async\" title=\"\" src=\"https:\/\/sisu.ut.ee\/wp-content\/uploads\/sites\/598\/lisalugemine.png\" alt=\"juurde\" width=\"32\" height=\"32\" data-file_info=\"%7B%22fid%22:%2274975%22,%22view_mode%22:%22default%22,%22type%22:%22media%22%7D\">\u00a0<span style=\"line-height: 1.38;\"><span style=\"background-color: #ffffff;\"><span style=\"vertical-align: baseline;\">LOE LISAKS (6): Kuidas kirjutada kaaskirja? (+N\u00c4IDIS) <\/span><\/span><a style=\"text-decoration: none;\" href=\"https:\/\/www.cvkeskus.ee\/karjaarikeskus\/cv-ja-motivatsioonikiri\/kaaskiri-naidis\/kuidas-kirjutada-kaaskirja-naidis\" target=\"_blank\" rel=\"noopener\"><span style=\"color: #1155cc;\"><span style=\"background-color: #ffffff;\"><span style=\"text-decoration: underline;\"><span style=\"vertical-align: baseline;\">https:\/\/www.cvkeskus.ee\/karjaarikeskus\/cv-ja-motivatsioonikiri\/kaaskiri-naidis\/kuidas-<\/span><\/span><\/span><\/span><span style=\"color: #1155cc;\"><span style=\"background-color: #ffffff;\"><span style=\"text-decoration: underline;\"><span style=\"vertical-align: baseline;\">kirjutada-kaaskirja-naidis<\/span><\/span><\/span><\/span><\/a><\/span><\/p>\n<hr>\n<p dir=\"ltr\" style=\"text-align: justify; margin-top: 0pt; margin-bottom: 0pt;\"><img loading=\"lazy\" decoding=\"async\" class=\"alignnone wp-image-183\" src=\"https:\/\/sisu.ut.ee\/wp-content\/uploads\/sites\/598\/ulesanne-1024x1024.png\" alt=\"\" width=\"40\" height=\"40\" srcset=\"https:\/\/sisu.ut.ee\/wp-content\/uploads\/sites\/598\/ulesanne-1024x1024.png 1024w, https:\/\/sisu.ut.ee\/wp-content\/uploads\/sites\/598\/ulesanne-300x300.png 300w, https:\/\/sisu.ut.ee\/wp-content\/uploads\/sites\/598\/ulesanne-150x150.png 150w, https:\/\/sisu.ut.ee\/wp-content\/uploads\/sites\/598\/ulesanne-768x768.png 768w, https:\/\/sisu.ut.ee\/wp-content\/uploads\/sites\/598\/ulesanne.png 1080w\" sizes=\"auto, (max-width: 40px) 100vw, 40px\">\u00a0<span style=\"line-height: 1.38;\"><span style=\"vertical-align: baseline;\">HARJUTUS 11 <\/span><\/span><\/p>\n<p dir=\"ltr\" style=\"text-align: justify; margin-top: 0pt; margin-bottom: 0pt;\"><span style=\"line-height: 1.38;\"><span style=\"vertical-align: baseline;\">Leia endale m\u00f5nest t\u00f6\u00f6portaalist sobiv t\u00f6\u00f6kuulutus, mis sind k\u00f5netab ja kuhu sooviksid hea meelega kandideerida. <\/span><\/span><\/p>\n<p dir=\"ltr\" style=\"text-align: justify; margin-top: 0pt; margin-bottom: 0pt;\"><span style=\"line-height: 1.38;\"><span style=\"vertical-align: baseline;\">Uuri ja too v\u00e4lja, milliste omadustega ja oskustega inimest sinna oodatakse. Kirjuta need omadused v\u00e4lja; n\u00e4iteks soovitakse, et uus t\u00f6\u00f6taja oleks hea meeskonnam\u00e4ngija, s\u00f5bralik, omaks anal\u00fc\u00fctililist m\u00f5tlemist, oskaks vene ja soome keelt. Anal\u00fc\u00fcsi ennast ning vaata, kas need oskused ja omadused iseloomustavad sind. Kui midagi j\u00e4\u00e4b puudu, n\u00e4iteks vene keele oskus, kuidas siis toimida? Kas panna kirja, et ma ei oska antud keelt v\u00f5i oskan seda algtasemel? Siinkohal v\u00f5iks r\u00f5hutada hoopiski oma tugevusi ja neid esile tuua, n\u00e4iteks, et \u201colen kiire \u00f5ppija\u201d ja too ka vastav n\u00e4ide. <\/span><\/span><\/p>\n<hr>\n<p dir=\"ltr\" style=\"margin-top: 0pt; margin-bottom: 0pt;\"><img loading=\"lazy\" decoding=\"async\" class=\"alignnone wp-image-182\" src=\"https:\/\/sisu.ut.ee\/wp-content\/uploads\/sites\/598\/uued_moisted-1024x1024.png\" alt=\"\" width=\"40\" height=\"40\" srcset=\"https:\/\/sisu.ut.ee\/wp-content\/uploads\/sites\/598\/uued_moisted-1024x1024.png 1024w, https:\/\/sisu.ut.ee\/wp-content\/uploads\/sites\/598\/uued_moisted-300x300.png 300w, https:\/\/sisu.ut.ee\/wp-content\/uploads\/sites\/598\/uued_moisted-150x150.png 150w, https:\/\/sisu.ut.ee\/wp-content\/uploads\/sites\/598\/uued_moisted-768x768.png 768w, https:\/\/sisu.ut.ee\/wp-content\/uploads\/sites\/598\/uued_moisted.png 1080w\" sizes=\"auto, (max-width: 40px) 100vw, 40px\">\u00a0<span style=\"line-height: 1.38;\"><span style=\"vertical-align: baseline;\">N\u00c4IDE 10 <\/span><\/span><\/p>\n<p dir=\"ltr\" style=\"margin-top: 0pt; margin-bottom: 0pt;\"><\/p><div class=\"accordion mb-3\">\n        <div class=\"accordion-item accordion-item--white\">\n        <h2 class=\"accordion-header\" id=\"accordion-69df1904e81ad-heading\">\n            <button class=\"accordion-button collapsed\" type=\"button\" data-bs-toggle=\"collapse\" data-bs-target=\"#accordion-69df1904e81ad-collapse\" aria-expanded=\"true\" aria-controls=\"accordion-69df1904e81ad-collapse\">N\u00e4idiskuulutus harjutuse jaoks:<\/button>\n        <\/h2>\n        <div id=\"accordion-69df1904e81ad-collapse\" class=\"accordion-collapse collapse\" aria-labelledby=\"accordion-69df1904e81ad-heading\">\n            <div class=\"accordion-body\">\n<p dir=\"ltr\" style=\"margin-top: 0pt; margin-bottom: 0pt;\"><img loading=\"lazy\" decoding=\"async\" width=\"690\" height=\"1000\" class=\"alignnone wp-image-63\" title=\"scouter.png\" src=\"https:\/\/sisu.ut.ee\/wp-content\/uploads\/sites\/598\/scouter.png\" alt=\"fjfjf\" srcset=\"https:\/\/sisu.ut.ee\/wp-content\/uploads\/sites\/598\/scouter.png 690w, https:\/\/sisu.ut.ee\/wp-content\/uploads\/sites\/598\/scouter-207x300.png 207w\" sizes=\"auto, (max-width: 690px) 100vw, 690px\"><\/p>\n<p dir=\"ltr\" style=\"margin-top: 0pt; margin-bottom: 0pt;\"><span style=\"line-height: 1.38;\"><span style=\"vertical-align: baseline;\">Isikuomadused ja oskused, mida t\u00f6\u00f6kuulutuses n\u00f5utakse, on kartmatu suhtleja, tegus, uudishimulik, hea ajaplaneerija, hea inglise keel. <\/span><\/span><span style=\"line-height: 1.38;\"><span style=\"vertical-align: baseline;\">Kas leidsid endas samad omadused? <\/span><\/span><span style=\"line-height: 1.38;\"><span style=\"vertical-align: baseline;\">Mida veel antud ametikohale edukaks kandideerimiseks vaja l\u00e4heb?<\/span><\/span><\/p>\n<p dir=\"ltr\" style=\"margin-top: 0pt; margin-bottom: 0pt;\"><\/p><\/div>\n        <\/div>\n        <\/div>\n    <\/div>","protected":false},"excerpt":{"rendered":"<p>2.2.1. KAASKIRI Kaaskiri on l\u00fchike ja kompaktne kiri, mis toetab Sinu CVd ning v\u00f5iks mahtuda \u00e4ra poolele A4-le. Kaaskirjas saad esile tuua, millisele ametipositsioonile ja miks Sa kandideerid, siinkohal on v\u00f5imalus v\u00e4lja oma olulisemad oskused, mis toetavad antud kohale kandideerimist. &#8230;<\/p>\n","protected":false},"author":263,"featured_media":0,"parent":0,"menu_order":0,"comment_status":"closed","ping_status":"closed","template":"","meta":{"_acf_changed":false,"inline_featured_image":false,"footnotes":""},"class_list":["post-24","page","type-page","status-publish","hentry"],"acf":[],"_links":{"self":[{"href":"https:\/\/sisu.ut.ee\/edujategu20\/wp-json\/wp\/v2\/pages\/24","targetHints":{"allow":["GET"]}}],"collection":[{"href":"https:\/\/sisu.ut.ee\/edujategu20\/wp-json\/wp\/v2\/pages"}],"about":[{"href":"https:\/\/sisu.ut.ee\/edujategu20\/wp-json\/wp\/v2\/types\/page"}],"author":[{"embeddable":true,"href":"https:\/\/sisu.ut.ee\/edujategu20\/wp-json\/wp\/v2\/users\/263"}],"replies":[{"embeddable":true,"href":"https:\/\/sisu.ut.ee\/edujategu20\/wp-json\/wp\/v2\/comments?post=24"}],"version-history":[{"count":4,"href":"https:\/\/sisu.ut.ee\/edujategu20\/wp-json\/wp\/v2\/pages\/24\/revisions"}],"predecessor-version":[{"id":287,"href":"https:\/\/sisu.ut.ee\/edujategu20\/wp-json\/wp\/v2\/pages\/24\/revisions\/287"}],"wp:attachment":[{"href":"https:\/\/sisu.ut.ee\/edujategu20\/wp-json\/wp\/v2\/media?parent=24"}],"curies":[{"name":"wp","href":"https:\/\/api.w.org\/{rel}","templated":true}]}}