{"id":3,"date":"2024-04-04T07:18:31","date_gmt":"2024-04-04T04:18:31","guid":{"rendered":"https:\/\/sisu.ut.ee\/edujategu2\/kasutatud-kirjandus\/"},"modified":"2024-05-03T15:14:42","modified_gmt":"2024-05-03T12:14:42","slug":"kasutatud-kirjandus","status":"publish","type":"page","link":"https:\/\/sisu.ut.ee\/edujategu2\/kasutatud-kirjandus\/","title":{"rendered":"KASUTATUD KIRJANDUS"},"content":{"rendered":"<h1 id=\"page-title\"><img loading=\"lazy\" decoding=\"async\" class=\"alignnone wp-image-21\" title=\"sissejuhatus_01.png\" src=\"https:\/\/sisu.ut.ee\/wp-content\/uploads\/sites\/507\/sissejuhatus_01.png\" alt=\"sissejuhatus\" width=\"40\" height=\"40\" srcset=\"https:\/\/sisu.ut.ee\/wp-content\/uploads\/sites\/507\/sissejuhatus_01.png 1080w, https:\/\/sisu.ut.ee\/wp-content\/uploads\/sites\/507\/sissejuhatus_01-300x300.png 300w, https:\/\/sisu.ut.ee\/wp-content\/uploads\/sites\/507\/sissejuhatus_01-1024x1024.png 1024w, https:\/\/sisu.ut.ee\/wp-content\/uploads\/sites\/507\/sissejuhatus_01-150x150.png 150w, https:\/\/sisu.ut.ee\/wp-content\/uploads\/sites\/507\/sissejuhatus_01-768x768.png 768w\" sizes=\"auto, (max-width: 40px) 100vw, 40px\"> <span style=\"color: #28aae1;\">KASUTATUD KIRJANDUS<\/span><\/h1>\n<p>Bolton, R.\u00a0(2007). <em>Igap\u00e4evaoskused<\/em>. V\u00e4ike Vanker.<\/p>\n<p>Decarie, C. (2010). Literacy and informal interviews. <em>Business Communication Quarterly, 73, 3<\/em>, 306-317.<\/p>\n<p>Gramberg, A., Luik, M., Rebas, A., &amp; Kivir\u00fc\u00fct, K. (2021). <em>Targad valikud t\u00f6\u00f6turul<\/em>. Haridus- ja Noorteamet. Vaadatud\u00a0https:\/\/e-koolikott.ee\/et\/oppematerjal\/31346-Targad-valikud-tooturul, 28.11.2021.<\/p>\n<p>Knight, R. (2016). How to get the most out of informational interviewing. Harward Business Review. Vaadatud\u00a0https:\/\/hbr.org\/2016\/02\/how-to-get-the-most-out-of-an-informational-interview, 1.11.2021.<\/p>\n<p>Kutsar, D.\u00a0(1996). <em>Intervjueerimisstrateegiad<\/em>. Tartu \u00dclikooli kirjastus.<\/p>\n<p>LiveCareer homepage\u00a0https:\/\/www.livecareer.com\/resources\/interviews\/questions\/information-interview.\u00a0 Vaadatud 1.11.2021.<\/p>\n<p>McCornack, S., &amp; Morrison, K (2019).\u00a0<em>Reflect &amp; Relate: An Introduction to Interpersonal Communication.<\/em> Macmillian Learning.<\/p>\n<p>McKay, M., Davis, M., &amp; Fanning, P.\u00a0(2000). <em>Suhtlemisoskused<\/em>. V\u00e4ike Vanker.<\/p>\n","protected":false},"excerpt":{"rendered":"<p>KASUTATUD KIRJANDUS Bolton, R.\u00a0(2007). Igap\u00e4evaoskused. V\u00e4ike Vanker. Decarie, C. (2010). Literacy and informal interviews. Business Communication Quarterly, 73, 3, 306-317. Gramberg, A., Luik, M., Rebas, A., &amp; Kivir\u00fc\u00fct, K. (2021). Targad valikud t\u00f6\u00f6turul. Haridus- ja Noorteamet. Vaadatud\u00a0https:\/\/e-koolikott.ee\/et\/oppematerjal\/31346-Targad-valikud-tooturul, 28.11.2021. Knight, R. &#8230;<\/p>\n","protected":false},"author":263,"featured_media":0,"parent":0,"menu_order":0,"comment_status":"closed","ping_status":"closed","template":"","meta":{"_acf_changed":false,"inline_featured_image":false,"footnotes":""},"class_list":["post-3","page","type-page","status-publish","hentry"],"acf":[],"_links":{"self":[{"href":"https:\/\/sisu.ut.ee\/edujategu2\/wp-json\/wp\/v2\/pages\/3","targetHints":{"allow":["GET"]}}],"collection":[{"href":"https:\/\/sisu.ut.ee\/edujategu2\/wp-json\/wp\/v2\/pages"}],"about":[{"href":"https:\/\/sisu.ut.ee\/edujategu2\/wp-json\/wp\/v2\/types\/page"}],"author":[{"embeddable":true,"href":"https:\/\/sisu.ut.ee\/edujategu2\/wp-json\/wp\/v2\/users\/263"}],"replies":[{"embeddable":true,"href":"https:\/\/sisu.ut.ee\/edujategu2\/wp-json\/wp\/v2\/comments?post=3"}],"version-history":[{"count":8,"href":"https:\/\/sisu.ut.ee\/edujategu2\/wp-json\/wp\/v2\/pages\/3\/revisions"}],"predecessor-version":[{"id":161,"href":"https:\/\/sisu.ut.ee\/edujategu2\/wp-json\/wp\/v2\/pages\/3\/revisions\/161"}],"wp:attachment":[{"href":"https:\/\/sisu.ut.ee\/edujategu2\/wp-json\/wp\/v2\/media?parent=3"}],"curies":[{"name":"wp","href":"https:\/\/api.w.org\/{rel}","templated":true}]}}