{"id":16,"date":"2024-04-04T07:18:32","date_gmt":"2024-04-04T04:18:32","guid":{"rendered":"https:\/\/sisu.ut.ee\/edujategu2\/sj\/"},"modified":"2024-04-09T13:58:01","modified_gmt":"2024-04-09T10:58:01","slug":"sj","status":"publish","type":"page","link":"https:\/\/sisu.ut.ee\/edujategu2\/sj\/","title":{"rendered":"SISSEJUHATUS"},"content":{"rendered":"<p style=\"margin: 0cm 0cm 7.5pt 0cm;\"><span style=\"background: white;\"><span style=\"color: #565656;\">\u00d5ppematerjal \u201e<b>Informatsiooniline intervjuu \u2013 karj\u00e4\u00e4riplaneerija t\u00f6\u00f6riist\u201c\u00a0 <\/b>annab \u00fclevaate sellest, mis on informatsiooniline intervjuu ehk\u00a0infovestlus ja milleks seda kasutada.\u00a0<\/span><\/span><\/p>\n<p style=\"margin: 0cm 0cm 7.5pt 0cm;\"><span style=\"background: white;\"><span style=\"color: #565656;\">Materjal on m\u00f5eldud iseseisvaks l\u00e4bimiseks alates p\u00f5hikooli l\u00f5puklassi \u00f5pilastest kuni pensioniealisteni. Omandatavad teadmised tulevad kasuks\u00a0nii neile, kes alles uurivad, kuidas oma oskusi, v\u00f5imeid ja eelistusi t\u00f6\u00f6maailma v\u00f5imalustega seostada, kui ka neile, kes <\/span><\/span>kaaluvad v\u00f5i on juba otsustanud karj\u00e4\u00e4rimuutuse kasuks.<\/p>\n<p style=\"margin: 0cm 0cm 7.5pt 0cm;\"><span style=\"background: white;\"><span style=\"color: #565656;\">Materjali l\u00e4bimiseks kulub keskmiselt 8 tundi. See sisaldab lugemismaterjale, l\u00fchikesi harjutusi ja soovitust v\u00e4hemalt \u00fche infovestluse l\u00e4bi viimiseks.<\/span><\/span><\/p>\n<p style=\"margin: 0cm 0cm 7.5pt 0cm;\"><span style=\"background: white;\"><span style=\"color: #565656;\">Materjali l\u00e4bi t\u00f6\u00f6tamise tulemusena \u00f5pid uue v\u00f5tte, mida t\u00f6\u00f6maailma tundma \u00f5ppimiseks kasutada. Eriti h\u00e4sti sobib infovestlus siis,\u00a0kui\u00a0isiklikke kontakte napib ja koost\u00f6\u00f6v\u00f5rgustiku loomine on alles alguses.<\/span><\/span><\/p>\n<p style=\"margin: 0cm 0cm 7.5pt 0cm;\"><span style=\"background: white;\"><span style=\"color: #565656;\">Materjal toetab j\u00e4rgmiste karj\u00e4\u00e4ri planeerimist toetavate oskuste omandamist:<\/span><\/span><\/p>\n<ul>\n<li>Info otsimise ja kasutamise oskus, sh digip\u00e4devus<\/li>\n<li>V\u00f5imaluste anal\u00fc\u00fcsi oskus<\/li>\n<li>Hariduse ja t\u00f6\u00f6turu info seostamise oskus<\/li>\n<li>Koost\u00f6\u00f6v\u00f5rgustiku loomise ja hoidmise oskus<\/li>\n<\/ul>\n<p style=\"margin: 0cm 0cm 7.5pt 0cm;\"><span style=\"background: white;\"><span style=\"color: #565656;\">Koostatud \u00f5ppematerjal toetub <a href=\"https:\/\/sisu.ut.ee\/edujategu2\/kasutatud-kirjandus\/\">mitmetele\u00a0allikatele<\/a>, mille loetelu leiad materjali l\u00f5pust. <\/span><\/span><\/p>\n","protected":false},"excerpt":{"rendered":"<p>\u00d5ppematerjal \u201eInformatsiooniline intervjuu \u2013 karj\u00e4\u00e4riplaneerija t\u00f6\u00f6riist\u201c\u00a0 annab \u00fclevaate sellest, mis on informatsiooniline intervjuu ehk\u00a0infovestlus ja milleks seda kasutada.\u00a0 Materjal on m\u00f5eldud iseseisvaks l\u00e4bimiseks alates p\u00f5hikooli l\u00f5puklassi \u00f5pilastest kuni pensioniealisteni. Omandatavad teadmised tulevad kasuks\u00a0nii neile, kes alles uurivad, kuidas oma oskusi, &#8230;<\/p>\n","protected":false},"author":263,"featured_media":0,"parent":0,"menu_order":0,"comment_status":"closed","ping_status":"closed","template":"","meta":{"_acf_changed":false,"inline_featured_image":false,"footnotes":""},"class_list":["post-16","page","type-page","status-publish","hentry"],"acf":[],"_links":{"self":[{"href":"https:\/\/sisu.ut.ee\/edujategu2\/wp-json\/wp\/v2\/pages\/16","targetHints":{"allow":["GET"]}}],"collection":[{"href":"https:\/\/sisu.ut.ee\/edujategu2\/wp-json\/wp\/v2\/pages"}],"about":[{"href":"https:\/\/sisu.ut.ee\/edujategu2\/wp-json\/wp\/v2\/types\/page"}],"author":[{"embeddable":true,"href":"https:\/\/sisu.ut.ee\/edujategu2\/wp-json\/wp\/v2\/users\/263"}],"replies":[{"embeddable":true,"href":"https:\/\/sisu.ut.ee\/edujategu2\/wp-json\/wp\/v2\/comments?post=16"}],"version-history":[{"count":2,"href":"https:\/\/sisu.ut.ee\/edujategu2\/wp-json\/wp\/v2\/pages\/16\/revisions"}],"predecessor-version":[{"id":140,"href":"https:\/\/sisu.ut.ee\/edujategu2\/wp-json\/wp\/v2\/pages\/16\/revisions\/140"}],"wp:attachment":[{"href":"https:\/\/sisu.ut.ee\/edujategu2\/wp-json\/wp\/v2\/media?parent=16"}],"curies":[{"name":"wp","href":"https:\/\/api.w.org\/{rel}","templated":true}]}}