{"id":10,"date":"2024-04-04T07:18:31","date_gmt":"2024-04-04T04:18:31","guid":{"rendered":"https:\/\/sisu.ut.ee\/edujategu2\/informatsioonilise-intervjuu-naidiskusimused\/"},"modified":"2024-04-08T18:53:30","modified_gmt":"2024-04-08T15:53:30","slug":"informatsioonilise-intervjuu-naidiskusimused","status":"publish","type":"page","link":"https:\/\/sisu.ut.ee\/edujategu2\/informatsioonilise-intervjuu-naidiskusimused\/","title":{"rendered":"Informatsioonilise intervjuu n\u00e4idisk\u00fcsimused"},"content":{"rendered":"<h1><span style=\"color: #28aae1;\"><img loading=\"lazy\" decoding=\"async\" class=\"alignnone wp-image-21\" title=\"sissejuhatus_01.png\" src=\"https:\/\/sisu.ut.ee\/wp-content\/uploads\/sites\/507\/sissejuhatus_01.png\" alt=\"sissejuhatus\" width=\"40\" height=\"40\" srcset=\"https:\/\/sisu.ut.ee\/wp-content\/uploads\/sites\/507\/sissejuhatus_01.png 1080w, https:\/\/sisu.ut.ee\/wp-content\/uploads\/sites\/507\/sissejuhatus_01-300x300.png 300w, https:\/\/sisu.ut.ee\/wp-content\/uploads\/sites\/507\/sissejuhatus_01-1024x1024.png 1024w, https:\/\/sisu.ut.ee\/wp-content\/uploads\/sites\/507\/sissejuhatus_01-150x150.png 150w, https:\/\/sisu.ut.ee\/wp-content\/uploads\/sites\/507\/sissejuhatus_01-768x768.png 768w\" sizes=\"auto, (max-width: 40px) 100vw, 40px\"> Informatsioonilise intervjuu n\u00e4idisk\u00fcsimused<\/span><\/h1>\n<p>Allj\u00e4rgnevalt on esitatud loetelu n\u00e4idisk\u00fcsimusi. V\u00f5id oma intervjuu koostada nende p\u00f5hjal, ent v\u00f5id k\u00f5ik k\u00fcsimused ka t\u00e4iesti ise v\u00e4lja m\u00f5elda. Ennek\u00f5ike on t\u00e4his, et saaksid just seda infot, mis Sind huvitab.<\/p>\n<p><span style=\"background: white;\"><span style=\"line-height: normal;\"><span lang=\"ET\">V\u00f5ta arvesse, et 60 minutit kestva intervjuu jooksul \u00f5nnestub tavaliselt k\u00fcsida <strong>14-16<\/strong> k\u00fcsimust, 30 minutit kestva vestluse jooksul kuni <strong>8<\/strong>.<\/span><\/span><\/span><\/p>\n<p><span style=\"background: white;\"><span style=\"line-height: normal;\"><span lang=\"ET\">Lisaks v\u00f5iksid planeerida aega ka jooksvalt tekkivate k\u00fcsimuste jaoks, sest m\u00f5ni t\u00f5eliselt huvitav teema v\u00f5ib selguda\u00a0alles intervjuu ajal.<\/span><\/span><\/span><\/p>\n<p><span style=\"background: white;\"><span style=\"line-height: normal;\"><span lang=\"ET\"><span style=\"color: #ff0000;\"><strong>NB!<\/strong> <\/span>Vali oma intervjuud kavandades just need k\u00fcsimused, mis toetavad <u>Sinu eesm\u00e4rgi <\/u>saavutamist.<\/span><\/span><\/span><\/p>\n<ol>\n<li><span style=\"background: white;\">Kuidas n\u00e4eb v\u00e4lja Teie t\u00fc\u00fcpiline (t\u00f6\u00f6)p\u00e4ev? <\/span><\/li>\n<li><span style=\"background: white;\">Mida te p\u00e4eva jooksul teete? <\/span><\/li>\n<li><span style=\"background: white;\">Kui palju aega erinevatele tegevustele kulub?<\/span><\/li>\n<li><span style=\"background: white;\">Millega (\u00fclesanded, kohustused, olukorrad, n\u00f5uded) Te oma t\u00f6\u00f6s kokku puutute?<\/span><\/li>\n<li><span style=\"background: white;\">Missugused on Teie p\u00f5hilised t\u00f6\u00f6\u00fclesanded? <\/span><\/li>\n<li><span style=\"background: white;\">Missuguseid probleeme\/takistusi Teie t\u00f6\u00f6s lahendada tuleb?<\/span><\/li>\n<li><span style=\"background: white;\">Missuguseid otsuseid Teie t\u00f6\u00f6s vastu v\u00f5tta saab\/tuleb? <\/span><\/li>\n<li><span style=\"background: white;\">Kuiv\u00f5rd palju saate oma t\u00f6\u00f6aega ette planeerida? <\/span><\/li>\n<li><span style=\"background: white;\">Kas Teie t\u00f6\u00f6kohustused on pigem kogu aeg \u00fchetaolised\u00a0v\u00f5i esineb erinevaid perioode?<\/span><\/li>\n<li><span style=\"background: white;\">Missugused perioodid on Teie jaoks k\u00f5ige pingelisemad? Kuidas Te pingega toime tulete?<\/span><\/li>\n<li><span style=\"background: white;\">Millal ja millest Teil selle valdkonna\/t\u00f6\u00f6\/teema vastu huvi tekkis? <\/span><\/li>\n<li><span style=\"background: white;\">Milliseid oskusi\/teadmisi see t\u00f6\u00f6 n\u00f5uab? <\/span><\/li>\n<li><span style=\"background: white;\">Kuidas Teie t\u00f6\u00f6ks vajalikke oskusi omandada saab?<\/span><\/li>\n<li><span style=\"background: white;\">Kuidas\/mille abil ma saaksin hinnata, kas sobin sarnasele t\u00f6\u00f6le?<\/span><\/li>\n<li><span style=\"background: white;\">Kuidas Te oma praeguse t\u00f6\u00f6 leidsite? <\/span><\/li>\n<li><span style=\"background: white;\">Missugused varasemad kogemused aitasid Teil selleni j\u00f5uda? <\/span><\/li>\n<li><span style=\"background: white;\">Kas valmistusite kandideerimiseks kuidagi eelnevalt ette? <\/span><\/li>\n<li><span style=\"background: white;\">Kuiv\u00f5rd olulised olid kandideerimisel\u00a0koolis saadud hinded?<\/span><\/li>\n<li><span style=\"background: white;\">Millised eelnevad kogemused (tasustatud\/tasustamata)v\u00f5iksid mul olla, et edukalt kandideerida? <\/span><\/li>\n<li><span style=\"background: white;\">Kuidas neid kogemusi enne konkreetsele t\u00f6\u00f6le asumist saada? <\/span><\/li>\n<li><span style=\"background: white;\">Kas pigem oleks vaja eelnevaid kogemusi ka m\u00f5nest muust valdkonnast\/ m\u00f5ne muu t\u00f6\u00f6ga?<\/span><\/li>\n<li><span style=\"background: white;\">Mis Teile selle t\u00f6\u00f6 juures k\u00f5ige rohkem meeldib? <\/span><\/li>\n<li><span style=\"background: white;\">Mis on Teie jaoks suurimaks v\u00e4ljakutseks? <\/span><\/li>\n<li><span style=\"background: white;\">Kas on midagi, mis Teile selle t\u00f6\u00f6 juures \u00fcldse ei meeldi?<\/span><\/li>\n<li><span style=\"background: white;\">Mis on selle valdkonna suurimad v\u00f5imalused ja v\u00e4ljakutsed? <\/span><\/li>\n<li><span style=\"background: white;\">Mis on Teie valdkonnas k\u00f5ige p\u00f5nevam ja mis k\u00f5ige igavam?<\/span><\/li>\n<li><span style=\"background: white;\">Missugune on Teie hariduslik taust? Kuiv\u00f5rd on see Teid aidanud? <\/span><\/li>\n<li><span style=\"background: white;\">Missugust haridust selle t\u00f6\u00f6\/valdkonna jaoks tingimata vaja on?<\/span><\/li>\n<li><span style=\"background: white;\">\u00a0Kas see t\u00f6\u00f6 eeldab eelnevalt omandatud oskusteadmisi, kraadi\u00f5pet? <\/span><\/li>\n<li><span style=\"background: white;\">Kas Teie t\u00f6\u00f6 jaoks on olemas kutsestandard? <\/span><\/li>\n<li><span style=\"background: white;\">Kas Teie valdkonnas eksisteerib kutse\u00fching v\u00f5i ameti\u00fching?<\/span><\/li>\n<li><span style=\"background: white;\">Kuidas\u00a0vajalikku haridust saab?<\/span><\/li>\n<li><span style=\"background: white;\">Kas oskate soovitada m\u00f5nda koolitust\/raamatut\/materjali, millega\u00a0ma kindlasti tutuvuma peaksin? Mida see mulle annaks?<\/span><\/li>\n<li><span style=\"background: white;\">Mis teeb Teie t\u00f6\u00f6andja\/asutuse eriliseks? <\/span><\/li>\n<li><span style=\"background: white;\">Mille poolest erineb Teie t\u00f6\u00f6andja teistest sama valdkonna t\u00f6\u00f6andjatest?<\/span><\/li>\n<li><span style=\"background: white;\">Missugune on Teie asutuse sihtgrupp? Kes on selle asutuse kliendid?<\/span><\/li>\n<li><span style=\"background: white;\">Miks teie kliendid Teid eelistavad\/valivad?<\/span><\/li>\n<li><span style=\"background: white;\">Millised on Teie t\u00f6\u00f6andja tulevikuv\u00e4ljavaated? <\/span><\/li>\n<li><span style=\"background: white;\">Millised on Teie v\u00f5imalused k\u00e4esoleva t\u00f6\u00f6andja juures j\u00e4tkata? <\/span><\/li>\n<li><span style=\"background: white;\">Kas plaanite samas valdkonnas ka tulevikus j\u00e4tkata? <\/span><\/li>\n<li><span style=\"background: white;\">Mis m\u00f5jutaks\u00a0 teid samal t\u00f6\u00f6l\/ samas valdkonnas j\u00e4tkama? Mis ajendaks\u00a0suunda muutma?<\/span><\/li>\n<li><span style=\"background: white;\">Missuguseid enese arendamise v\u00f5imalusi Teie valkdonnas on? <\/span><\/li>\n<li><span style=\"background: white;\">Milliseid koolitusi Teie asutus t\u00f6\u00f6tajatele pakub?<\/span><\/li>\n<li><span style=\"background: white;\">Kas ja kuidas Teie eriala\/t\u00f6\u00f6koht areneb? <\/span><\/li>\n<li><span style=\"background: white;\">Kuidas m\u00f5jutavad seda valdkonda \u00fchiskonnas toimuvad muutused?<\/span><\/li>\n<li><span style=\"background: white;\">Milliseid karj\u00e4\u00e4riv\u00e4ljavaateid Teil on?\u00a0 <\/span><\/li>\n<li><span style=\"background: white;\">Milline on t\u00fc\u00fcpiline karj\u00e4\u00e4ritee Teie valkdonnas\/ametis?<\/span><\/li>\n<li><span style=\"background: white;\">Mida on (k\u00f5ige rohkem) vaja, et selles valdkonnas\/ametis edukas olla? <\/span><\/li>\n<li><span style=\"background: white;\">Millised on Teie kolleegid? <\/span><\/li>\n<li><span style=\"background: white;\">Milline on Teie asutuse t\u00f6\u00f6kultuur (n\u00f5uded, reegild, tavad, suhted jne)?<\/span><\/li>\n<li><span style=\"background: white;\">Miks seda t\u00f6\u00f6d teha tasuks?\u00a0 Kas t\u00f6\u00f6 pakub lisav\u00e4\u00e4rtusi?<\/span><\/li>\n<li><span style=\"background: white;\">Kuiv\u00f5rd paindlik on Teie t\u00f6\u00f6aeg?<\/span><\/li>\n<li><span style=\"background: white;\">Mil m\u00e4\u00e4ral (ajaliselt, sisuliselt) peate oma tegevusi ette planeerima?<\/span><\/li>\n<li><span style=\"background: white;\">Kui palju on Teie valdkonnas vabu t\u00f6\u00f6kohti?<\/span><\/li>\n<li><span style=\"background: white;\">Kui kaoks vajadus selle konkreetse t\u00f6\u00f6 j\u00e4rele, siis milline v\u00f5iks olla Teie alternatiivne karj\u00e4\u00e4r? <\/span><\/li>\n<li><span style=\"background: white;\">Kuiv\u00f5rd t\u00f5en\u00e4oline on see, et teie t\u00f6\u00f6valdkond kasvab\/kahaneb?<\/span><\/li>\n<li><span style=\"background: white;\">Kui saaksite oma minevikku muuta, siis kas teeksite midagi teisti? Miks?<\/span><\/li>\n<li><span style=\"background: white;\">Kas oskate soovitada veel m\u00f5nda inimest, kellega ma Teie valdkonnas t\u00f6\u00f6tamisest ettekujutuse saamiseks r\u00e4\u00e4kima peaksin?<\/span><\/li>\n<li><span style=\"background: white;\">Mida soovitaksite\u00a0inimesele, kes alles otsib oma kohta t\u00f6\u00f6maailmas?<\/span><\/li>\n<li><span style=\"background: white;\">Mida Te minul j\u00e4rgmiseks\u00a0teha soovitate?<\/span><\/li>\n<\/ol>\n<p>Vaata ka\u00a0<a title=\"LiveCareer.com\" href=\"https:\/\/www.livecareer.com\/resources\/interviews\/questions\/information-interview\" target=\"_blank\" rel=\"noopener\" data-url=\"https:\/\/www.livecareer.com\/resources\/interviews\/questions\/information-interview\">n\u00e4idisk\u00fcsimuste koostamisel osaliselt kasutatud Live.career.com veebilehel leiduvat infot<\/a><\/p>\n<p style=\"text-align: right;\">\n<\/p>","protected":false},"excerpt":{"rendered":"<p>Informatsioonilise intervjuu n\u00e4idisk\u00fcsimused Allj\u00e4rgnevalt on esitatud loetelu n\u00e4idisk\u00fcsimusi. V\u00f5id oma intervjuu koostada nende p\u00f5hjal, ent v\u00f5id k\u00f5ik k\u00fcsimused ka t\u00e4iesti ise v\u00e4lja m\u00f5elda. Ennek\u00f5ike on t\u00e4his, et saaksid just seda infot, mis Sind huvitab. V\u00f5ta arvesse, et 60 minutit kestva &#8230;<\/p>\n","protected":false},"author":263,"featured_media":0,"parent":0,"menu_order":0,"comment_status":"closed","ping_status":"closed","template":"","meta":{"_acf_changed":false,"inline_featured_image":false,"footnotes":""},"class_list":["post-10","page","type-page","status-publish","hentry"],"acf":[],"_links":{"self":[{"href":"https:\/\/sisu.ut.ee\/edujategu2\/wp-json\/wp\/v2\/pages\/10","targetHints":{"allow":["GET"]}}],"collection":[{"href":"https:\/\/sisu.ut.ee\/edujategu2\/wp-json\/wp\/v2\/pages"}],"about":[{"href":"https:\/\/sisu.ut.ee\/edujategu2\/wp-json\/wp\/v2\/types\/page"}],"author":[{"embeddable":true,"href":"https:\/\/sisu.ut.ee\/edujategu2\/wp-json\/wp\/v2\/users\/263"}],"replies":[{"embeddable":true,"href":"https:\/\/sisu.ut.ee\/edujategu2\/wp-json\/wp\/v2\/comments?post=10"}],"version-history":[{"count":4,"href":"https:\/\/sisu.ut.ee\/edujategu2\/wp-json\/wp\/v2\/pages\/10\/revisions"}],"predecessor-version":[{"id":133,"href":"https:\/\/sisu.ut.ee\/edujategu2\/wp-json\/wp\/v2\/pages\/10\/revisions\/133"}],"wp:attachment":[{"href":"https:\/\/sisu.ut.ee\/edujategu2\/wp-json\/wp\/v2\/media?parent=10"}],"curies":[{"name":"wp","href":"https:\/\/api.w.org\/{rel}","templated":true}]}}