{"id":5,"date":"2024-04-04T08:16:30","date_gmt":"2024-04-04T05:16:30","guid":{"rendered":"https:\/\/sisu.ut.ee\/edujategu19\/motete-kirja-panek-ii\/"},"modified":"2024-04-04T08:17:01","modified_gmt":"2024-04-04T05:17:01","slug":"motete-kirja-panek-ii","status":"publish","type":"page","link":"https:\/\/sisu.ut.ee\/edujategu19\/motete-kirja-panek-ii\/","title":{"rendered":"M\u00f5tete kirja panek II"},"content":{"rendered":"<p>\n\t<\/p><div class=\"ratio ratio-16x9 mb-3\"><div class=\"video-placeholder-wrapper video-placeholder-wrapper--16x9\">\n\t\t\t    <div class=\"video-placeholder d-flex justify-content-center align-items-center\">\n\t\t\t        <div class=\"overlay text-white p-2 w-100 text-center d-block justify-content-center align-items-center\">\n\t\t\t            <div>Kolmandate osapoolte sisu n\u00e4gemiseks palun n\u00f5ustu k\u00fcpsistega.<\/div>\n\t\t\t            <button class=\"btn btn-secondary btn-sm mt-1 consent-change\">Muuda n\u00f5usolekut<\/button>\n\t\t\t        <\/div>\n\t\t\t    <\/div>\n\t\t\t<\/div>\n<\/div>\n\n<p>\n\t\u00a0\n<\/p>\n<h4>\n\t<strong><span style=\"color:#535b8c\">M\u00f5ttekasti loomine<\/span><\/strong><br>\n<\/h4>\n<p>\n\tM\u00f5ttekasti loomiseks m\u00f5tle k\u00f5igepealt, kuhu sa soovid seda luua. Ideaalse rakenduse leidmise asemel on v\u00e4ga palju olulisem see, et omandaksid produktiivsuse harjumused. See t\u00e4hendab, et kasutad enda s\u00fcsteemi igap\u00e4evaselt ja kohandad selle enda jaoks toimivaks. Sel juhul saad oma produktiivsuse s\u00fcsteemi usaldada ja muutud p\u00e4riselt produktiivsemaks. Kui sulle v\u00e4ga meeldib ja oled harjunud k\u00e4sitsi paberile kirjutama, siis saad enda s\u00fcsteemi ka paberm\u00e4rkmikusse ehitada. All on n\u00e4ha v\u00e4ike valik digitaalsetest platvormidest, mida saab s\u00fcsteemi jaoks kasutada. Kui kasutad praegu m\u00f5nda platvormi, mis sinu jaoks h\u00e4sti toimib, siis on t\u00e4iesti OKEI, kui sellega j\u00e4tkad. M\u00f5tete kirja panemisel on kolm olulist punkti.\n<\/p>\n<p>\n\t<strong>1. Loo m\u00f5ttekast sellisesse kohta, mida saad kerge vaevaga alati kaasas kanda.<\/strong>\n<\/p>\n<ul>\n<li>\n\t\tHead m\u00f5tted v\u00f5ivad meid tabada igal pool ja seep\u00e4rast peaks m\u00f5ttekast meiega alati kaasas olema, et saaksime need kirja panna.\n\t<\/li>\n<li>\n\t\tEnamus kannab meist telefoni pidevalt endaga kaasas ja seet\u00f5ttu on see \u00fcks loogilisemaid valikud.\n\t<\/li>\n<li>\n\t\tKui plaanid paberm\u00e4rkmikut kasutada, siis m\u00f5tle, kas see piisavalt kompaktne, et saaksid igal ajal sinna m\u00f5tteid kirja panna.\n\t<\/li>\n<\/ul>\n<p>\n\t\u00a0\n<\/p>\n<p>\n\t<strong>2.\u00a0Vali \u00fcks koht, kuhu info kirja paned.<\/strong>\n<\/p>\n<ul>\n<li>\n\t\tSee on ohukoht, sest inimestel tekib kogemata terve hulk kohti, kuhu nad asju kirja panevad. V\u00f5ib-olla on sul ka juhtunud nagu paljudel, et nad panevad oma asjad kirja igale poole:\n<ul>\n<li>\n\t\t\t\tM\u00e4rkepaberiga k\u00fclmiku peale\n\t\t\t<\/li>\n<li>\n\t\t\t\tKolme erinevasse \u00e4ppi telefonis\n\t\t\t<\/li>\n<li>\n\t\t\t\tDesktopi m\u00e4rkmetesse\n\t\t\t<\/li>\n<li>\n\t\t\t\tEndale saadetud meilidesse\n\t\t\t<\/li>\n<li>\n\t\t\t\tM\u00e4rkmikusse\n\t\t\t<\/li>\n<li>\n\t\t\t\tErinevatesse Wordi failidesse\n\t\t\t<\/li>\n<\/ul>\n<\/li>\n<li>\n\t\tEesm\u00e4rk on see, et kui oled midagi kirja pannud, siis sel hetkel ei peaks enam sellele m\u00f5tlema. Tead, et tuled selle teema juurde tagasi ja tegeled sellega, siis kui on \u00f5ige aeg. Selleks pead olema kindel, et vaatad kindla regulaarsusega need m\u00f5tted \u00fcle.\n\t<\/li>\n<li>\n\t\tKui neid kohti on nii palju nagu enne ette lugesin, siis on v\u00e4ga v\u00e4he t\u00f5en\u00e4oline, et j\u00f5uad regulaarselt neid k\u00f5iki kohti \u00fcle vaadata.\n\t<\/li>\n<li>\n\t\tSee t\u00e4hendab, et paned k\u00fcll asjad kirja, aga tegelikult ikkagi hoiad neid peas ja tunned hirmu, sest alateadlikult tead, et need v\u00f5ivad kaduma minna.\n\t<\/li>\n<\/ul>\n<p>\n\t\u00a0\n<\/p>\n<p>\n\t<strong>3. Vaata m\u00f5ttekasti regulaarselt \u00fcle.<\/strong>\n<\/p>\n<ul>\n<li>\n\t\tMe ei tahaks, et m\u00f5ni oluline infokild j\u00e4\u00e4ks kahe silma vahele. M\u00f5ttekasti tuleb vaadata iga p\u00e4ev ja\u00a0kord n\u00e4dalas\u00a0teeme m\u00f5ttekasti t\u00e4iesti t\u00fchjaks ning jaotame sealse info \u00e4ra.\n\t<\/li>\n<li>\n\t\tPraktikas saab tihti m\u00f5ttekasti kasutada ka nn \u201ct\u00f6\u00f6m\u00e4luna\u201d, et ajutiselt h\u00e4sti kiireloomulist infot \u00fcles m\u00e4rkida.\n\t<\/li>\n<\/ul>\n<p>\n\t\u00a0\n<\/p>\n<p>\n\t\u00a0\n<\/p>\n<p>\n\t\u00a0\n<\/p>\n<p>\n\t\u00a0\n<\/p>\n<p>\n\t<img loading=\"lazy\" decoding=\"async\" width=\"960\" height=\"540\" class=\"alignnone wp-image-12\" src=\"https:\/\/sisu.ut.ee\/wp-content\/uploads\/sites\/592\/02_-_slaidid_et_1.png\" title=\"Produktiivsuse s\u00fcsteemi platvormide n\u00e4ited\" alt=\"Produktiivsuse s\u00fcsteemi platvormide n\u00e4ited\" srcset=\"https:\/\/sisu.ut.ee\/wp-content\/uploads\/sites\/592\/02_-_slaidid_et_1.png 960w, https:\/\/sisu.ut.ee\/wp-content\/uploads\/sites\/592\/02_-_slaidid_et_1-300x169.png 300w, https:\/\/sisu.ut.ee\/wp-content\/uploads\/sites\/592\/02_-_slaidid_et_1-768x432.png 768w\" sizes=\"auto, (max-width: 960px) 100vw, 960px\">\n<\/p>\n<h4>\n\t\u00a0<br>\n<\/h4>\n<h4>\n\t<span style=\"color:#535b8c\"><strong>Iseseisev \u00fclesanne<\/strong><\/span><br>\n<\/h4>\n<p>\n\t\u2714\ufe0f\u00a0Loo m\u00f5ttekast valitud kohta. Kui kasutad rakendust, siis t\u00f5mba see ka telefoni. Juhul, kui sul on varasemast juba sarnaseid m\u00f5tteid kuskil kirjas, siis too\u00a0need samuti m\u00f5ttekasti, et k\u00f5ik oleks \u00fches kohas koos.\n<\/p>\n<p>\n\t\u2714\ufe0f Harjutus Mind Sweep ehk Tee pea t\u00fchjaks.\u00a0\n<\/p>\n<ul style=\"margin-left: 40px\">\n<li>\n\t\tKirjuta \u00fche p\u00e4eva jooksul m\u00f5ttekasti k\u00f5ik asjad, mida pead, peaksid v\u00f5i tahaksid teha.\n\t<\/li>\n<li>\n\t\tVaata kindlasti ka <a data-url=\"https:\/\/www.notion.so\/produktiivsusklubi\/M-rks-nade-nimekiri-6cee3950c6dc4883bb6b761377bab40f\" href=\"https:\/\/www.notion.so\/produktiivsusklubi\/M-rks-nade-nimekiri-6cee3950c6dc4883bb6b761377bab40f\" target=\"_blank\" title=\"\" rel=\"noopener\">m\u00e4rks\u00f5nade lehte<\/a>, mis aitab meelde tuletada veel asju, mida kirja panna.\n\t<\/li>\n<li>\n\t\tToo ka teistest kohtadest kirja pandud m\u00f5tted ja \u00fclesanded m\u00f5ttekasti.\n\t<\/li>\n<\/ul>\n<p>\n\t\u00a0\n<\/p>\n<p>\n\t<\/p><div class=\"accordion mb-3\">\n        <div class=\"accordion-item accordion-item--white\">\n        <h2 class=\"accordion-header\" id=\"accordion-69e23ae38276a-heading\">\n            <button class=\"accordion-button collapsed\" type=\"button\" data-bs-toggle=\"collapse\" data-bs-target=\"#accordion-69e23ae38276a-collapse\" aria-expanded=\"true\" aria-controls=\"accordion-69e23ae38276a-collapse\"><span style=\"color:#f9bf06\"><strong>Kuidas edukalt m\u00f5tteid kirja panna?<\/strong><\/span><\/button>\n        <\/h2>\n        <div id=\"accordion-69e23ae38276a-collapse\" class=\"accordion-collapse collapse\" aria-labelledby=\"accordion-69e23ae38276a-heading\">\n            <div class=\"accordion-body\">1. M\u00f5tted tuleb kirja panna \u00dcHTE kohta.\u00a0<br>2. Vaata m\u00f5ttekasti regulaarselt \u00fcle.<\/div>\n        <\/div>\n        <\/div>\n    <\/div>\n\n<p>\n\t\u00a0\n<\/p>\n<p>\n\t\u00a0<\/p>\n","protected":false},"excerpt":{"rendered":"<p>Kolmandate osapoolte sisu n\u00e4gemiseks palun n\u00f5ustu k\u00fcpsistega. Muuda n\u00f5usolekut \u00a0 M\u00f5ttekasti loomine M\u00f5ttekasti loomiseks m\u00f5tle k\u00f5igepealt, kuhu sa soovid seda luua. Ideaalse rakenduse leidmise asemel on v\u00e4ga palju olulisem see, et omandaksid produktiivsuse harjumused. See t\u00e4hendab, et kasutad enda s\u00fcsteemi &#8230;<\/p>\n","protected":false},"author":263,"featured_media":0,"parent":0,"menu_order":0,"comment_status":"closed","ping_status":"closed","template":"","meta":{"_acf_changed":false,"inline_featured_image":false,"footnotes":""},"class_list":["post-5","page","type-page","status-publish","hentry"],"acf":[],"_links":{"self":[{"href":"https:\/\/sisu.ut.ee\/edujategu19\/wp-json\/wp\/v2\/pages\/5","targetHints":{"allow":["GET"]}}],"collection":[{"href":"https:\/\/sisu.ut.ee\/edujategu19\/wp-json\/wp\/v2\/pages"}],"about":[{"href":"https:\/\/sisu.ut.ee\/edujategu19\/wp-json\/wp\/v2\/types\/page"}],"author":[{"embeddable":true,"href":"https:\/\/sisu.ut.ee\/edujategu19\/wp-json\/wp\/v2\/users\/263"}],"replies":[{"embeddable":true,"href":"https:\/\/sisu.ut.ee\/edujategu19\/wp-json\/wp\/v2\/comments?post=5"}],"version-history":[{"count":1,"href":"https:\/\/sisu.ut.ee\/edujategu19\/wp-json\/wp\/v2\/pages\/5\/revisions"}],"predecessor-version":[{"id":52,"href":"https:\/\/sisu.ut.ee\/edujategu19\/wp-json\/wp\/v2\/pages\/5\/revisions\/52"}],"wp:attachment":[{"href":"https:\/\/sisu.ut.ee\/edujategu19\/wp-json\/wp\/v2\/media?parent=5"}],"curies":[{"name":"wp","href":"https:\/\/api.w.org\/{rel}","templated":true}]}}