{"id":3,"date":"2024-04-04T08:24:08","date_gmt":"2024-04-04T05:24:08","guid":{"rendered":"https:\/\/sisu.ut.ee\/edujategu18\/avaleht\/"},"modified":"2024-05-13T09:44:32","modified_gmt":"2024-05-13T06:44:32","slug":"avaleht","status":"publish","type":"page","link":"https:\/\/sisu.ut.ee\/edujategu18\/","title":{"rendered":"Avaleht"},"content":{"rendered":"<h2 class=\"wp-block-heading\"><span style=\"color: #00afd7;\"><span style=\"font-size: 20px;\"><strong>Tere tulemast l\u00fchikursusele \u201cV\u00f5imaluste tundmine\u201d!<\/strong><\/span><\/span><\/h2>\n\n\n\n<div class=\"wp-block-columns is-layout-flex wp-container-core-columns-is-layout-9d6595d7 wp-block-columns-is-layout-flex\">\n<div class=\"wp-block-column is-layout-flow wp-block-column-is-layout-flow\" style=\"flex-basis:66.66%\">\n<p><span style=\"font-size: 16px;\">Iga\u00fchel meist on uskumusi selle kohta, kes me oleme, kes me peaksime olema ja teadmised oma v\u00e4\u00e4rtuste, otsuste ja varasema k\u00e4itumise kohta. N\u00e4iteks kui pead end kohusetundlikuks inimeseks, kes teeb vajalikud \u00fclesanded \u00f5igeaegselt \u00e4ra, siis see v\u00f5ib Sind suunata edasistel valikutel, n\u00e4iteks kulutada oma aega, et ettevalmistuda katseteks populaarsele erialale (nt minna \u00f5ppima arstiks). Kui pead end aga heaks inimestega suhtlejaks, kes naudib teiste seltskonda, siis on v\u00f5imalus, et eelistad uurimist\u00f6\u00f6 lihvimise asemel hoopis \u00fcrituste korraldamist ja neil osalemist.<\/span><\/p>\n\n\n\n<p><span style=\"font-size: 16px;\">Selles \u00f5piobjektis k\u00e4sitleme v\u00f5imaluste anal\u00fc\u00fcsi. Selleks, et seada siht tulevikku, tuleb otsida vastuseid minevikust: mis on varem toiminud, mis mitte, mis on huvi pakkunud, mis mitte ja muudki.<\/span><\/p>\n\n\n\n<p><img loading=\"lazy\" decoding=\"async\" width=\"1080\" height=\"1080\" title=\"uued_moisted.png\" class=\"alignnone wp-image-9\" style=\"width: 32px; height: 32px;\" src=\"https:\/\/sisu.ut.ee\/wp-content\/uploads\/sites\/602\/uued_moisted.png\" alt=\"oluline\" srcset=\"https:\/\/sisu.ut.ee\/wp-content\/uploads\/sites\/602\/uued_moisted.png 1080w, https:\/\/sisu.ut.ee\/wp-content\/uploads\/sites\/602\/uued_moisted-300x300.png 300w, https:\/\/sisu.ut.ee\/wp-content\/uploads\/sites\/602\/uued_moisted-1024x1024.png 1024w, https:\/\/sisu.ut.ee\/wp-content\/uploads\/sites\/602\/uued_moisted-150x150.png 150w, https:\/\/sisu.ut.ee\/wp-content\/uploads\/sites\/602\/uued_moisted-768x768.png 768w\" sizes=\"auto, (max-width: 1080px) 100vw, 1080px\"><span style=\"font-size: 18px;\"><b>\u00dclevaade \u00f5piobjekti sisust<\/b><\/span><\/p>\n\n\n\n<p><strong>\u00d5ppija:<\/strong><\/p>\n\n\n\n<ol class=\"wp-block-list\">\n<li><span style=\"font-size: 16px;\">oskab anal\u00fc\u00fcsida enda senist \u00f5piteekonda (nii formaalses, mitteformaalses kui informaalses \u00f5ppes ja ka muudes tegevustes);<\/span><\/li>\n\n\n\n<li><span style=\"font-size: 16px;\">oskab eneseanal\u00fc\u00fcsiks kasutada Haridusportaali;<\/span><\/li>\n\n\n\n<li><span style=\"font-size: 16px;\">m\u00f5istab, kuidas tema haridus ja kogemused on seotud edasise elu ja otsustega.<\/span><\/li>\n<\/ol>\n\n\n\n<p><strong>Teemad:<\/strong><\/p>\n\n\n\n<ol class=\"wp-block-list\">\n<li><span style=\"font-size: 16px;\">Anal\u00fc\u00fcsi enda haridusteed.<\/span><\/li>\n\n\n\n<li><span style=\"font-size: 16px;\">Leia anal\u00fc\u00fcsist tegevused ja oskused.<\/span><\/li>\n\n\n\n<li><span style=\"font-size: 16px;\">Otsi Haridusportaalist viise oskuste arendamiseks ning nendega seotud ameteid.<\/span><\/li>\n<\/ol>\n<\/div>\n\n\n\n<div class=\"wp-block-column is-layout-flow wp-block-column-is-layout-flow\" style=\"flex-basis:33.33%\">\n<h3 class=\"wp-block-heading\">Kursuse koostajad<\/h3>\n\n\n\n<figure class=\"wp-block-image size-medium is-resized\"><img loading=\"lazy\" decoding=\"async\" width=\"300\" height=\"297\" src=\"https:\/\/sisu.ut.ee\/wp-content\/uploads\/sites\/602\/screenshot_20220930_160223-300x297.jpg\" alt=\"Kadri Treial\" class=\"wp-image-23\" style=\"width:227px\" srcset=\"https:\/\/sisu.ut.ee\/wp-content\/uploads\/sites\/602\/screenshot_20220930_160223-300x297.jpg 300w, https:\/\/sisu.ut.ee\/wp-content\/uploads\/sites\/602\/screenshot_20220930_160223-1024x1014.jpg 1024w, https:\/\/sisu.ut.ee\/wp-content\/uploads\/sites\/602\/screenshot_20220930_160223-150x150.jpg 150w, https:\/\/sisu.ut.ee\/wp-content\/uploads\/sites\/602\/screenshot_20220930_160223-768x761.jpg 768w, https:\/\/sisu.ut.ee\/wp-content\/uploads\/sites\/602\/screenshot_20220930_160223.jpg 1048w\" sizes=\"auto, (max-width: 300px) 100vw, 300px\"><figcaption class=\"wp-element-caption\"><strong>Kadri Treial<\/strong> <br>Koolips\u00fchholoog, Ps\u00fchhobussi tegevjuht <\/figcaption><\/figure>\n\n\n\n<figure class=\"wp-block-image size-medium is-resized is-style-default\"><img loading=\"lazy\" decoding=\"async\" width=\"227\" height=\"300\" src=\"https:\/\/sisu.ut.ee\/wp-content\/uploads\/sites\/602\/image-227x300.png\" alt=\"Triin Tiitsmaa\" class=\"wp-image-24\" style=\"width:227px\" srcset=\"https:\/\/sisu.ut.ee\/wp-content\/uploads\/sites\/602\/image-227x300.png 227w, https:\/\/sisu.ut.ee\/wp-content\/uploads\/sites\/602\/image.png 400w\" sizes=\"auto, (max-width: 227px) 100vw, 227px\"><figcaption class=\"wp-element-caption\"><strong>Triin Tiitsmaa <\/strong><br>Loominguline t\u00f6\u00f6taja, Ps\u00fchhobussi esineja, videograaf, monteerija<\/figcaption><\/figure>\n<\/div>\n<\/div>\n\n\n\n<p> <\/p>\n","protected":false},"excerpt":{"rendered":"<p>Tere tulemast l\u00fchikursusele \u201cV\u00f5imaluste tundmine\u201d! Iga\u00fchel meist on uskumusi selle kohta, kes me oleme, kes me peaksime olema ja teadmised oma v\u00e4\u00e4rtuste, otsuste ja varasema k\u00e4itumise kohta. N\u00e4iteks kui pead end kohusetundlikuks inimeseks, kes teeb vajalikud \u00fclesanded \u00f5igeaegselt \u00e4ra, siis &#8230;<\/p>\n","protected":false},"author":295,"featured_media":0,"parent":0,"menu_order":0,"comment_status":"closed","ping_status":"closed","template":"","meta":{"_acf_changed":false,"inline_featured_image":false,"footnotes":""},"class_list":["post-3","page","type-page","status-publish","hentry"],"acf":[],"_links":{"self":[{"href":"https:\/\/sisu.ut.ee\/edujategu18\/wp-json\/wp\/v2\/pages\/3","targetHints":{"allow":["GET"]}}],"collection":[{"href":"https:\/\/sisu.ut.ee\/edujategu18\/wp-json\/wp\/v2\/pages"}],"about":[{"href":"https:\/\/sisu.ut.ee\/edujategu18\/wp-json\/wp\/v2\/types\/page"}],"author":[{"embeddable":true,"href":"https:\/\/sisu.ut.ee\/edujategu18\/wp-json\/wp\/v2\/users\/295"}],"replies":[{"embeddable":true,"href":"https:\/\/sisu.ut.ee\/edujategu18\/wp-json\/wp\/v2\/comments?post=3"}],"version-history":[{"count":9,"href":"https:\/\/sisu.ut.ee\/edujategu18\/wp-json\/wp\/v2\/pages\/3\/revisions"}],"predecessor-version":[{"id":49,"href":"https:\/\/sisu.ut.ee\/edujategu18\/wp-json\/wp\/v2\/pages\/3\/revisions\/49"}],"wp:attachment":[{"href":"https:\/\/sisu.ut.ee\/edujategu18\/wp-json\/wp\/v2\/media?parent=3"}],"curies":[{"name":"wp","href":"https:\/\/api.w.org\/{rel}","templated":true}]}}