{"id":3,"date":"2024-04-04T08:17:02","date_gmt":"2024-04-04T05:17:02","guid":{"rendered":"https:\/\/sisu.ut.ee\/edujategu17\/avaleht\/"},"modified":"2024-05-13T09:20:01","modified_gmt":"2024-05-13T06:20:01","slug":"avaleht","status":"publish","type":"page","link":"https:\/\/sisu.ut.ee\/edujategu17\/","title":{"rendered":"Avaleht"},"content":{"rendered":"<h2 style=\"text-align: center;\"><strong><span style=\"font-size: 20px;\">Tere tulemast l\u00fchikursusele \u201c<span lang=\"ET\">Karj\u00e4\u00e4ri kujundamine ja karj\u00e4\u00e4riplaan<\/span>\u201c!<\/span><\/strong><\/h2>\n<h2><\/h2>\n<div style=\"padding: 1em; border: 4px solid #55BF92;\">\n<p><strong><span style=\"font-size: 16px;\"><span style=\"color: #674fa0;\">\u201cKas te \u00fctleksite mulle, millist teed m\u00f6\u00f6da ma peaksin minema?\u201d, k\u00fcsis Alice.<br>\n\u201cS\u00f5ltub suuresti sellest, kuhu Sa tahad v\u00e4lja j\u00f5uda,\u201d vastas kass.<br>\n\u201cMul \u00fcsna \u00fcksk\u00f5ik, kuhu,\u201d \u00fctles t\u00fcdruk.<br>\n\u201cNo siis on \u00fcsna \u00fcksk\u00f5ik, millist teed m\u00f6\u00f6da minna,\u201d arvas kass\u2026<\/span><\/span><\/strong><\/p>\n<p style=\"text-align: right;\"><span style=\"font-size: 12px;\"><em>\u201cAlice Imedemaal\u201d Lewis Carroll<\/em><\/span><\/p>\n<\/div>\n<p><span style=\"font-size: 16px;\"><span style=\"color: #17400c;\">Alice Imedemaal k\u00f5ndides ei teadnud, kuhupoole minna\u2026 <\/span><\/span><\/p>\n<p><span style=\"font-size: 16px;\"><span style=\"color: #17400c;\">ega hoolinudki sellest, kuhu ta v\u00e4lja j\u00f5uab. \u00a0\u00a0\u00a0\u00a0\u00a0\u00a0\u00a0\u00a0\u00a0\u00a0\u00a0\u00a0\u00a0\u00a0\u00a0\u00a0<\/span><\/span><\/p>\n<p><span style=\"font-size: 16px;\"><img loading=\"lazy\" decoding=\"async\" width=\"512\" height=\"512\" class=\"alignnone wp-image-17\" style=\"width: 32px; height: 32px;\" title=\"right.png\" src=\"https:\/\/sisu.ut.ee\/wp-content\/uploads\/sites\/593\/right.png\" alt=\"arrow\" srcset=\"https:\/\/sisu.ut.ee\/wp-content\/uploads\/sites\/593\/right.png 512w, https:\/\/sisu.ut.ee\/wp-content\/uploads\/sites\/593\/right-300x300.png 300w, https:\/\/sisu.ut.ee\/wp-content\/uploads\/sites\/593\/right-150x150.png 150w\" sizes=\"auto, (max-width: 512px) 100vw, 512px\"><span style=\"color: #17400c;\">Kas Sina tead, kuhu Sa tahad oma elus v\u00e4lja j\u00f5uda? <\/span><\/span><\/p>\n<p><span style=\"font-size: 16px;\"><img loading=\"lazy\" decoding=\"async\" width=\"512\" height=\"512\" class=\"alignnone wp-image-17\" style=\"width: 32px; height: 32px;\" title=\"right.png\" src=\"https:\/\/sisu.ut.ee\/wp-content\/uploads\/sites\/593\/right.png\" alt=\"arrow\" srcset=\"https:\/\/sisu.ut.ee\/wp-content\/uploads\/sites\/593\/right.png 512w, https:\/\/sisu.ut.ee\/wp-content\/uploads\/sites\/593\/right-300x300.png 300w, https:\/\/sisu.ut.ee\/wp-content\/uploads\/sites\/593\/right-150x150.png 150w\" sizes=\"auto, (max-width: 512px) 100vw, 512px\"><span style=\"color: #17400c;\">Millist teed m\u00f6\u00f6da taha minna? <\/span><\/span><\/p>\n<p><span style=\"font-size: 16px;\"><img loading=\"lazy\" decoding=\"async\" width=\"512\" height=\"512\" class=\"alignnone wp-image-17\" style=\"width: 32px; height: 32px;\" title=\"right.png\" src=\"https:\/\/sisu.ut.ee\/wp-content\/uploads\/sites\/593\/right.png\" alt=\"arrow\" srcset=\"https:\/\/sisu.ut.ee\/wp-content\/uploads\/sites\/593\/right.png 512w, https:\/\/sisu.ut.ee\/wp-content\/uploads\/sites\/593\/right-300x300.png 300w, https:\/\/sisu.ut.ee\/wp-content\/uploads\/sites\/593\/right-150x150.png 150w\" sizes=\"auto, (max-width: 512px) 100vw, 512px\"><span style=\"color: #17400c;\">Millest alustad? <\/span><\/span><\/p>\n<p><span style=\"font-size: 18px;\"><strong><span style=\"color: #17400c;\">Esimeseks sammuks sobib h\u00e4sti ka k\u00e4esoleva \u00f5ppematerjali l\u00e4bit\u00f6\u00f6tamine\u2026<\/span><\/strong><\/span><\/p>\n","protected":false},"excerpt":{"rendered":"<p>Tere tulemast l\u00fchikursusele \u201cKarj\u00e4\u00e4ri kujundamine ja karj\u00e4\u00e4riplaan\u201c! \u201cKas te \u00fctleksite mulle, millist teed m\u00f6\u00f6da ma peaksin minema?\u201d, k\u00fcsis Alice. \u201cS\u00f5ltub suuresti sellest, kuhu Sa tahad v\u00e4lja j\u00f5uda,\u201d vastas kass. \u201cMul \u00fcsna \u00fcksk\u00f5ik, kuhu,\u201d \u00fctles t\u00fcdruk. \u201cNo siis on \u00fcsna \u00fcksk\u00f5ik, &#8230;<\/p>\n","protected":false},"author":295,"featured_media":0,"parent":0,"menu_order":0,"comment_status":"closed","ping_status":"closed","template":"","meta":{"_acf_changed":false,"inline_featured_image":false,"footnotes":""},"class_list":["post-3","page","type-page","status-publish","hentry"],"acf":[],"_links":{"self":[{"href":"https:\/\/sisu.ut.ee\/edujategu17\/wp-json\/wp\/v2\/pages\/3","targetHints":{"allow":["GET"]}}],"collection":[{"href":"https:\/\/sisu.ut.ee\/edujategu17\/wp-json\/wp\/v2\/pages"}],"about":[{"href":"https:\/\/sisu.ut.ee\/edujategu17\/wp-json\/wp\/v2\/types\/page"}],"author":[{"embeddable":true,"href":"https:\/\/sisu.ut.ee\/edujategu17\/wp-json\/wp\/v2\/users\/295"}],"replies":[{"embeddable":true,"href":"https:\/\/sisu.ut.ee\/edujategu17\/wp-json\/wp\/v2\/comments?post=3"}],"version-history":[{"count":3,"href":"https:\/\/sisu.ut.ee\/edujategu17\/wp-json\/wp\/v2\/pages\/3\/revisions"}],"predecessor-version":[{"id":72,"href":"https:\/\/sisu.ut.ee\/edujategu17\/wp-json\/wp\/v2\/pages\/3\/revisions\/72"}],"wp:attachment":[{"href":"https:\/\/sisu.ut.ee\/edujategu17\/wp-json\/wp\/v2\/media?parent=3"}],"curies":[{"name":"wp","href":"https:\/\/api.w.org\/{rel}","templated":true}]}}