{"id":4,"date":"2024-04-04T08:05:57","date_gmt":"2024-04-04T05:05:57","guid":{"rendered":"https:\/\/sisu.ut.ee\/edujategu16\/tutvustus\/"},"modified":"2024-04-17T17:54:16","modified_gmt":"2024-04-17T14:54:16","slug":"tutvustus","status":"publish","type":"page","link":"https:\/\/sisu.ut.ee\/edujategu16\/tutvustus\/","title":{"rendered":"Tutvustus"},"content":{"rendered":"<p style=\"margin-bottom: 0cm; text-align: justify;\">\n<\/p><p style=\"margin-bottom: 0cm; text-align: justify;\">\n<\/p><p style=\"margin-bottom: 0cm;\"><img loading=\"lazy\" decoding=\"async\" title=\"\" src=\"https:\/\/sisu.ut.ee\/sites\/default\/files\/edujategu4\/files\/sissejuhatus.png\" alt=\"sissejuhatus\" width=\"32\" height=\"32\" data-file_info=\"%7B%22fid%22:%2265946%22,%22view_mode%22:%22default%22,%22type%22:%22media%22%7D\">\u00a0 <i><span lang=\"ET\"><span style=\"line-height: 115%;\">Eetika on oskus tehe vahet selle, mida sa pead tegema ja mida on \u00f5ige teha.<\/span><\/span><\/i><\/p>\n<p style=\"margin-bottom: 0cm;\"><i><span lang=\"ET\"><span style=\"line-height: 115%;\">\u00a0 Potter Stewart<\/span><\/span><\/i><\/p>\n<p style=\"margin-bottom: 0cm; text-align: justify;\">\n<\/p><p style=\"margin-bottom: 0cm; text-align: justify;\"><img loading=\"lazy\" decoding=\"async\" title=\"\" src=\"https:\/\/sisu.ut.ee\/sites\/default\/files\/edujategu4\/files\/sissejuhatus.png\" alt=\"sissejuhatus\" width=\"32\" height=\"32\" data-file_info=\"%7B%22fid%22:%2265946%22,%22view_mode%22:%22default%22,%22type%22:%22media%22%7D\">\u00a0<b><span lang=\"ET\"><span style=\"line-height: 115%;\">Eelteadmiste kirjeldus<\/span><\/span><\/b><span lang=\"ET\"><span style=\"line-height: 115%;\">: \u00d5piobjekti ei eelda eelnevaid teadmisi eetikast ja j\u00e4tkusuutlikust ettev\u00f5tlusest. Kasuks tulevad eelnevad ettev\u00f5tlusalased algteadmised, kuid need ei ole \u00f5piobjekti l\u00e4bimise eeltingimuseks. <\/span><\/span><\/p>\n<p style=\"margin-bottom: 0cm; text-align: justify;\">\n<\/p><p style=\"margin-bottom: 0cm; text-align: justify;\"><img loading=\"lazy\" decoding=\"async\" title=\"\" src=\"https:\/\/sisu.ut.ee\/sites\/default\/files\/edujategu4\/files\/sissejuhatus.png\" alt=\"sissejuhatus\" width=\"32\" height=\"32\" data-file_info=\"%7B%22fid%22:%2265946%22,%22view_mode%22:%22default%22,%22type%22:%22media%22%7D\">\u00a0<b><span lang=\"ET\"><span style=\"line-height: 115%;\">\u00d5piobjekti maht<\/span><\/span><\/b><span lang=\"ET\"><span style=\"line-height: 115%;\">: (kuni) 8 h.<\/span><\/span><\/p>\n<p style=\"margin-bottom: 0cm; text-align: justify;\">\n<\/p><p style=\"margin-bottom: 0cm; text-align: justify;\"><img loading=\"lazy\" decoding=\"async\" title=\"\" src=\"https:\/\/sisu.ut.ee\/sites\/default\/files\/edujategu4\/files\/sissejuhatus.png\" alt=\"sissejuhatus\" width=\"32\" height=\"32\" data-file_info=\"%7B%22fid%22:%2265946%22,%22view_mode%22:%22default%22,%22type%22:%22media%22%7D\">\u00a0<b><span lang=\"ET\"><span style=\"line-height: 115%;\">\u00d5piobjekti eesm\u00e4rk:<\/span><\/span><\/b><span lang=\"ET\"><span style=\"line-height: 115%;\"> \u00d5piobjekti eesm\u00e4rgiks on anda \u00fclevaade eetika, \u00e4rieetika ja j\u00e4tkusuutliku ettev\u00f5tluse valdkonnast ning eetilisest j\u00e4tkusuutlikkust ettev\u00f5tlusest.<\/span><\/span><\/p>\n<p style=\"margin-bottom: 0cm; text-align: justify;\">\n<\/p><p style=\"margin-bottom: 0cm; text-align: justify;\"><img loading=\"lazy\" decoding=\"async\" title=\"\" src=\"https:\/\/sisu.ut.ee\/sites\/default\/files\/edujategu4\/files\/sissejuhatus.png\" alt=\"sissejuhatus\" width=\"32\" height=\"32\" data-file_info=\"%7B%22fid%22:%2265946%22,%22view_mode%22:%22default%22,%22type%22:%22media%22%7D\">\u00a0<b><span lang=\"ET\"><span style=\"line-height: 115%;\">Sihtr\u00fchma kirjeldus: <\/span><\/span><\/b><span lang=\"ET\"><span style=\"background: white;\"><span style=\"line-height: 115%;\"><span style=\"color: black;\">\u00d5piobjekti koostamisel on aluseks v\u00f5etud Ettev\u00f5tlusp\u00e4devuse mudel <\/span><\/span><\/span><\/span><span lang=\"ET\"><span style=\"background: white;\"><span style=\"line-height: 115%;\"><span style=\"color: #565656;\">(<\/span><\/span><\/span><\/span><a href=\"https:\/\/xn--ettevtluspe-jfbe.ee\/ettevotluspadevuse-mudel\/\" target=\"_blank\" rel=\"noopener\"><span style=\"background: white;\"><span style=\"line-height: 115%;\"><span style=\"color: #428bca;\">https:\/\/xn--ettevtluspe-jfbe.ee\/ettevotluspadevuse-mudel\/<\/span><\/span><\/span><\/a><span lang=\"ET\"><span style=\"background: white;\"><span style=\"line-height: 115%;\"><span style=\"color: #565656;\">), <\/span><\/span><\/span><\/span><span lang=\"ET\"><span style=\"background: white;\"><span style=\"line-height: 115%;\"><span style=\"color: black;\">sellest v\u00e4\u00e4rtust loov m\u00f5tlemine ja lahenduste leidmine, konkreetsemalt alap\u00e4devus Eetilisus ja j\u00e4tkusuutlikkus. <\/span><\/span><\/span><\/span><span lang=\"ET\"><span style=\"line-height: 115%;\">\u00d5piobjekti sihtr\u00fchmaks on nii \u00fcli\u00f5pilased kui ka g\u00fcmnaasiumi\u00f5pilased, kes on l\u00e4bimas oma esimest ettev\u00f5tluskursust. Lisaks on kursus m\u00f5eldud ka alustavatele ettev\u00f5tjatele ja v\u00e4ikeettev\u00f5tjatele, kes soovivad rohkem teavet eetilise ja j\u00e4tkusuutliku ettev\u00f5tluse kohta. <\/span><\/span><\/p>\n<p style=\"margin-bottom: 0cm; text-align: justify;\">\n<\/p><p style=\"margin-bottom: 0cm; text-align: justify;\"><img loading=\"lazy\" decoding=\"async\" title=\"\" src=\"https:\/\/sisu.ut.ee\/sites\/default\/files\/edujategu4\/files\/sissejuhatus.png\" alt=\"sissejuhatus\" width=\"32\" height=\"32\" data-file_info=\"%7B%22fid%22:%2265946%22,%22view_mode%22:%22default%22,%22type%22:%22media%22%7D\">\u00a0<b><span lang=\"ET\"><span style=\"line-height: 115%;\">\u00d5piv\u00e4ljundid<\/span><\/span><\/b><\/p>\n<p style=\"margin-bottom: 0cm; text-align: justify;\"><span lang=\"ET\"><span style=\"line-height: 115%;\">\u00d5piobjekti l\u00e4bi t\u00f6\u00f6tanud \u00f5ppur:<\/span><\/span><\/p>\n<ul>\n<li style=\"margin-bottom: 0cm; text-align: justify;\"><span lang=\"ET\"><span style=\"line-height: 115%;\">Omab \u00fclevaadet eetika, \u00e4rieetika ja eetikakoodeksi p\u00f5hit\u00f5dedest;<\/span><\/span><\/li>\n<li style=\"margin-bottom: 0cm; text-align: justify;\"><span lang=\"ET\"><span style=\"line-height: 115%;\">Teab j\u00e4tkusuutlikkuse ja j\u00e4tkusuutliku arengu p\u00f5hialuseid;<\/span><\/span><\/li>\n<li style=\"margin-bottom: 0cm; text-align: justify;\"><span lang=\"ET\"><span style=\"line-height: 115%;\">Teab ettev\u00f5tlusega seonduvaid p\u00f5him\u00f5isteid ja m\u00f5istab ettev\u00f5tlusprotsessi olemus;<\/span><\/span><\/li>\n<li style=\"margin-bottom: 0cm; text-align: justify;\"><span lang=\"ET\"><span style=\"line-height: 115%;\">Teab peamiseid j\u00e4tkusuutliku\u00a0 ettev\u00f5tluse m\u00f5\u00f5tmise ja anal\u00fc\u00fcsimise vahendeid;<\/span><\/span><\/li>\n<li style=\"margin-bottom: 0cm; text-align: justify;\"><span lang=\"ET\"><span style=\"line-height: 115%;\">Oskab koostada j\u00e4tkusuutliku ettev\u00f5tluse PESTLE anal\u00fc\u00fcsi;<\/span><\/span><\/li>\n<li style=\"margin-bottom: 0cm; text-align: justify;\"><span lang=\"ET\"><span style=\"line-height: 115%;\">Teab rohepesu kontseptsiooni ja oskab seda \u00e4ra tunda;<\/span><\/span><\/li>\n<li style=\"margin-bottom: 0cm; text-align: justify;\"><span lang=\"ET\"><span style=\"line-height: 115%;\">Omab \u00fclevaadet j\u00e4tkusuutlikkuse hindamisest ja tunnustamise v\u00f5imalustest Eestis;<\/span><\/span><\/li>\n<li style=\"margin-bottom: 0cm; text-align: justify;\"><span lang=\"ET\"><span style=\"line-height: 115%;\">Oskab anal\u00fc\u00fcsida juhi k\u00e4itumise eetilisust;<\/span><\/span><\/li>\n<li style=\"margin-bottom: 0cm; text-align: justify;\"><span lang=\"ET\"><span style=\"line-height: 115%;\">M\u00f5istab eetilise j\u00e4tkusuutliku ettev\u00f5tte kontseptsiooni.<\/span><\/span><\/li>\n<\/ul>\n<p style=\"margin-bottom: 0cm; text-align: justify;\">\n<\/p><p style=\"margin-bottom: 0cm; text-align: justify;\"><span lang=\"ET\"><span style=\"line-height: 115%;\">\u00d5piobjekti saab kasutada iseseisvaks lugemiseks ja l\u00e4bi t\u00f6\u00f6tamiseks. Materjali teoreetilisi aluseid aitab kinnitada l\u00fchitestid ja praktilist poolt aitavad kinnistada juhtumiuuringud ja arutelu\u00fclesanded.<\/span><\/span><\/p>\n<p style=\"margin-bottom: 0cm; text-align: justify;\">\n<\/p><p style=\"margin-bottom: 0cm; text-align: justify;\"><img loading=\"lazy\" decoding=\"async\" title=\"\" src=\"https:\/\/sisu.ut.ee\/sites\/default\/files\/edujategu4\/files\/sissejuhatus.png\" alt=\"sissejuhatus\" width=\"32\" height=\"32\" data-file_info=\"%7B%22fid%22:%2265946%22,%22view_mode%22:%22default%22,%22type%22:%22media%22%7D\">\u00a0<b><span lang=\"ET\"><span style=\"line-height: 115%;\">\u00d5pijuhis<\/span><\/span><\/b><\/p>\n<p style=\"margin-bottom: 0cm; text-align: justify;\"><span lang=\"ET\"><span style=\"line-height: 115%;\">\u00c4rieetika ja j\u00e4tkusuutlik ettev\u00f5tlus \u00f5piobjekt on \u00fcles ehitatud e-\u00f5ppe formaadis ja eeldab \u00f5ppijalt iseseisvat \u00f5ppimist. \u00d5piobjekt on jagatud kolmeks p\u00f5himooduliks. \u00dche mooduli l\u00e4bimiseks on arvestatud eelduslikult 2-3 tundi. Kokku on \u00f5piobjekti l\u00e4bimiseks arvestatud u. 8 tundi. Kursuse l\u00e4bimise eelduseks on arvutikasutuse oskus ja v\u00f5imalused. <\/span><\/span><\/p>\n<p style=\"margin-bottom: 0cm; text-align: justify;\">\n<\/p><p style=\"margin-bottom: 0cm; text-align: justify;\"><span lang=\"ET\"><span style=\"line-height: 115%;\">\u00d5piobjekt on disainitud abistama t\u00e4iskasvanud \u00f5ppijat eetilise j\u00e4tkusuutliku ettev\u00f5tluse teema omandamiseks. \u00d5piobjekt sisaldab teoreetilisi materjale ja nende kinnistamis\u00fclesandeid. Lisamaterjalina on lisatud videolinke ja juhtumiuuringuid reaalsetest ettev\u00f5tetest. <\/span><\/span><\/p>\n<p style=\"margin-bottom: 0cm; text-align: justify;\">\n<\/p><p style=\"margin-bottom: 0cm; text-align: justify;\"><span lang=\"ET\"><span style=\"line-height: 115%;\">\u00d5piobjekti l\u00e4bimiseks on arvestatud 8 tundi, mis koosneb t\u00f6\u00f6st teoreetilise k\u00e4sitlusega ja kinnistamis\u00fclesannete lahendamisega. Suurem ajakulu (0,5-1h) on soovituslik planeerida juhtumiuuringute lahendamiseks.<\/span><\/span><\/p>\n<p style=\"margin-bottom: 0cm; text-align: justify;\">\n<\/p><p style=\"margin-bottom: 0cm; text-align: justify;\"><img loading=\"lazy\" decoding=\"async\" title=\"\" src=\"https:\/\/sisu.ut.ee\/sites\/default\/files\/edujategu4\/files\/sissejuhatus.png\" alt=\"sissejuhatus\" width=\"32\" height=\"32\" data-file_info=\"%7B%22fid%22:%2265946%22,%22view_mode%22:%22default%22,%22type%22:%22media%22%7D\">\u00a0<b><span lang=\"ET\"><span style=\"line-height: 115%;\">\u00d5ppematerjali \u00fclesehitus<\/span><\/span><\/b><\/p>\n<p style=\"margin-bottom: 0cm; text-align: justify;\"><span lang=\"ET\"><span style=\"line-height: 115%;\">\u00d5piobjekt on \u00fcles ehitatud moodulite kaupa l\u00e4htudes eelteadmiste loogikast. <\/span><\/span><\/p>\n<p style=\"margin-bottom: 0cm; text-align: justify;\"><span lang=\"ET\"><span style=\"line-height: 115%;\">\u00d5piobjekt on \u00fclesehituslikult jaotatud teoreetiliseks k\u00e4sitluseks, mis h\u00f5lmab kuut teemavaldkonda: eetika, \u00e4rieetika, ettev\u00f5tlus, j\u00e4tkusuutlikkus, j\u00e4tkusuutlik ettev\u00f5tlus ning eetiline j\u00e4tkusuutlik ettev\u00f5tlus. Teoreetilist k\u00e4sitlust ilmestavad juhtumiuuringud koos kinnistamis\u00fclesannetega. Soovituslik on teemad l\u00e4bida etteantud j\u00e4rjekorras, kuna sel viisil on v\u00f5imalik saada materjalidest maksimaalne kasu.<\/span><\/span><\/p>\n","protected":false},"excerpt":{"rendered":"<p>\u00a0 Eetika on oskus tehe vahet selle, mida sa pead tegema ja mida on \u00f5ige teha. \u00a0 Potter Stewart \u00a0Eelteadmiste kirjeldus: \u00d5piobjekti ei eelda eelnevaid teadmisi eetikast ja j\u00e4tkusuutlikust ettev\u00f5tlusest. Kasuks tulevad eelnevad ettev\u00f5tlusalased algteadmised, kuid need ei ole \u00f5piobjekti &#8230;<\/p>\n","protected":false},"author":263,"featured_media":0,"parent":0,"menu_order":0,"comment_status":"closed","ping_status":"closed","template":"","meta":{"_acf_changed":false,"inline_featured_image":false,"footnotes":""},"class_list":["post-4","page","type-page","status-publish","hentry"],"acf":[],"_links":{"self":[{"href":"https:\/\/sisu.ut.ee\/edujategu16\/wp-json\/wp\/v2\/pages\/4","targetHints":{"allow":["GET"]}}],"collection":[{"href":"https:\/\/sisu.ut.ee\/edujategu16\/wp-json\/wp\/v2\/pages"}],"about":[{"href":"https:\/\/sisu.ut.ee\/edujategu16\/wp-json\/wp\/v2\/types\/page"}],"author":[{"embeddable":true,"href":"https:\/\/sisu.ut.ee\/edujategu16\/wp-json\/wp\/v2\/users\/263"}],"replies":[{"embeddable":true,"href":"https:\/\/sisu.ut.ee\/edujategu16\/wp-json\/wp\/v2\/comments?post=4"}],"version-history":[{"count":2,"href":"https:\/\/sisu.ut.ee\/edujategu16\/wp-json\/wp\/v2\/pages\/4\/revisions"}],"predecessor-version":[{"id":157,"href":"https:\/\/sisu.ut.ee\/edujategu16\/wp-json\/wp\/v2\/pages\/4\/revisions\/157"}],"wp:attachment":[{"href":"https:\/\/sisu.ut.ee\/edujategu16\/wp-json\/wp\/v2\/media?parent=4"}],"curies":[{"name":"wp","href":"https:\/\/api.w.org\/{rel}","templated":true}]}}