{"id":3,"date":"2024-04-04T07:55:24","date_gmt":"2024-04-04T04:55:24","guid":{"rendered":"https:\/\/sisu.ut.ee\/edujategu15\/opitee-visualiseerimine\/"},"modified":"2024-05-10T11:35:32","modified_gmt":"2024-05-10T08:35:32","slug":"opitee-visualiseerimine","status":"publish","type":"page","link":"https:\/\/sisu.ut.ee\/edujategu15\/opitee-visualiseerimine\/","title":{"rendered":"\u00d5pitee visualiseerimine"},"content":{"rendered":"<h1 id=\"page-title\"><img loading=\"lazy\" decoding=\"async\" class=\"alignnone wp-image-93\" src=\"https:\/\/sisu.ut.ee\/wp-content\/uploads\/sites\/553\/sissejuhatus-1024x1024.png\" alt=\"\" width=\"50\" height=\"50\" srcset=\"https:\/\/sisu.ut.ee\/wp-content\/uploads\/sites\/553\/sissejuhatus-1024x1024.png 1024w, https:\/\/sisu.ut.ee\/wp-content\/uploads\/sites\/553\/sissejuhatus-300x300.png 300w, https:\/\/sisu.ut.ee\/wp-content\/uploads\/sites\/553\/sissejuhatus-150x150.png 150w, https:\/\/sisu.ut.ee\/wp-content\/uploads\/sites\/553\/sissejuhatus-768x768.png 768w, https:\/\/sisu.ut.ee\/wp-content\/uploads\/sites\/553\/sissejuhatus.png 1080w\" sizes=\"auto, (max-width: 50px) 100vw, 50px\"> <span style=\"color: #28aae1;\">\u00d5PITEE VISUALISEERIMINE<\/span><\/h1>\n\n<figure class=\"wp-block-image\"><img decoding=\"async\" src=\"https:\/\/sisu.ut.ee\/wp-content\/uploads\/sites\/553\/screenshot_2023-01-20_at_10.51.22.png\" alt=\"map\" title=\"\"><\/figure>\n\n\n\n<p><img loading=\"lazy\" decoding=\"async\" width=\"40\" height=\"40\" src=\"https:\/\/sisu.ut.ee\/wp-content\/uploads\/sites\/547\/ulesanne.png\" alt=\"ylesanne\"> <b>Visualiseeri oma \u00f5pitee.<\/b><\/p>\n\n\n\n<p>Vaata veelkord \u00fcle endale seatud \u00f5pieesm\u00e4rgid ja nende saavutamiseks kavandatud tegevused. Visualiseeri (kujunda) oma \u00f5pitee plaan endale sobivas vormis. Soovi korral kasuta valmis veebilahendusi. \u00d5pitee kujutamise vormiks v\u00f5ib olla n\u00e4iteks <a title=\"\" href=\"https:\/\/www.slideegg.com\/timeline-powerpoint-design-1472%20\" target=\"_blank\" rel=\"noopener\" data-url=\"https:\/\/www.slideegg.com\/timeline-powerpoint-design-1472 \">ajatelg<\/a>, <a title=\"\" href=\"https:\/\/creativitycatcher.com\/materjalid\/\" target=\"_blank\" rel=\"noopener\" data-url=\"https:\/\/creativitycatcher.com\/materjalid\/\">teekonnakaart<\/a>, skeem, <a title=\"\" href=\"https:\/\/www.canva.com\/create\/comic-strips\/\" target=\"_blank\" rel=\"noopener\" data-url=\"https:\/\/www.canva.com\/create\/comic-strips\/\">koomiks<\/a>, pildiseeria, m\u00f5ttekaart jne.<\/p>\n\n\n\n<p class=\"has-text-align-center\"><b>Aruta oma \u00f5pieesm\u00e4rgid ja tegevusplaan l\u00e4bi juhendaja v\u00f5i n\u00f5ustajaga.<\/b><\/p>\n\n\n\n<p class=\"has-text-align-center\"><b>Edukat \u00f5piteed!<\/b><\/p>\n","protected":false},"excerpt":{"rendered":"<p>\u00d5PITEE VISUALISEERIMINE Visualiseeri oma \u00f5pitee. Vaata veelkord \u00fcle endale seatud \u00f5pieesm\u00e4rgid ja nende saavutamiseks kavandatud tegevused. Visualiseeri (kujunda) oma \u00f5pitee plaan endale sobivas vormis. Soovi korral kasuta valmis veebilahendusi. \u00d5pitee kujutamise vormiks v\u00f5ib olla n\u00e4iteks ajatelg, teekonnakaart, skeem, koomiks, pildiseeria, &#8230;<\/p>\n","protected":false},"author":263,"featured_media":0,"parent":0,"menu_order":0,"comment_status":"closed","ping_status":"closed","template":"","meta":{"_acf_changed":false,"inline_featured_image":false,"footnotes":""},"class_list":["post-3","page","type-page","status-publish","hentry"],"acf":[],"_links":{"self":[{"href":"https:\/\/sisu.ut.ee\/edujategu15\/wp-json\/wp\/v2\/pages\/3","targetHints":{"allow":["GET"]}}],"collection":[{"href":"https:\/\/sisu.ut.ee\/edujategu15\/wp-json\/wp\/v2\/pages"}],"about":[{"href":"https:\/\/sisu.ut.ee\/edujategu15\/wp-json\/wp\/v2\/types\/page"}],"author":[{"embeddable":true,"href":"https:\/\/sisu.ut.ee\/edujategu15\/wp-json\/wp\/v2\/users\/263"}],"replies":[{"embeddable":true,"href":"https:\/\/sisu.ut.ee\/edujategu15\/wp-json\/wp\/v2\/comments?post=3"}],"version-history":[{"count":4,"href":"https:\/\/sisu.ut.ee\/edujategu15\/wp-json\/wp\/v2\/pages\/3\/revisions"}],"predecessor-version":[{"id":103,"href":"https:\/\/sisu.ut.ee\/edujategu15\/wp-json\/wp\/v2\/pages\/3\/revisions\/103"}],"wp:attachment":[{"href":"https:\/\/sisu.ut.ee\/edujategu15\/wp-json\/wp\/v2\/media?parent=3"}],"curies":[{"name":"wp","href":"https:\/\/api.w.org\/{rel}","templated":true}]}}