{"id":8,"date":"2024-04-04T07:51:49","date_gmt":"2024-04-04T04:51:49","guid":{"rendered":"https:\/\/sisu.ut.ee\/edujategu14\/sissejuhatus\/"},"modified":"2024-05-07T09:44:05","modified_gmt":"2024-05-07T06:44:05","slug":"sissejuhatus","status":"publish","type":"page","link":"https:\/\/sisu.ut.ee\/edujategu14\/sissejuhatus\/","title":{"rendered":"Sissejuhatus"},"content":{"rendered":"<h1 id=\"page-title\"><img loading=\"lazy\" decoding=\"async\" class=\"alignnone wp-image-83\" src=\"https:\/\/sisu.ut.ee\/wp-content\/uploads\/sites\/547\/sissejuhatus-1024x1024.png\" alt=\"\" width=\"50\" height=\"50\" srcset=\"https:\/\/sisu.ut.ee\/wp-content\/uploads\/sites\/547\/sissejuhatus-1024x1024.png 1024w, https:\/\/sisu.ut.ee\/wp-content\/uploads\/sites\/547\/sissejuhatus-300x300.png 300w, https:\/\/sisu.ut.ee\/wp-content\/uploads\/sites\/547\/sissejuhatus-150x150.png 150w, https:\/\/sisu.ut.ee\/wp-content\/uploads\/sites\/547\/sissejuhatus-768x768.png 768w, https:\/\/sisu.ut.ee\/wp-content\/uploads\/sites\/547\/sissejuhatus.png 1080w\" sizes=\"auto, (max-width: 50px) 100vw, 50px\">\u00a0<span style=\"color: #28aae1;\">SISSEJUHATUS<\/span><\/h1>\n\n\n<p>Alanud on sinu teekond valitud erialal meistriks saamisel. See \u00f5piobjekt aitab sul<\/p>\n\n\n\n<ul class=\"wp-block-list\">\n<li>m\u00f5ista kutses\u00fcsteemist l\u00e4htuvaid teadmisi, oskusi ja isikuomadusi, nende arendamise ja t\u00f5endamise v\u00f5imalusi,<\/li>\n\n\n\n<li>anal\u00fc\u00fcsida oma oskusi, teadmisi, kogemusi, huvisid, v\u00e4\u00e4rtusi ja isikuomadusi seoses \u00f5pitava erialaga,<\/li>\n\n\n\n<li>m\u00f5ista oma praeguste \u00f5pingute m\u00f5jutajaid<\/li>\n<\/ul>\n\n\n\n<p>Eneseteadlikkus on \u00fcks oma eluk\u00e4igu, sealhulgas ka t\u00f6\u00f6alase karj\u00e4\u00e4ri, kujundamise ja juhtimise t\u00f6\u00f6riistu. Mida paremini tunned iseennast, seda paremini suudad teha enda jaoks olulisi valikuid ja oma praegusi \u00f5pinguid kavandada.<\/p>\n\n\n\n<p>Kiired muutused t\u00e4nap\u00e4eva t\u00f6\u00f6maailmas n\u00f5uavad t\u00f6\u00f6tajalt nii erialaste kui \u00fcldiste oskuste t\u00e4iendamist kogu t\u00f6\u00f6tamise aja v\u00e4ltel. Oskus ennast v\u00f5rrelda t\u00f6\u00f6andjate ootuste ja vajadustega ning teadlikult kavandada erialast arengut on aluseks konkurentsiv\u00f5imelisena p\u00fcsimisele.<\/p>\n\n\n\n<p>M\u00f5nusat \u00f5ppimist!<\/p>\n\n\n\n<p>\u00a0<\/p>\n\n\n<p><\/p><div class=\"accordion mb-3\">\n        <div class=\"accordion-item accordion-item--white\">\n        <h2 class=\"accordion-header\" id=\"accordion-69e1bc224b337-heading\">\n            <button class=\"accordion-button collapsed\" type=\"button\" data-bs-toggle=\"collapse\" data-bs-target=\"#accordion-69e1bc224b337-collapse\" aria-expanded=\"true\" aria-controls=\"accordion-69e1bc224b337-collapse\">Kuidas \u00f5piobjekti kasutada<\/button>\n        <\/h2>\n        <div id=\"accordion-69e1bc224b337-collapse\" class=\"accordion-collapse collapse\" aria-labelledby=\"accordion-69e1bc224b337-heading\">\n            <div class=\"accordion-body\">\n<ul>\n<li>Suhtu \u00f5piobjekti kui oma heasse teekaaslasesse ja abilisse!<\/li>\n<li>Vasta iga teema alguses v\u00f5i l\u00f5pus olevatele\u00a0\u00a0k\u00fcsimustele. Vastuste leidmine\u00a0\u00a0aitab meelde tuletada varasemaid teadmisi ja paremini m\u00f5ista j\u00e4rgnevaid \u00fclesandeid.<\/li>\n<li>M\u00f5ne \u00fclesande juures saad ise valida endale huvitavama, arusaadavama v\u00f5i vajalikuma t\u00f6\u00f6lehe. Kasuta pakutud valikuv\u00f5imalusi!<\/li>\n<li>Mitmete \u00fclesannete juures saad kasutada ja arendada oma digioskusi: otsida ja hinnata infot, kasutada erinevaid keskkondi ja t\u00f6\u00f6riistu. Soovi korral v\u00f5id \u00f5pi\u00fclesanded t\u00e4ita ka lihtsalt paberit ja kirjutusvahendit kasutad<\/li>\n<li>Valik\u00fclesanded ja lisalugemine aitavad teemasid paremini m\u00f5ista.<\/li>\n<\/ul>\n<p><b>Tutvu arengumapi koostamise ja t\u00f6\u00f6lehtede kasutamise juhisega. T\u00e4ida juhistes kirjeldatud \u00fclesanded.<\/b><\/p><\/div>\n        <\/div>\n        <\/div>\n    <\/div>\n","protected":false},"excerpt":{"rendered":"<p>\u00a0SISSEJUHATUS Alanud on sinu teekond valitud erialal meistriks saamisel. See \u00f5piobjekt aitab sul Eneseteadlikkus on \u00fcks oma eluk\u00e4igu, sealhulgas ka t\u00f6\u00f6alase karj\u00e4\u00e4ri, kujundamise ja juhtimise t\u00f6\u00f6riistu. Mida paremini tunned iseennast, seda paremini suudad teha enda jaoks olulisi valikuid ja oma &#8230;<\/p>\n","protected":false},"author":263,"featured_media":0,"parent":0,"menu_order":0,"comment_status":"closed","ping_status":"closed","template":"","meta":{"_acf_changed":false,"inline_featured_image":false,"footnotes":""},"class_list":["post-8","page","type-page","status-publish","hentry"],"acf":[],"_links":{"self":[{"href":"https:\/\/sisu.ut.ee\/edujategu14\/wp-json\/wp\/v2\/pages\/8","targetHints":{"allow":["GET"]}}],"collection":[{"href":"https:\/\/sisu.ut.ee\/edujategu14\/wp-json\/wp\/v2\/pages"}],"about":[{"href":"https:\/\/sisu.ut.ee\/edujategu14\/wp-json\/wp\/v2\/types\/page"}],"author":[{"embeddable":true,"href":"https:\/\/sisu.ut.ee\/edujategu14\/wp-json\/wp\/v2\/users\/263"}],"replies":[{"embeddable":true,"href":"https:\/\/sisu.ut.ee\/edujategu14\/wp-json\/wp\/v2\/comments?post=8"}],"version-history":[{"count":7,"href":"https:\/\/sisu.ut.ee\/edujategu14\/wp-json\/wp\/v2\/pages\/8\/revisions"}],"predecessor-version":[{"id":84,"href":"https:\/\/sisu.ut.ee\/edujategu14\/wp-json\/wp\/v2\/pages\/8\/revisions\/84"}],"wp:attachment":[{"href":"https:\/\/sisu.ut.ee\/edujategu14\/wp-json\/wp\/v2\/media?parent=8"}],"curies":[{"name":"wp","href":"https:\/\/api.w.org\/{rel}","templated":true}]}}