{"id":7,"date":"2024-04-04T07:51:49","date_gmt":"2024-04-04T04:51:49","guid":{"rendered":"https:\/\/sisu.ut.ee\/edujategu14\/kasutatud-allikad\/"},"modified":"2024-05-07T10:03:58","modified_gmt":"2024-05-07T07:03:58","slug":"kasutatud-allikad","status":"publish","type":"page","link":"https:\/\/sisu.ut.ee\/edujategu14\/kasutatud-allikad\/","title":{"rendered":"Kasutatud allikad"},"content":{"rendered":"<h3 class=\"Normaallaad\" style=\"margin-bottom: 7.5pt;\"><span style=\"background: white;\"><span style=\"line-height: normal;\"><b><span lang=\"ET\"><span style=\"color: #565656;\">\u00d5piobjekti koostamisel kasutatud allikad:<\/span><\/span><\/b><\/span><\/span><\/h3>\n<ul>\n<li class=\"Normaallaad\">Carol S. Dweck (2020).\u00a0M\u00f5tteviis. Uutmoodi ps\u00fchholoogia edu saavutamiseks.<\/li>\n<li>E. Kikas (Toim.) \u00d5ppimine ja \u00f5petamine esimeses ja teises kooliastmes (2020).<\/li>\n<li>Mooduli \u201e\u00d5pitee ja t\u00f6\u00f6 muutuvas keskkonnas\u201c rakendamise tugimaterjal (2020).\u00a0<a href=\"https:\/\/harno.ee\/ettevotlusope#opitee-ja-too-muutuv\" target=\"_blank\" rel=\"noopener\" data-auth=\"NotApplicable\">https:\/\/harno.ee\/ettevotlusope#opitee-ja-too-muutuv<\/a><\/li>\n<li><a href=\"https:\/\/karjaaristuudio.ee\/\" target=\"_blank\" rel=\"noopener\" data-auth=\"NotApplicable\" data-loopstyle=\"link\">https:\/\/karjaaristuudio.ee<\/a><\/li>\n<li><a href=\"https:\/\/www.kutsekoda.ee\/\" target=\"_blank\" rel=\"noopener\" data-auth=\"NotApplicable\">https:\/\/www.kutsekoda.ee\/<\/a><\/li>\n<li><a href=\"https:\/\/oska.kutsekoda.ee\/\" target=\"_blank\" rel=\"noopener\" data-auth=\"NotApplicable\">https:\/\/oska.kutsekoda.ee\/<\/a><\/li>\n<li>Veebiseminari \u201eDigitaalne arengumapp kui \u00f5ppija arengut toetav t\u00f6\u00f6vahend\u201d esitlus <a href=\"https:\/\/haridustehnoloogid.ee\/meelespea\/24-veebiseminar-digitaalne-arengumapp-kui-oppija-arengut-toetav-toovahend\/\" target=\"_blank\" rel=\"noopener\">https:\/\/haridustehnoloogid.ee\/meelespea\/24-veebiseminar-digitaalne-arengumapp-kui-oppija-arengut-toetav-toovahend\/<\/a><\/li>\n<li>\u00d5pitee ja t\u00f6\u00f6 muutuvas keskkonnas. Karj\u00e4\u00e4ri- ja ettev\u00f5tlus\u00f5ppe t\u00f6\u00f6lehed kutsekoolidele (2021)\u00a0\u00a0<a href=\"https:\/\/e-koolikott.ee\/et\/oppematerjal\/31384-Edu-ja-Tegu-ettevotlus-ja-karjaar-Opitee-ja-too-muutuvas-keskkonnas-Karjaari-ja-ettevotlusoppe-toolehed-kutsekoolidele\/291819\" target=\"_blank\" rel=\"noopener\" data-auth=\"NotApplicable\">https:\/\/e-koolikott.ee\/et\/oppematerjal\/31384-Edu-ja-Tegu-ettevotlus-ja-karjaar-Opitee-ja-too-muutuvas-keskkonnas-Karjaari-ja-ettevotlusoppe-toolehed-kutsekoolidele\/291819<\/a><u>\u00a0\u00a0\u00a0\u00a0\u00a0<\/u><\/li>\n<\/ul>\n","protected":false},"excerpt":{"rendered":"<p>\u00d5piobjekti koostamisel kasutatud allikad: Carol S. Dweck (2020).\u00a0M\u00f5tteviis. Uutmoodi ps\u00fchholoogia edu saavutamiseks. E. Kikas (Toim.) \u00d5ppimine ja \u00f5petamine esimeses ja teises kooliastmes (2020). Mooduli \u201e\u00d5pitee ja t\u00f6\u00f6 muutuvas keskkonnas\u201c rakendamise tugimaterjal (2020).\u00a0https:\/\/harno.ee\/ettevotlusope#opitee-ja-too-muutuv https:\/\/karjaaristuudio.ee https:\/\/www.kutsekoda.ee\/ https:\/\/oska.kutsekoda.ee\/ Veebiseminari \u201eDigitaalne arengumapp kui \u00f5ppija &#8230;<\/p>\n","protected":false},"author":263,"featured_media":0,"parent":0,"menu_order":0,"comment_status":"closed","ping_status":"closed","template":"","meta":{"_acf_changed":false,"inline_featured_image":false,"footnotes":""},"class_list":["post-7","page","type-page","status-publish","hentry"],"acf":[],"_links":{"self":[{"href":"https:\/\/sisu.ut.ee\/edujategu14\/wp-json\/wp\/v2\/pages\/7","targetHints":{"allow":["GET"]}}],"collection":[{"href":"https:\/\/sisu.ut.ee\/edujategu14\/wp-json\/wp\/v2\/pages"}],"about":[{"href":"https:\/\/sisu.ut.ee\/edujategu14\/wp-json\/wp\/v2\/types\/page"}],"author":[{"embeddable":true,"href":"https:\/\/sisu.ut.ee\/edujategu14\/wp-json\/wp\/v2\/users\/263"}],"replies":[{"embeddable":true,"href":"https:\/\/sisu.ut.ee\/edujategu14\/wp-json\/wp\/v2\/comments?post=7"}],"version-history":[{"count":7,"href":"https:\/\/sisu.ut.ee\/edujategu14\/wp-json\/wp\/v2\/pages\/7\/revisions"}],"predecessor-version":[{"id":100,"href":"https:\/\/sisu.ut.ee\/edujategu14\/wp-json\/wp\/v2\/pages\/7\/revisions\/100"}],"wp:attachment":[{"href":"https:\/\/sisu.ut.ee\/edujategu14\/wp-json\/wp\/v2\/media?parent=7"}],"curies":[{"name":"wp","href":"https:\/\/api.w.org\/{rel}","templated":true}]}}