{"id":5,"date":"2024-04-04T07:40:01","date_gmt":"2024-04-04T04:40:01","guid":{"rendered":"https:\/\/sisu.ut.ee\/edujategu11\/digitaalne-jalajalg\/"},"modified":"2024-05-07T09:37:44","modified_gmt":"2024-05-07T06:37:44","slug":"digitaalne-jalajalg","status":"publish","type":"page","link":"https:\/\/sisu.ut.ee\/edujategu11\/digitaalne-jalajalg\/","title":{"rendered":"Digitaalne jalaj\u00e4lg"},"content":{"rendered":"<h1 id=\"page-title\"><img loading=\"lazy\" decoding=\"async\" class=\"alignnone wp-image-79\" src=\"https:\/\/sisu.ut.ee\/wp-content\/uploads\/sites\/539\/sissejuhatus-1024x1024.png\" alt=\"\" width=\"50\" height=\"50\" srcset=\"https:\/\/sisu.ut.ee\/wp-content\/uploads\/sites\/539\/sissejuhatus-1024x1024.png 1024w, https:\/\/sisu.ut.ee\/wp-content\/uploads\/sites\/539\/sissejuhatus-300x300.png 300w, https:\/\/sisu.ut.ee\/wp-content\/uploads\/sites\/539\/sissejuhatus-150x150.png 150w, https:\/\/sisu.ut.ee\/wp-content\/uploads\/sites\/539\/sissejuhatus-768x768.png 768w, https:\/\/sisu.ut.ee\/wp-content\/uploads\/sites\/539\/sissejuhatus.png 1080w\" sizes=\"auto, (max-width: 50px) 100vw, 50px\">\u00a0<span style=\"color: #28aae1;\">DIGITAALNE JALAJ\u00c4LG<\/span><\/h1>\n<p>\n\t\u00d5ppej\u00f5ud: Maria Murumaa-Mengel ja Maia Klaassen, k\u00fclas ka Harrys Puusepp KAPO-st\n<\/p>\n<p>\n\tOrienteeruv ajakulu 2-3 tundi.\n<\/p>\n<p>\n\t<img loading=\"lazy\" decoding=\"async\" alt=\"lugemine\" data-file_info=\"%7B%22fid%22:71720,%22view_mode%22:%22default%22,%22type%22:%22media%22%7D\" height=\"32\" src=\"https:\/\/sisu.ut.ee\/wp-content\/uploads\/sites\/539\/lisalugemine.png\" title=\"\" width=\"32\">\u00a0Kokkuv\u00f5te: ei saa taas m\u00f6\u00f6da digitaalse jalaj\u00e4lje teemast. Sel korral on videoloeng veidi pikem, aga lubame, et koos k\u00fclalisega ka t\u00f5esti huvitav. \u00c4ra unusta maksimumi v\u00f5tmiseks ka eneserefleksiooni!\n<\/p>\n<hr>\n<p>\n\t<img loading=\"lazy\" decoding=\"async\" alt=\"video\" data-file_info=\"%7B%22fid%22:%2271718%22,%22view_mode%22:%22default%22,%22type%22:%22media%22%7D\" height=\"32\" src=\"https:\/\/sisu.ut.ee\/wp-content\/uploads\/sites\/539\/video.png\" title=\"\" width=\"32\">\u00a0VIDEO\n<\/p>\n<p>\n\t<\/p><div class=\"ratio ratio-16x9 mb-3\"><div class=\"video-placeholder-wrapper video-placeholder-wrapper--16x9\">\n\t\t\t    <div class=\"video-placeholder d-flex justify-content-center align-items-center\">\n\t\t\t        <div class=\"overlay text-white p-2 w-100 text-center d-block justify-content-center align-items-center\">\n\t\t\t            <div>Kolmandate osapoolte sisu n\u00e4gemiseks palun n\u00f5ustu k\u00fcpsistega.<\/div>\n\t\t\t            <button class=\"btn btn-secondary btn-sm mt-1 consent-change\">Muuda n\u00f5usolekut<\/button>\n\t\t\t        <\/div>\n\t\t\t    <\/div>\n\t\t\t<\/div>\n<\/div>\n\n<hr>\n<p>\n\t<img loading=\"lazy\" decoding=\"async\" width=\"1920\" height=\"480\" class=\"alignnone wp-image-19\" src=\"https:\/\/sisu.ut.ee\/wp-content\/uploads\/sites\/539\/modern_desktop_writing_workshop_google_classroom_header_6.png\" title=\"modern_desktop_writing_workshop_google_classroom_header_6.png\" alt=\"edasi\" srcset=\"https:\/\/sisu.ut.ee\/wp-content\/uploads\/sites\/539\/modern_desktop_writing_workshop_google_classroom_header_6.png 1920w, https:\/\/sisu.ut.ee\/wp-content\/uploads\/sites\/539\/modern_desktop_writing_workshop_google_classroom_header_6-300x75.png 300w, https:\/\/sisu.ut.ee\/wp-content\/uploads\/sites\/539\/modern_desktop_writing_workshop_google_classroom_header_6-1024x256.png 1024w, https:\/\/sisu.ut.ee\/wp-content\/uploads\/sites\/539\/modern_desktop_writing_workshop_google_classroom_header_6-768x192.png 768w, https:\/\/sisu.ut.ee\/wp-content\/uploads\/sites\/539\/modern_desktop_writing_workshop_google_classroom_header_6-1536x384.png 1536w\" sizes=\"auto, (max-width: 1920px) 100vw, 1920px\">\n<\/p>\n<p>\n\tSee loeng sai tavap\u00e4rasest pikem, mist\u00f5ttu soovitame endaga veidi aru pidada, et k\u00f5ik uus info juba olemasolevate kogemustega siduda. Eneserefleksiooni keegi ei kontrolli \u2013 iseseisev \u00f5ppija teeb ju kaasa enda, mitte teiste jaoks. Anname suuniseks k\u00fcsimused, mille \u00fcle m\u00f5tisklemine v\u00f5iks kasuks olla:\n<\/p>\n<p>\n\t<img loading=\"lazy\" decoding=\"async\" alt=\"enesetest\" data-file_info=\"%7B%22fid%22:71719,%22view_mode%22:%22default%22,%22type%22:%22media%22%7D\" height=\"32\" src=\"https:\/\/sisu.ut.ee\/wp-content\/uploads\/sites\/539\/test.png\" title=\"\" width=\"32\">\u00a0Millisel moel m\u00e4ngib minu sotsiaalmeedia ajalugu ja kuvand rolli minu karj\u00e4\u00e4ris?\n<\/p>\n<p>\n\t<img loading=\"lazy\" decoding=\"async\" alt=\"enesetest\" data-file_info=\"%7B%22fid%22:71719,%22view_mode%22:%22default%22,%22type%22:%22media%22%7D\" height=\"32\" src=\"https:\/\/sisu.ut.ee\/wp-content\/uploads\/sites\/539\/test.png\" title=\"\" width=\"32\">\u00a0Kuidas maandada riski, et mu t\u00f6\u00f6andjale n\u00e4htu ei meeldi? Mis on t\u00f6\u00f6andja vastutus, mis minu oma?\n<\/p>\n<p>\n\t<img loading=\"lazy\" decoding=\"async\" alt=\"enesetest\" data-file_info=\"%7B%22fid%22:71719,%22view_mode%22:%22default%22,%22type%22:%22media%22%7D\" height=\"32\" src=\"https:\/\/sisu.ut.ee\/wp-content\/uploads\/sites\/539\/test.png\" title=\"\" width=\"32\">\u00a0Mida v\u00f5iksin oma digik\u00e4itumises muuta, et tuleviku-versioonile endast teene teha?\n<\/p>\n<p>\n\t<img loading=\"lazy\" decoding=\"async\" alt=\"enesetest\" data-file_info=\"%7B%22fid%22:71719,%22view_mode%22:%22default%22,%22type%22:%22media%22%7D\" height=\"32\" src=\"https:\/\/sisu.ut.ee\/wp-content\/uploads\/sites\/539\/test.png\" title=\"\" width=\"32\">\u00a0Kuidas \u00fcritatakse meie olukorrataju informatsiooni abil m\u00f5jutada?\n<\/p>\n<p>\n\t<img loading=\"lazy\" decoding=\"async\" alt=\"enesetest\" data-file_info=\"%7B%22fid%22:71719,%22view_mode%22:%22default%22,%22type%22:%22media%22%7D\" height=\"32\" src=\"https:\/\/sisu.ut.ee\/wp-content\/uploads\/sites\/539\/test.png\" title=\"\" width=\"32\"> Millised on peamised Eesti-vaenulikud narratiivid, millega saaksime kursis olla?\n<\/p>\n<hr>\n<p>\n\t<img loading=\"lazy\" decoding=\"async\" width=\"1920\" height=\"480\" class=\"alignnone wp-image-21\" src=\"https:\/\/sisu.ut.ee\/wp-content\/uploads\/sites\/539\/5.png\" title=\"5.png\" alt=\"edasi\" srcset=\"https:\/\/sisu.ut.ee\/wp-content\/uploads\/sites\/539\/5.png 1920w, https:\/\/sisu.ut.ee\/wp-content\/uploads\/sites\/539\/5-300x75.png 300w, https:\/\/sisu.ut.ee\/wp-content\/uploads\/sites\/539\/5-1024x256.png 1024w, https:\/\/sisu.ut.ee\/wp-content\/uploads\/sites\/539\/5-768x192.png 768w, https:\/\/sisu.ut.ee\/wp-content\/uploads\/sites\/539\/5-1536x384.png 1536w\" sizes=\"auto, (max-width: 1920px) 100vw, 1920px\">\n<\/p>\n<p>\n\tK\u00f5igepealt uuri v\u00e4lja, millised on erinevad Eestis tegutsevad k\u00f5rgkoolid. Pane t\u00e4hele n\u00e4iteks: mis erinevus on era- ja avalikul k\u00f5rgkoolil? Mis erinevus on akadeemilisel ja rakenduslikul k\u00f5rgharidusel? Mis erinevus on bakalaureuse- ja magistri\u00f5ppel? Mis erinevus on p\u00e4eva- ja sessioon\u00f5ppel? Mida peetakse reaal- ja mida humanitaaraladeks?\n<\/p>\n<p>\n\tOtsi viis \u00f5ppekava, mida erinevates eesti k\u00f5rgkoolides \u00f5petatakse (aga v\u00f5id vaadata ka rakendus- ja kutseharidust pakkuvate \u00f5ppeasutuste valikuid), mis seonduvad \u00fcht- v\u00f5i teistpidi selle \u00f5piobjekti teemadega. Valikuid on palju \u2013 vali sellised, mis sulle isiklikult v\u00f5iksid huvi pakkuda.\n<\/p>\n<ol>\n<li>\n\t\tNimeta nende \u00f5ppekavade\/erialade nimetused\n\t<\/li>\n<li>\n\t\tMillisel kaval tahaksid sina ise k\u00f5ige rohkem \u00f5ppida? Miks? Too n\u00e4iteid sellel \u00f5ppekaval \u00f5petatavatest ainekursustest?\n\t<\/li>\n<li>\n\t\tMillised on selle \u00f5ppekava sisseastumistingimused?\n\t<\/li>\n<\/ol>\n<hr>\n<h3>\n\t<strong><img loading=\"lazy\" decoding=\"async\" alt=\"lugemine\" data-file_info=\"%7B%22fid%22:71720,%22view_mode%22:%22default%22,%22type%22:%22media%22%7D\" height=\"32\" src=\"https:\/\/sisu.ut.ee\/wp-content\/uploads\/sites\/539\/lisalugemine.png\" title=\"\" width=\"32\">\u00a0Lisamaterjalid:<\/strong><br>\n<\/h3>\n<ul>\n<li>\n\t\tEdelmani usaldusbaromeeter: <a data-url=\"https:\/\/www.edelman.com\/\" href=\"https:\/\/www.edelman.com\/\" target=\"_blank\" title=\"\" rel=\"noopener\">https:\/\/www.edelman.com\/<\/a>\n\t<\/li>\n<\/ul>\n","protected":false},"excerpt":{"rendered":"<p>\u00a0DIGITAALNE JALAJ\u00c4LG \u00d5ppej\u00f5ud: Maria Murumaa-Mengel ja Maia Klaassen, k\u00fclas ka Harrys Puusepp KAPO-st Orienteeruv ajakulu 2-3 tundi. \u00a0Kokkuv\u00f5te: ei saa taas m\u00f6\u00f6da digitaalse jalaj\u00e4lje teemast. Sel korral on videoloeng veidi pikem, aga lubame, et koos k\u00fclalisega ka t\u00f5esti huvitav. \u00c4ra &#8230;<\/p>\n","protected":false},"author":263,"featured_media":0,"parent":0,"menu_order":0,"comment_status":"closed","ping_status":"closed","template":"","meta":{"_acf_changed":false,"inline_featured_image":false,"footnotes":""},"class_list":["post-5","page","type-page","status-publish","hentry"],"acf":[],"_links":{"self":[{"href":"https:\/\/sisu.ut.ee\/edujategu11\/wp-json\/wp\/v2\/pages\/5","targetHints":{"allow":["GET"]}}],"collection":[{"href":"https:\/\/sisu.ut.ee\/edujategu11\/wp-json\/wp\/v2\/pages"}],"about":[{"href":"https:\/\/sisu.ut.ee\/edujategu11\/wp-json\/wp\/v2\/types\/page"}],"author":[{"embeddable":true,"href":"https:\/\/sisu.ut.ee\/edujategu11\/wp-json\/wp\/v2\/users\/263"}],"replies":[{"embeddable":true,"href":"https:\/\/sisu.ut.ee\/edujategu11\/wp-json\/wp\/v2\/comments?post=5"}],"version-history":[{"count":3,"href":"https:\/\/sisu.ut.ee\/edujategu11\/wp-json\/wp\/v2\/pages\/5\/revisions"}],"predecessor-version":[{"id":86,"href":"https:\/\/sisu.ut.ee\/edujategu11\/wp-json\/wp\/v2\/pages\/5\/revisions\/86"}],"wp:attachment":[{"href":"https:\/\/sisu.ut.ee\/edujategu11\/wp-json\/wp\/v2\/media?parent=5"}],"curies":[{"name":"wp","href":"https:\/\/api.w.org\/{rel}","templated":true}]}}