{"id":7,"date":"2024-04-04T07:39:42","date_gmt":"2024-04-04T04:39:42","guid":{"rendered":"https:\/\/sisu.ut.ee\/edujategu10\/4-mida-oppida-spordikindluse-uuringutest\/"},"modified":"2024-05-02T10:43:51","modified_gmt":"2024-05-02T07:43:51","slug":"4-mida-oppida-spordikindluse-uuringutest","status":"publish","type":"page","link":"https:\/\/sisu.ut.ee\/edujategu10\/4-mida-oppida-spordikindluse-uuringutest\/","title":{"rendered":"4. Mida on \u00f5ppida spordikindluse uuringutest?"},"content":{"rendered":"<h1 class=\"wp-block-heading\"><img loading=\"lazy\" decoding=\"async\" width=\"50\" height=\"50\" class=\"wp-image-100\" style=\"width: 50px;\" src=\"https:\/\/sisu.ut.ee\/wp-content\/uploads\/sites\/538\/sissejuhatus.png\" alt=\"\" srcset=\"https:\/\/sisu.ut.ee\/wp-content\/uploads\/sites\/538\/sissejuhatus.png 1080w, https:\/\/sisu.ut.ee\/wp-content\/uploads\/sites\/538\/sissejuhatus-300x300.png 300w, https:\/\/sisu.ut.ee\/wp-content\/uploads\/sites\/538\/sissejuhatus-1024x1024.png 1024w, https:\/\/sisu.ut.ee\/wp-content\/uploads\/sites\/538\/sissejuhatus-150x150.png 150w, https:\/\/sisu.ut.ee\/wp-content\/uploads\/sites\/538\/sissejuhatus-768x768.png 768w\" sizes=\"auto, (max-width: 50px) 100vw, 50px\"> <span style=\"color: #28aae1;\">4. MIDA ON \u00d5PPIDA SPORDIKINDLUSE UURINGUTEST?<\/span><\/h1>\n\n<p dir=\"ltr\" style=\"margin-top:10pt;margin-bottom:0pt\">\n\t<span style=\"line-height:1.56\"><span><span style=\",sans-serif\"><span style=\"color:#353744\"><span><span><span style=\"vertical-align:baseline\"><span>Kui Bandura keskendus enesekindluse sisemistele allikatele, siis Robin Vealey koos kolleegidega s\u00fcvenes sportlaste enesekindluse allikatesse ja tegi kindlaks veel teisigi kogemusi ja asjaolusid, mis enesekindlust m\u00f5jutavad. Loe spordikindluse kohta l\u00e4hemalt kastist 4. Sellele j\u00e4rgnev \u00fclesanne aitab l\u00e4bi m\u00f5elda, mil moel spordikindluse mudelis kirjeldatud allikad on m\u00f5jutanud sinu enesekindlust erinevate muude oskuste \u00f5ppimisel. <\/span><\/span><\/span><\/span><\/span><\/span><\/span><\/span>\n<\/p>\n\n<table class=\"table table-hover\" border=\"1\" cellpadding=\"1\" cellspacing=\"1\" style=\"width: 900px\">\n\t<tbody>\n\t\t<tr>\n\t\t\t<td>\n\t\t\t\t<p dir=\"ltr\" style=\"margin-top:10pt;margin-bottom:0pt\">\n\t\t\t\t\t<span style=\"line-height:1.56\"><span><span style=\",sans-serif\"><span style=\"color:#353744\"><span style=\"font-weight:700\"><span><span><span style=\"vertical-align:baseline\"><span>Kast 4. <\/span><\/span><\/span><\/span><\/span><\/span><\/span><\/span><\/span>\n\t\t\t\t<\/p>\n\n\t\t\t\t<p dir=\"ltr\" style=\"margin-top:10pt;margin-bottom:0pt\">\n\t\t\t\t\t<span style=\"line-height:1.56\"><span><span style=\",sans-serif\"><span style=\"color:#353744\"><span style=\"font-weight:700\"><span><span><span style=\"vertical-align:baseline\"><span>T\u00e4iendusi spordi valdkonnast: Spordikindlus<\/span><\/span><\/span><\/span><\/span><\/span><\/span><\/span><\/span>\n\t\t\t\t<\/p>\n\n\t\t\t\t<p dir=\"ltr\" style=\"margin-top:10pt;margin-bottom:0pt\">\n\t\t\t\t\t<span style=\"line-height:1.56\"><span><span style=\",sans-serif\"><span style=\"color:#353744\"><span><span><span style=\"vertical-align:baseline\"><span>Tippsportlased peavad k\u00f5rget eneseusku vaimse tugevuse aluseks (Connaughton, Wadey, Hanton, &amp; Jones, 2008) ning spordist on teada, et enesekindluse ja soorituse vahel on otsene seos (nt Zinsser, Bunker, &amp; Williams, 2006). Robin S. Vealey (1986) leidis sportlasi uurides, et \u00fchest k\u00fcljest iseloomustab neid p\u00fcsivamama iseloomuga kindlustunne oma oskuste ja v\u00f5imete suhtes \u00fcldisemat, mida v\u00f5ib nimetada <\/span><\/span><\/span><\/span><\/span><\/span><\/span><span><span style=\",sans-serif\"><span style=\"color:#353744\"><span style=\"font-weight:700\"><span><span><span style=\"vertical-align:baseline\"><span>p\u00fcsienesekindluseks<\/span><\/span><\/span><\/span><\/span><\/span><\/span><\/span><span><span style=\",sans-serif\"><span style=\"color:#353744\"><span><span><span style=\"vertical-align:baseline\"><span> (<\/span><\/span><\/span><\/span><\/span><\/span><\/span><span><span style=\",sans-serif\"><span style=\"color:#353744\"><span style=\"font-style:italic\"><span><span><span style=\"vertical-align:baseline\"><span>trait self-confidence<\/span><\/span><\/span><\/span><\/span><\/span><\/span><\/span><span><span style=\",sans-serif\"><span style=\"color:#353744\"><span><span><span style=\"vertical-align:baseline\"><span>). P\u00fcsikindlus iseloomustab seega, mil m\u00e4\u00e4ral isik usub oma edu saavutamise v\u00f5imesse. Teisest k\u00fcljest ilmneb igas konkreetses olukorras situatsiooni-spetsiifiline <\/span><\/span><\/span><\/span><\/span><\/span><\/span><span><span style=\",sans-serif\"><span style=\"color:#353744\"><span style=\"font-weight:700\"><span><span><span style=\"vertical-align:baseline\"><span>seisundi enesekindlus <\/span><\/span><\/span><\/span><\/span><\/span><\/span><\/span><span><span style=\",sans-serif\"><span style=\"color:#353744\"><span><span><span style=\"vertical-align:baseline\"><span>(<\/span><\/span><\/span><\/span><\/span><\/span><\/span><span><span style=\",sans-serif\"><span style=\"color:#353744\"><span style=\"font-style:italic\"><span><span><span style=\"vertical-align:baseline\"><span>state self-confidence<\/span><\/span><\/span><\/span><\/span><\/span><\/span><\/span><span><span style=\",sans-serif\"><span style=\"color:#353744\"><span><span><span style=\"vertical-align:baseline\"><span>), mis v\u00f5ib hetkest hetkesse muutuda. N\u00e4iteks v\u00f5ib kogenud sulgpalluril olla k\u00f5rge p\u00fcsieneskindlusm, et sulgpallim\u00e4ngus vastase ootamatu tegutsemise tulemusel kaotusseisu j\u00e4\u00e4des v\u00f5ib m\u00e4ngija kaotada usu, et tal oleks v\u00f5imalik praeguse vastase m\u00e4ngustiili vastu rohtu leida ja uuesti initsiatiiv enda k\u00e4tte haarata. Vealey ja tema kolleegid j\u00f5udsid Bandura eneseusu k\u00e4sitlust t\u00e4iendades j\u00e4reldusele, et enesekindlus p\u00e4rineb lausa \u00fcheksast allikast (Vealey, Hayashi, Garner-Holman, &amp; Giacobby, 1988). Seega, sportlaste enesekindlust t\u00f5stavad: <\/span><\/span><\/span><\/span><\/span><\/span><\/span><\/span>\n\t\t\t\t<\/p>\n\n\t\t\t\t<ol style=\"margin-top:0;margin-bottom:0;padding-inline-start:48px\">\n\t\t\t\t\t<li dir=\"ltr\" style=\"list-style-type:lower-alpha;,sans-serif;color:#353744;vertical-align:baseline\">\n\t\t\t\t\t\t<p dir=\"ltr\" role=\"presentation\" style=\"margin-top:10pt;margin-bottom:0pt\">\n\t\t\t\t\t\t\t<span style=\"line-height:1.56\"><span><span style=\"font-weight:700\"><span><span><span style=\"vertical-align:baseline\"><span>meisterlikkuse kogemine. <\/span><\/span><\/span><\/span><\/span><\/span><span><span><span><span style=\"vertical-align:baseline\"><span>Enesekindlust t\u00f5stab uute oskuste \u00f5ppimine, olemasolevate oskuste arendamine, oskuse meisterlik realiseerimine ja meisterlik sooritus; <\/span><\/span><\/span><\/span><\/span><\/span>\n\t\t\t\t\t\t<\/p>\n\t\t\t\t\t<\/li>\n\t\t\t\t\t<li dir=\"ltr\" style=\"list-style-type:lower-alpha;,sans-serif;color:#353744;vertical-align:baseline\">\n\t\t\t\t\t\t<p dir=\"ltr\" role=\"presentation\" style=\"margin-top:0pt;margin-bottom:0pt\">\n\t\t\t\t\t\t\t<span style=\"line-height:1.56\"><span><span style=\"font-weight:700\"><span><span><span style=\"vertical-align:baseline\"><span>v\u00f5imete demonstreerimine.<\/span><\/span><\/span><\/span><\/span><\/span><span><span><span><span style=\"vertical-align:baseline\"><span> Kui sportlasel \u00f5nnestub n\u00e4idata oma paremust teistega v\u00f5rreldes ja demonsreerida vastasest \u00fcleolekut, siis suureneb tema enesekindlus;<\/span><\/span><\/span><\/span><\/span><\/span>\n\t\t\t\t\t\t<\/p>\n\t\t\t\t\t<\/li>\n\t\t\t\t\t<li dir=\"ltr\" style=\"list-style-type:lower-alpha;,sans-serif;color:#353744;vertical-align:baseline\">\n\t\t\t\t\t\t<p dir=\"ltr\" role=\"presentation\" style=\"margin-top:0pt;margin-bottom:0pt\">\n\t\t\t\t\t\t\t<span style=\"line-height:1.56\"><span><span style=\"font-weight:700\"><span><span><span style=\"vertical-align:baseline\"><span>kehaline ja vaimne ettevalmistus<\/span><\/span><\/span><\/span><\/span><\/span><span><span><span><span style=\"vertical-align:baseline\"><span>. Enesekindlust suurendab teadmine, et ollakse kehaliselt ja vaimselt piisavalt h\u00e4sti valmistunud, oma eesm\u00e4rkidele keskendunud ning maksimaalseks pingutuseks valmis;<\/span><\/span><\/span><\/span><\/span><\/span>\n\t\t\t\t\t\t<\/p>\n\t\t\t\t\t<\/li>\n\t\t\t\t\t<li dir=\"ltr\" style=\"list-style-type:lower-alpha;,sans-serif;color:#353744;vertical-align:baseline\">\n\t\t\t\t\t\t<p dir=\"ltr\" role=\"presentation\" style=\"margin-top:0pt;margin-bottom:0pt\">\n\t\t\t\t\t\t\t<span style=\"line-height:1.56\"><span><span style=\"font-weight:700\"><span><span><span style=\"vertical-align:baseline\"><span>kehaline eneseesitlus.<\/span><\/span><\/span><\/span><\/span><\/span><span><span><span><span style=\"vertical-align:baseline\"><span> Enesekindlust t\u00f5stab ka see, kui sportlane tajub, et ta n\u00e4eb hea v\u00e4lja ning on oma keha ja kehakaaluga rahul; <\/span><\/span><\/span><\/span><\/span><\/span>\n\t\t\t\t\t\t<\/p>\n\t\t\t\t\t<\/li>\n\t\t\t\t\t<li dir=\"ltr\" style=\"list-style-type:lower-alpha;,sans-serif;color:#353744;vertical-align:baseline\">\n\t\t\t\t\t\t<p dir=\"ltr\" role=\"presentation\" style=\"margin-top:0pt;margin-bottom:0pt\">\n\t\t\t\t\t\t\t<span style=\"line-height:1.56\"><span><span style=\"font-weight:700\"><span><span><span style=\"vertical-align:baseline\"><span>sotsiaalne toetus<\/span><\/span><\/span><\/span><\/span><\/span><span><span><span><span style=\"vertical-align:baseline\"><span>. Sportlane, kes tajub endale oluliste inimeste \u2013 pereliikmete, v\u00f5istkonnakaaslaste, treenerite \u2013 toetust, kipub olema enesekindlam; <\/span><\/span><\/span><\/span><\/span><\/span>\n\t\t\t\t\t\t<\/p>\n\t\t\t\t\t<\/li>\n\t\t\t\t\t<li dir=\"ltr\" style=\"list-style-type:lower-alpha;,sans-serif;color:#353744;vertical-align:baseline\">\n\t\t\t\t\t\t<p dir=\"ltr\" role=\"presentation\" style=\"margin-top:0pt;margin-bottom:0pt\">\n\t\t\t\t\t\t\t<span style=\"line-height:1.56\"><span><span style=\"font-weight:700\"><span><span><span style=\"vertical-align:baseline\"><span>treeneri eestvedamine. <\/span><\/span><\/span><\/span><\/span><\/span><span><span><span><span style=\"vertical-align:baseline\"><span>Enesekindlus suureneb sportlasel, kes usub, et tema treener on hea eestvedaja, teeb tarku otsuseid ja on usaldusv\u00e4\u00e4rne;<\/span><\/span><\/span><\/span><\/span><\/span>\n\t\t\t\t\t\t<\/p>\n\t\t\t\t\t<\/li>\n\t\t\t\t\t<li dir=\"ltr\" style=\"list-style-type:lower-alpha;,sans-serif;color:#353744;vertical-align:baseline\">\n\t\t\t\t\t\t<p dir=\"ltr\" role=\"presentation\" style=\"margin-top:0pt;margin-bottom:0pt\">\n\t\t\t\t\t\t\t<span style=\"line-height:1.56\"><span><span style=\"font-weight:700\"><span><span><span style=\"vertical-align:baseline\"><span>asendev kogemus<\/span><\/span><\/span><\/span><\/span><\/span><span><span><span><span style=\"vertical-align:baseline\"><span>. Teise samal tasemel sportlase eduka soorituse n\u00e4gemine v\u00f5ib lisada enesekindlust; <\/span><\/span><\/span><\/span><\/span><\/span>\n\t\t\t\t\t\t<\/p>\n\t\t\t\t\t<\/li>\n\t\t\t\t\t<li dir=\"ltr\" style=\"list-style-type:lower-alpha;,sans-serif;color:#353744;vertical-align:baseline\">\n\t\t\t\t\t\t<p dir=\"ltr\" role=\"presentation\" style=\"margin-top:0pt;margin-bottom:0pt\">\n\t\t\t\t\t\t\t<span style=\"line-height:1.56\"><span><span style=\"font-weight:700\"><span><span><span style=\"vertical-align:baseline\"><span>keskkonna mugavus.<\/span><\/span><\/span><\/span><\/span><\/span><span><span><span><span style=\"vertical-align:baseline\"><span> Enesekindlust lisab see, kui sportlane tunneb ennast soorituse toimumise paigas mugavalt, nt kodusaalis v\u00f5istlemine v\u00f5ib anda t\u00e4iendavat enesekindlust; <\/span><\/span><\/span><\/span><\/span><\/span>\n\t\t\t\t\t\t<\/p>\n\t\t\t\t\t<\/li>\n\t\t\t\t\t<li dir=\"ltr\" style=\"list-style-type:lower-alpha;,sans-serif;color:#353744;vertical-align:baseline\">\n\t\t\t\t\t\t<p dir=\"ltr\" role=\"presentation\" style=\"margin-top:0pt;margin-bottom:0pt\">\n\t\t\t\t\t\t\t<span style=\"line-height:1.56\"><span><span style=\"font-weight:700\"><span><span><span style=\"vertical-align:baseline\"><span>olukorra soodsus. <\/span><\/span><\/span><\/span><\/span><\/span><span><span><span><span style=\"vertical-align:baseline\"><span>Viimaks lisab sportlasele enesekindlust ka see, kui tundub, et olukord on talle soodne, et \u00f5nn on tema poolel.<\/span><\/span><\/span><\/span><\/span><\/span>\n\t\t\t\t\t\t<\/p>\n\t\t\t\t\t<\/li>\n\t\t\t\t<\/ol>\n\n\t\t\t\t<p dir=\"ltr\" style=\"margin-top:10pt;margin-bottom:0pt\">\n\t\t\t\t\t<span style=\"line-height:1.56\"><span><span style=\",sans-serif\"><span style=\"color:#353744\"><span><span><span style=\"vertical-align:baseline\"><span>Treener, kes soovib sportlase enesekindluse kujunemist toetada, saab mitmeid loetletud aspekte sihip\u00e4raselt kujundada. K\u00f5ige lihtsam on (a) toetada s\u00fcstemaatilise, eakohase ja t\u00f5husa \u00f5ppimise ja treeningu l\u00e4bi meisterlikkuse kogemist, (b) pakkuda \u00f5pilasele v\u00f5imalusi anal\u00fc\u00fcsida oma \u00f5ppimist ja treeninguid ning seel\u00e4bi koguda kindlust, et ettevalmistus on adekvaatne ja piisav, (c) n\u00e4idata v\u00e4lja, pakkuda sotisaalset tuge, (d) arendada ennast teadlikult treenerina usaldusv\u00e4\u00e4rseks eestvedajaks ning (e) pakkuda \u00f5pilasele \u00f5ppimisel v\u00f5imalust koguda enesekindlust tajutavalt sarnaste kaaslaste vaatlemisest.<\/span><\/span><\/span><\/span><\/span><\/span><\/span><\/span>\n\t\t\t\t<\/p>\n\n\t\t\t\t<p dir=\"ltr\" style=\"margin-top:10pt;margin-bottom:0pt\">\n\t\t\t\t\t<img loading=\"lazy\" decoding=\"async\" alt=\"ylesanne\" data-file_info=\"%7B%22fid%22:%2266483%22,%22view_mode%22:%22default%22,%22type%22:%22media%22%7D\" height=\"32\" src=\"https:\/\/sisu.ut.ee\/wp-content\/uploads\/sites\/538\/ulesanne.png\" title=\"\" width=\"32\"><span style=\"color:#e31c79\">\u00a0<span style=\"line-height:1.56\"><span style=\"font-weight:700\"><span><span><span style=\"vertical-align:baseline\"><span>\u00dclesanne. Spordikindluse mudeli laiendamine teistesse valdkondadesse<\/span><\/span><\/span><\/span><\/span><\/span><\/span>\n\t\t\t\t<\/p>\n\n\t\t\t\t<p dir=\"ltr\" style=\"margin-top:10pt;margin-bottom:0pt\">\n\t\t\t\t\t<span style=\"line-height:1.56\"><span><span style=\",sans-serif\"><span style=\"color:#353744\"><span><span><span style=\"vertical-align:baseline\"><span>M\u00f5tle enda enesekindluse suurenemisele v\u00e4hemalt kahe oskuse \u00f5ppimisel (nt v\u00f5\u00f5rkeele, m\u00f5ne k\u00e4elise oskuse, esinemise oskuste, autojuhtimise, inimeste juhtimise oskuste vms \u00f5ppimisel). Vasta j\u00e4rgmistele k\u00fcsimustele l\u00e4htudes sellest, et spordiklindluse mudelis kirjeldatud kogemusedi ja asjaolud toetavad enesekindlust ka muude oskuste \u00f5ppimisel v\u00e4ljaspool sporti: <\/span><\/span><\/span><\/span><\/span><\/span><\/span><\/span>\n\t\t\t\t<\/p>\n\n\t\t\t\t<ol style=\"margin-top:0;margin-bottom:0;padding-inline-start:48px\">\n\t\t\t\t\t<li dir=\"ltr\" style=\"list-style-type:decimal;,sans-serif;color:#353744;vertical-align:baseline\">\n\t\t\t\t\t\t<p dir=\"ltr\" role=\"presentation\" style=\"margin-top:10pt;margin-bottom:0pt\">\n\t\t\t\t\t\t\t<span style=\"line-height:1.56\"><span><span><span><span style=\"vertical-align:baseline\"><span>Millised kogemused v\u00f5i asjaolud suurendasid erinevate oskuste \u00f5ppimise k\u00e4igus sinu enesekindlust? <\/span><\/span><\/span><\/span><\/span><\/span>\n\t\t\t\t\t\t<\/p>\n\t\t\t\t\t<\/li>\n\t\t\t\t\t<li dir=\"ltr\" style=\"list-style-type:decimal;,sans-serif;color:#353744;vertical-align:baseline\">\n\t\t\t\t\t\t<p dir=\"ltr\" role=\"presentation\" style=\"margin-top:0pt;margin-bottom:0pt\">\n\t\t\t\t\t\t\t<span style=\"line-height:1.56\"><span><span><span><span style=\"vertical-align:baseline\"><span>Milliseid enesekindlust t\u00f5stvad kogemusi vastava oskuse \u00f5petaja sinu meelest sulle teadlikult pakkus? <\/span><\/span><\/span><\/span><\/span><\/span>\n\t\t\t\t\t\t<\/p>\n\t\t\t\t\t<\/li>\n\t\t\t\t\t<li dir=\"ltr\" style=\"list-style-type:decimal;,sans-serif;color:#353744;vertical-align:baseline\">\n\t\t\t\t\t\t<p dir=\"ltr\" role=\"presentation\" style=\"margin-top:0pt;margin-bottom:0pt\">\n\t\t\t\t\t\t\t<span style=\"line-height:1.56\"><span><span><span><span style=\"vertical-align:baseline\"><span>Mida oleks \u00f5petaja saanud v\u00f5i v\u00f5inud teisiti teha? Milliste kogemuste suunamise ja milliste asjaolude esilekutsumise kaudu oleks sinu enesekindlus \u00f5ppimisel v\u00f5inud suurem olla? <\/span><\/span><\/span><\/span><\/span><\/span>\n\t\t\t\t\t\t<\/p>\n\t\t\t\t\t<\/li>\n\t\t\t\t\t<li dir=\"ltr\" style=\"list-style-type:decimal;,sans-serif;color:#353744;vertical-align:baseline\">\n\t\t\t\t\t\t<p dir=\"ltr\" role=\"presentation\" style=\"margin-top:0pt;margin-bottom:0pt\">\n\t\t\t\t\t\t\t<span style=\"line-height:1.56\"><span><span><span><span style=\"vertical-align:baseline\"><span>Tundes n\u00fc\u00fcd spordikindluse allikaid, mida saad saad edaspidi oskuste \u00f5ppimisel enda enesekindluse suurendamiseks teadlikult ette v\u00f5tta? <\/span><\/span><\/span><\/span><\/span><\/span>\n\t\t\t\t\t\t<\/p>\n\t\t\t\t\t<\/li>\n\t\t\t\t<\/ol>\n\t\t\t<\/td>\n\t\t<\/tr>\n\t<\/tbody>\n<\/table>\n\n<div>\n\t\u00a0\n<\/div>\n\n<div>\n\t<span><span style=\",sans-serif\"><span style=\"color:#353744\"><span><span><span style=\"vertical-align:baseline\"><span>Eneseusu p\u00f5himudeli rakendamine spordis on toonud v\u00e4lja \u00fche t\u00e4iendava eneseusu allika \u2013 <\/span><\/span><\/span><\/span><\/span><\/span><\/span><span><span style=\",sans-serif\"><span style=\"color:#353744\"><span style=\"font-weight:700\"><span><span><span style=\"vertical-align:baseline\"><span>kujuteldavad kogemused<\/span><\/span><\/span><\/span><\/span><\/span><\/span><\/span><span><span style=\",sans-serif\"><span style=\"color:#353744\"><span><span><span style=\"vertical-align:baseline\"><span>. Nimelt t\u00e4iendas Deborah Feltz oma kolleegidega (Feltz &amp; Chase, 1998; Feltz, Short, &amp; Sullivan, 2008) eneseusu p\u00f5himudelit ja n\u00e4itas, et eneseusku aitab tugevdada ka see, kui oleme kujutlenud ennast \u00f5nnestunud sooritust tegema. Sellele teadmisele on sooritusps\u00fchholoogias rajatud kujutlustreening<sup>2<\/sup><\/span><\/span><\/span><\/span><\/span><\/span><\/span><span><span style=\",sans-serif\"><span style=\"color:#353744\"><span><span><span style=\"vertical-align:baseline\"><span> \u2013 nii sportlased kui interpreedid valmistavad ennast soorituseks ette sooritust detailirohkelt l\u00e4bi kujutlemas, ent kujutusel on leitud positiivne m\u00f5ju enesekuvandile ka v\u00e4ljaspool erialast sooritust. Nii on n\u00e4iteks sotsiaal\u00e4revate inimeste puhul leitud, et kujutlustreening v\u00f5ib aidata parandada enesehinnangut ja sotsiaalset sooritust vestlusolukorras (Stopa, Brown, &amp; Hirsch, 2012). Joonis 3 esitab spordi konteksti eneseusu mudeli, mis illustreerib v\u00f5rreldes baasmudeliga ka selgemalt ka eneseusu tagaj\u00e4rgi. <\/span><\/span><\/span><\/span><\/span><\/span><\/span>\n<\/div>\n\n<div>\n\t<img loading=\"lazy\" decoding=\"async\" width=\"931\" height=\"485\" class=\"alignnone wp-image-29\" style=\"width: 931px;height: 485px\" src=\"https:\/\/sisu.ut.ee\/wp-content\/uploads\/sites\/538\/joonis3.png\" title=\"Joonis 3. Eneseusu mudel spordis kirjeldab seoseid eneset\u00f5hususe allikate, eneset\u00f5hususe ootuste ja tagaj\u00e4rgede vahel. Kohandatud allikast: Feltz, D. L., &amp; Chase, M. A. (1998). The measurement of self-efficacy and confidence in sport. In J. L. Duda (Ed.), Advances in sport and exercise psychology measurement (pp. 65-80). Morgantown, WV: Fitness Information Technology.\" alt=\"joonis3\" srcset=\"https:\/\/sisu.ut.ee\/wp-content\/uploads\/sites\/538\/joonis3.png 931w, https:\/\/sisu.ut.ee\/wp-content\/uploads\/sites\/538\/joonis3-300x156.png 300w, https:\/\/sisu.ut.ee\/wp-content\/uploads\/sites\/538\/joonis3-768x400.png 768w\" sizes=\"auto, (max-width: 931px) 100vw, 931px\">\n<\/div>\n\n<div>\n\t<hr>\n\t<span><span style=\",sans-serif\"><span style=\"color:#353744\"><span><span><span style=\"vertical-align:baseline\"><span><sup>2 <\/sup>Kujutlustreeningul (<\/span><\/span><\/span><\/span><\/span><\/span><\/span><span><span style=\",sans-serif\"><span style=\"color:#353744\"><span style=\"font-style:italic\"><span><span><span style=\"vertical-align:baseline\"><span>imagery<\/span><\/span><\/span><\/span><\/span><\/span><\/span><\/span><span><span><span style=\"color:#353744\"><span><span><span style=\"vertical-align:baseline\"><span>) on sooritusps\u00fchholoogias veel mitmeid teisigi eesm\u00e4rke peale eneseusu t\u00f5stmise, ent nende k\u00e4sitlemine j\u00e4\u00e4b kaugelt v\u00e4lja siinse \u00f5ppematerjali mahust. <\/span><\/span><\/span><\/span><\/span><\/span><\/span>\n<\/div>\n\n<div>\n\t\u00a0\n<\/div>\n","protected":false},"excerpt":{"rendered":"<p>4. MIDA ON \u00d5PPIDA SPORDIKINDLUSE UURINGUTEST? Kui Bandura keskendus enesekindluse sisemistele allikatele, siis Robin Vealey koos kolleegidega s\u00fcvenes sportlaste enesekindluse allikatesse ja tegi kindlaks veel teisigi kogemusi ja asjaolusid, mis enesekindlust m\u00f5jutavad. Loe spordikindluse kohta l\u00e4hemalt kastist 4. Sellele j\u00e4rgnev &#8230;<\/p>\n","protected":false},"author":263,"featured_media":0,"parent":0,"menu_order":0,"comment_status":"closed","ping_status":"closed","template":"","meta":{"_acf_changed":false,"inline_featured_image":false,"footnotes":""},"class_list":["post-7","page","type-page","status-publish","hentry"],"acf":[],"_links":{"self":[{"href":"https:\/\/sisu.ut.ee\/edujategu10\/wp-json\/wp\/v2\/pages\/7","targetHints":{"allow":["GET"]}}],"collection":[{"href":"https:\/\/sisu.ut.ee\/edujategu10\/wp-json\/wp\/v2\/pages"}],"about":[{"href":"https:\/\/sisu.ut.ee\/edujategu10\/wp-json\/wp\/v2\/types\/page"}],"author":[{"embeddable":true,"href":"https:\/\/sisu.ut.ee\/edujategu10\/wp-json\/wp\/v2\/users\/263"}],"replies":[{"embeddable":true,"href":"https:\/\/sisu.ut.ee\/edujategu10\/wp-json\/wp\/v2\/comments?post=7"}],"version-history":[{"count":3,"href":"https:\/\/sisu.ut.ee\/edujategu10\/wp-json\/wp\/v2\/pages\/7\/revisions"}],"predecessor-version":[{"id":145,"href":"https:\/\/sisu.ut.ee\/edujategu10\/wp-json\/wp\/v2\/pages\/7\/revisions\/145"}],"wp:attachment":[{"href":"https:\/\/sisu.ut.ee\/edujategu10\/wp-json\/wp\/v2\/media?parent=7"}],"curies":[{"name":"wp","href":"https:\/\/api.w.org\/{rel}","templated":true}]}}