{"id":7,"date":"2024-04-03T23:07:09","date_gmt":"2024-04-03T20:07:09","guid":{"rendered":"https:\/\/sisu.ut.ee\/edsjuhend\/otsingutulemused\/"},"modified":"2026-03-26T14:05:28","modified_gmt":"2026-03-26T12:05:28","slug":"otsingutulemused","status":"publish","type":"page","link":"https:\/\/sisu.ut.ee\/edsjuhend\/otsingutulemused\/","title":{"rendered":"Otsingutulemused"},"content":{"rendered":"<p><span style=\"line-height: 1.6em;\">Otsingutulemuste lehel k\u00f5ige \u00fcleval on n\u00e4ha p\u00e4ring ja selle all valitud t\u00e4isteksti, eelretsenseeritud artiklite ja ilmumisaja piirangud. Nendel kastikestel kl\u00f5psates piirangud t\u00fchistatakse.\u00a0<\/span><\/p>\n<p><img loading=\"lazy\" decoding=\"async\" class=\"alignnone size-large wp-image-382\" src=\"https:\/\/sisu.ut.ee\/wp-content\/uploads\/sites\/6\/Screenshot-2025-04-15-115716-1024x785.png\" alt=\"\" width=\"1024\" height=\"785\" srcset=\"https:\/\/sisu.ut.ee\/wp-content\/uploads\/sites\/6\/Screenshot-2025-04-15-115716-1024x785.png 1024w, https:\/\/sisu.ut.ee\/wp-content\/uploads\/sites\/6\/Screenshot-2025-04-15-115716-300x230.png 300w, https:\/\/sisu.ut.ee\/wp-content\/uploads\/sites\/6\/Screenshot-2025-04-15-115716-768x589.png 768w, https:\/\/sisu.ut.ee\/wp-content\/uploads\/sites\/6\/Screenshot-2025-04-15-115716.png 1107w\" sizes=\"auto, (max-width: 1024px) 100vw, 1024px\"><\/p>\n<p>Otsingutulemused on <strong>j\u00e4rjestatud relevantsuse<\/strong> j\u00e4rgi. Kl\u00f5psates <em>Relevance, s<\/em>aab need\u00a0 j\u00e4rjestada ka ilmumisaja j\u00e4rgi.\u00a0Relevantsuse j\u00e4rgi j\u00e4rjestamisel arvestatakse, kus ja kui sageli otsis\u00f5nad leitavates dokumentides esinevad ning \u00a0prioriteedid on j\u00e4rgmised:<\/p>\n<ul class=\"discoveryList\">\n<li>otsingus\u00f5nad langevad kokku m\u00e4rks\u00f5nadega kontrollitud m\u00e4rks\u00f5nastikest<\/li>\n<li>otsingus\u00f5nad esinevad artikli pealkirjas<\/li>\n<li>otsingus\u00f5nad langevad kokku autori antud v\u00f5tmes\u00f5nadega<\/li>\n<li>otsingus\u00f5nad esinevad sisukokkuv\u00f5ttes<\/li>\n<li>otsingus\u00f5nad esinevad t\u00e4istekstis<\/li>\n<\/ul>\n<p>Lisaks m\u00f5jutavad j\u00e4rjestust, kui relevantsus on v\u00f5rdne, ka ilmumisaeg, eelretsenseerimine, lehek\u00fclgede arv, t\u00e4isteksti olemasolu.<\/p>\n<p><span style=\"line-height: 1.6em;\">Otsingu tulemusena kuvatakse<\/span><strong style=\"line-height: 1.6em;\"> l\u00fchikirjed<\/strong><span style=\"line-height: 1.6em;\">, mis sisaldavad ka linke k\u00e4ttesaadavatele t\u00e4istekstidele. <\/span><span style=\"line-height: 1.6em;\">Pealkirjast paremal on nupp <strong>Save<\/strong>, millel kl\u00f5psates saate lisada artikli oma EBSCO t\u00f6\u00f6lauale (<strong>Dashboard<\/strong>) ja kolme punktiga nupp <strong>Tools,<\/strong> mille all saate kopeerida artikli viite valitud stiilis, lisada artikkel EBSCO t\u00f6\u00f6lauale oma t\u00f6\u00f6projekti, jagada artikli linki v\u00f5i alla laadida t\u00e4istekst v\u00f5i artikli metaandmed.\u00a0 Vt t\u00e4psemalt selle \u00f5piobjekti viimasest peat\u00fckist.<\/span><\/p>\n<p><strong>Generate AI Insights<\/strong> on uus nupp t\u00e4istekstiga artiklite kirjete juures. See t\u00f6\u00f6riist aitab hinnata artikli asjakohasust, esitatakse 2-5 artiklit kokkuv\u00f5tvat p\u00f5hipunkti. Seda ei ole k\u00f5ikide kirjete juures (kui sisu on liiga l\u00fchike v\u00f5i puudub kirjastuse luba). Tegemist on tehisintellekti looduga ja kasutaja peab ise hindama, kui t\u00e4pselt need punktid artikli sisu kokku v\u00f5tavad.<\/p>\n<p><img loading=\"lazy\" decoding=\"async\" class=\"alignnone size-full wp-image-384\" src=\"https:\/\/sisu.ut.ee\/wp-content\/uploads\/sites\/6\/Screenshot-2025-04-15-122044.png\" alt=\"\" width=\"903\" height=\"683\" srcset=\"https:\/\/sisu.ut.ee\/wp-content\/uploads\/sites\/6\/Screenshot-2025-04-15-122044.png 903w, https:\/\/sisu.ut.ee\/wp-content\/uploads\/sites\/6\/Screenshot-2025-04-15-122044-300x227.png 300w, https:\/\/sisu.ut.ee\/wp-content\/uploads\/sites\/6\/Screenshot-2025-04-15-122044-768x581.png 768w\" sizes=\"auto, (max-width: 903px) 100vw, 903px\"><\/p>\n<table class=\"table table-hover\" style=\"width: 100%;\" border=\"0\" align=\"center\">\n<tbody>\n<tr>\n<td><img loading=\"lazy\" decoding=\"async\" width=\"44\" height=\"44\" class=\"alignnone wp-image-26\" style=\"float: left;\" title=\"oluline.png\" src=\"https:\/\/sisu.ut.ee\/wp-content\/uploads\/sites\/6\/oluline.png\" alt=\"oluline.png\">T\u00e4isteksti lingi puudumisel kontrollige ajakirja pealkirja j\u00e4rgi juurdep\u00e4\u00e4suv\u00f5imalust t\u00e4istekstidele raamatukogu\u00a0 <a href=\"http:\/\/search.ebscohost.com\/login.aspx?authtype=ip%2Cguest&amp;custid=ylikool&amp;groupid=main&amp;profile=pfi\" target=\"_blank\" rel=\"noopener\">e-v\u00e4ljaannete portaalis<\/a>. Kui t\u00e4istekstile juurdep\u00e4\u00e4su ei ole, saate tellida artikli koopia <a title=\"\" href=\"https:\/\/utlib.ut.ee\/et\/sisu\/raamatukogudevaheline-laenutus\" target=\"_blank\" rel=\"noopener\" data-url=\"https:\/\/utlib.ut.ee\/laenutamine-teistest-raamatukogudest\">raamatukogudevahelise laenutuse (RVL<\/a><a title=\"\" href=\"https:\/\/utlib.ut.ee\/laenutamine-teistest-raamatukogudest-0\" target=\"_blank\" rel=\"noopener\" data-url=\"https:\/\/utlib.ut.ee\/laenutamine-teistest-raamatukogudest-0\">)<\/a> kaudu.<\/td>\n<\/tr>\n<\/tbody>\n<\/table>\n<p><span style=\"line-height: 1.6em;\">\u00a0<\/span><strong style=\"line-height: 1.6em;\">\u00a0<\/strong><\/p>\n<p><strong><span style=\"line-height: 1.6em;\">T<\/span><\/strong><span style=\"line-height: 1.6em;\"><strong>\u00e4iskirje<\/strong> koos sisukokkuv\u00f5ttega avaneb, kl\u00f5psates tulemuste lehel pealkirjal . <\/span><span style=\"line-height: 1.6em;\">\u00a0<\/span><\/p>\n<p><img loading=\"lazy\" decoding=\"async\" class=\"alignnone size-full wp-image-232\" src=\"https:\/\/sisu.ut.ee\/wp-content\/uploads\/sites\/6\/Screenshot-2024-08-13-115909.png\" alt=\"\" width=\"992\" height=\"676\" srcset=\"https:\/\/sisu.ut.ee\/wp-content\/uploads\/sites\/6\/Screenshot-2024-08-13-115909.png 992w, https:\/\/sisu.ut.ee\/wp-content\/uploads\/sites\/6\/Screenshot-2024-08-13-115909-300x204.png 300w, https:\/\/sisu.ut.ee\/wp-content\/uploads\/sites\/6\/Screenshot-2024-08-13-115909-768x523.png 768w\" sizes=\"auto, (max-width: 992px) 100vw, 992px\"><\/p>\n<p><span style=\"line-height: 1.6em;\">Kasutage kirje \u00fclaosas paremal olevaid ikoone kirje salvestamiseks ja edastamiseks,\u00a0 et lisada artikkel oma EBSCO t\u00f6\u00f6lauale (Dashboard), kopeerida artikli viide valitud stiilis, lisada artikkel EBSCO t\u00f6\u00f6lauale oma projekti, jagada artikli linki v\u00f5i alla laadida t\u00e4istekst v\u00f5i artikli metaandmed. <\/span><\/p>\n<p><span style=\"line-height: 1.6em;\">T\u00e4iskirjest leiate\u00a0 autori(te) nimed, ajakirja v\u00f5i muu allika pealkirja ja ilmumisandmed, dokumendi t\u00fc\u00fcbi (nt artikkel), m\u00e4rks\u00f5nad<\/span><strong style=\"line-height: 1.6em;\">\u00a0<\/strong><span style=\"line-height: 1.6em;\">(<em>Subject Terms<\/em>) <\/span><span style=\"line-height: 1.6em;\">ja\/v\u00f5i autori lisatud v\u00f5tmes\u00f5nad (<em>Author Supplied Keywords<\/em><\/span><span style=\"line-height: 1.6em;\">), sisukokkuv\u00f5tte (<em>Abstract<\/em>) ja veel muud informatsiooni. Paljudel kirjetel v\u00f5ivad siiski m\u00e4rks\u00f5nad ja\/v\u00f5i v\u00f5tmes\u00f5nad ka puududa. <\/span><span style=\"line-height: 1.6em;\">Lingitud kirje elementidel kl\u00f5psates saate kohe teha uue otsingu, nt leida autori teisi t\u00f6id.\u00a0<\/span><\/p>\n<div id=\"accordion\" class=\"accordion\">\n<p style=\"margin-left: 18.0pt; text-align: justify;\"><span style=\"background: white;\"><span style=\"line-height: 150%;\"><span lang=\"ET\" style=\"color: black;\"><div class=\"accordion mb-3\">\n        <div class=\"accordion-item accordion-item--white\">\n        <h2 class=\"accordion-header\" id=\"accordion-69d5c250f359f-heading\">\n            <button class=\"accordion-button collapsed\" type=\"button\" data-bs-toggle=\"collapse\" data-bs-target=\"#accordion-69d5c250f359f-collapse\" aria-expanded=\"true\" aria-controls=\"accordion-69d5c250f359f-collapse\">Tuletame meelde, mis on m\u00e4rks\u00f5nad<\/button>\n        <\/h2>\n        <div id=\"accordion-69d5c250f359f-collapse\" class=\"accordion-collapse collapse\" aria-labelledby=\"accordion-69d5c250f359f-heading\">\n            <div class=\"accordion-body\"><strong>M\u00e4rks\u00f5na<\/strong> (ingl k <em>subject heading, descriptor<\/em>) on s\u00f5na, millega kirjeldatakse raamatute, artiklite, heliplaatide, filmide jms sisu. Mingi m\u00f5iste v\u00e4ljendamiseks on valitud \u00fcks s\u00f5na, mille alla on koondatud k\u00f5ik samasisulised dokumendid. M\u00e4rks\u00f5na ise ei pruugigi kirjeldatavas tekstis esineda.<\/div>\n        <\/div>\n        <\/div>\n    <\/div><\/span><\/span><\/span><\/p>\n<div><\/div>\n<\/div>\n<p><span style=\"line-height: 1.6em;\">Kirjesse lisatud<\/span><span style=\"line-height: 1.6em;\">\u00a0<\/span><span style=\"line-height: 1.6em;\">m\u00e4rks\u00f5nu (<\/span><em style=\"line-height: 1.6em;\">subjects<\/em><span style=\"line-height: 1.6em;\">)<\/span><span style=\"line-height: 1.6em;\">\u00a0ja\u00a0<\/span><span style=\"line-height: 1.6em;\">\u00a0autorite antud sisu kirjeldavaid v\u00f5tmes\u00f5nu (<\/span><em style=\"line-height: 1.6em;\">keywords<\/em><span style=\"line-height: 1.6em;\">)\u00a0<\/span><span style=\"line-height: 1.6em;\">on kasulik vaadata. \u00a0Siin saab nendel kl\u00f5psates\u00a0teha kohe uue otsingu, samuti on v\u00f5imalik leitud s\u00f5nu kombineerida uues otsingus. <\/span><span style=\"line-height: 1.6em;\">\u00a0Peab siiski arvestama, et erinevates andmebaasides, kust EBSCO Discovery otsib, v\u00f5idakse sama sisu kirjeldamiseks kasutada erinevaid m\u00e4rks\u00f5nu. \u00a0Seda on ka erinevatest andmebaasidest leitud kirjetest n\u00e4ha. \u00a0Seega, kui soovite teha otsinguid kirjetest leitud m\u00e4rks\u00f5nadega, kasutage\u00a0<\/span><span style=\"line-height: 1.6em;\">erinevaid m\u00e4rks\u00f5nu. M<\/span><span style=\"line-height: 1.6em;\">itut korraga kasutades \u00fchendage need operaatoriga OR. \u00a0<\/span><\/p>\n<table class=\"table table-hover\" style=\"width: 100%;\" border=\"0\" align=\"center\">\n<tbody>\n<tr>\n<td><img loading=\"lazy\" decoding=\"async\" width=\"44\" height=\"44\" class=\"alignnone wp-image-23\" style=\"float: left;\" title=\"kusimus.png\" src=\"https:\/\/sisu.ut.ee\/wp-content\/uploads\/sites\/6\/kusimus.png\" alt=\"kusimus.png\">Uurige oma otsinguga saadud relevantseid kirjeid ja vaadake, kas leiate lisatud m\u00e4rks\u00f5nadest v\u00f5i mujalt kirjest veel sobivaid s\u00f5nu, mida otsingul kasutada.<\/td>\n<\/tr>\n<\/tbody>\n<\/table>\n","protected":false},"excerpt":{"rendered":"<p>Otsingutulemuste lehel k\u00f5ige \u00fcleval on n\u00e4ha p\u00e4ring ja selle all valitud t\u00e4isteksti, eelretsenseeritud artiklite ja ilmumisaja piirangud. Nendel kastikestel kl\u00f5psates piirangud t\u00fchistatakse.\u00a0 Otsingutulemused on j\u00e4rjestatud relevantsuse j\u00e4rgi. Kl\u00f5psates Relevance, saab need\u00a0 j\u00e4rjestada ka ilmumisaja j\u00e4rgi.\u00a0Relevantsuse j\u00e4rgi j\u00e4rjestamisel arvestatakse, kus ja &#8230;<\/p>\n","protected":false},"author":5,"featured_media":0,"parent":0,"menu_order":0,"comment_status":"closed","ping_status":"closed","template":"","meta":{"_acf_changed":false,"inline_featured_image":false,"footnotes":""},"class_list":["post-7","page","type-page","status-publish","hentry"],"acf":[],"_links":{"self":[{"href":"https:\/\/sisu.ut.ee\/edsjuhend\/wp-json\/wp\/v2\/pages\/7","targetHints":{"allow":["GET"]}}],"collection":[{"href":"https:\/\/sisu.ut.ee\/edsjuhend\/wp-json\/wp\/v2\/pages"}],"about":[{"href":"https:\/\/sisu.ut.ee\/edsjuhend\/wp-json\/wp\/v2\/types\/page"}],"author":[{"embeddable":true,"href":"https:\/\/sisu.ut.ee\/edsjuhend\/wp-json\/wp\/v2\/users\/5"}],"replies":[{"embeddable":true,"href":"https:\/\/sisu.ut.ee\/edsjuhend\/wp-json\/wp\/v2\/comments?post=7"}],"version-history":[{"count":29,"href":"https:\/\/sisu.ut.ee\/edsjuhend\/wp-json\/wp\/v2\/pages\/7\/revisions"}],"predecessor-version":[{"id":490,"href":"https:\/\/sisu.ut.ee\/edsjuhend\/wp-json\/wp\/v2\/pages\/7\/revisions\/490"}],"wp:attachment":[{"href":"https:\/\/sisu.ut.ee\/edsjuhend\/wp-json\/wp\/v2\/media?parent=7"}],"curies":[{"name":"wp","href":"https:\/\/api.w.org\/{rel}","templated":true}]}}