{"id":8,"date":"2024-04-03T23:14:54","date_gmt":"2024-04-03T20:14:54","guid":{"rendered":"https:\/\/sisu.ut.ee\/ebsco\/marksonaotsing\/"},"modified":"2025-10-16T16:33:31","modified_gmt":"2025-10-16T13:33:31","slug":"marksonaotsing","status":"publish","type":"page","link":"https:\/\/sisu.ut.ee\/ebsco\/marksonaotsing\/","title":{"rendered":"M\u00e4rks\u00f5naotsing"},"content":{"rendered":"<p><strong>M\u00e4rks\u00f5nastik<\/strong>\u00a0v\u00f5imaldab saada informatsiooni mingi kindla m\u00e4rks\u00f5na olemasolu kohta andmebaasis ja sellega otsinguid teha. M\u00e4rks\u00f5na on infoallika v\u00f5i selle osa ainestikku t\u00e4histav s\u00f5na v\u00f5i s\u00f5na\u00fchend.<\/p>\n<p>Eriala referaatandmebaasides (n\u00e4iteks ERIC,\u00a0<em>PsycINFO<\/em>,\u00a0<em>Communication and Mass Media Complete<\/em>) on m\u00e4rks\u00f5nastiku nimi enamasti <strong>Thesaurus<\/strong>,\u00a0andmebaasis\u00a0<em>Academic Search Ultimate o<\/em>n see\u00a0<strong>Subject Terms<\/strong>.<\/p>\n<p><strong>Leiate valitud andmebaasi(de) m\u00e4rks\u00f5nastiku(d) Advanced Search otsingulehelt otsinguvormi all, kl\u00f5psates <em>Subjects.<\/em><\/strong><\/p>\n<p><img loading=\"lazy\" decoding=\"async\" class=\"alignnone size-full wp-image-104\" src=\"https:\/\/sisu.ut.ee\/wp-content\/uploads\/sites\/54\/Screenshot-2024-09-04-211631.png\" alt=\"\" width=\"987\" height=\"430\" srcset=\"https:\/\/sisu.ut.ee\/wp-content\/uploads\/sites\/54\/Screenshot-2024-09-04-211631.png 987w, https:\/\/sisu.ut.ee\/wp-content\/uploads\/sites\/54\/Screenshot-2024-09-04-211631-300x131.png 300w, https:\/\/sisu.ut.ee\/wp-content\/uploads\/sites\/54\/Screenshot-2024-09-04-211631-768x335.png 768w\" sizes=\"auto, (max-width: 987px) 100vw, 987px\"><\/p>\n<p><em>Valitud andmebaasi m\u00e4rks\u00f5nastik<\/em><\/p>\n<p>M\u00e4rks\u00f5nastikku on hea kasutada, kui te ei oska leida sobivat otsingus\u00f5na.<\/p>\n<p>EBSCO andmebaaside m\u00e4rks\u00f5nastikes sobivate m\u00e4rks\u00f5nade otsimiseks on mitu v\u00f5imalust. M\u00e4rks\u00f5nastikke on v\u00f5imalik lehitseda<\/p>\n<p>1) relevantsuse j\u00e4rjekorras (<em>Relevancy Ranked<\/em>) (kasutage, kui otsite fraasi v\u00f5i mitme s\u00f5naga).<\/p>\n<p>2) t\u00e4hestikulises j\u00e4rjekorras (<em>Term Begins With)<\/em>\u00a0(kasutage leidmaks m\u00e4rks\u00f5nu, mis antud s\u00f5naga algavad);<\/p>\n<p>Kui olete sobiva m\u00e4rks\u00f5na leidnud, siis m\u00e4rks\u00f5nal kl\u00f5psates on n\u00e4ha\u00a0selle definitsioon ning <strong>laiemad, kitsamad ja seotud m\u00e4rks\u00f5nad.<\/strong><\/p>\n<p>M\u00e4rks\u00f5naga otsingu tegemiseks kl\u00f5psake selle ees olevale kastikesele ja seej\u00e4rel nupule\u00a0<em>Add to search. <\/em>\u00a0Otsingureale \u00fcleval konstrueeritakse p\u00e4ring. Kl\u00f5psates\u00a0<em>Search<\/em>, leitakse kirjed, millele antud m\u00e4rks\u00f5na on lisatud. V\u00f5ib valida ka mitu m\u00e4rks\u00f5na, enne iga uue m\u00e4rks\u00f5na lisamist otsingule tuleb j\u00e4lgida ja kaaluda, kas \u00fchendate need operaatoriga OR v\u00f5i AND.<\/p>\n<p>OTSINGU N\u00c4IDE<\/p>\n<p>Otsime materjali s\u00f5prussuhete kohta murdeeas.\u00a0Valime haridusalase andmebaasi\u00a0<strong>ERIC<\/strong> ja valime Advanced Search otsinguvormi alt Subjects. Sisestame avanenud otsingukasti s\u00f5na <em>adolescents<\/em>, leitakse selline m\u00e4rks\u00f5na, m\u00e4rgime selle \u00e4ra ja kl\u00f5psame\u00a0<em>Add<\/em> to search nupule. Edasi sisestame otsingukasti s\u00f5na <em>friendship<\/em>, ka see on m\u00e4rks\u00f5nana olemas. Kl\u00f5psame uuesti <em>Add to search<\/em> ja\u00a0 Selle lisamiseks valime enne <em>Add<\/em>\u00a0nupule vajutamist nende \u00fchendamiseks operaatori AND.<\/p>\n<p><img loading=\"lazy\" decoding=\"async\" class=\"alignnone size-full wp-image-107\" src=\"https:\/\/sisu.ut.ee\/wp-content\/uploads\/sites\/54\/Screenshot-2024-09-04-224809.png\" alt=\"\" width=\"980\" height=\"717\" srcset=\"https:\/\/sisu.ut.ee\/wp-content\/uploads\/sites\/54\/Screenshot-2024-09-04-224809.png 980w, https:\/\/sisu.ut.ee\/wp-content\/uploads\/sites\/54\/Screenshot-2024-09-04-224809-300x219.png 300w, https:\/\/sisu.ut.ee\/wp-content\/uploads\/sites\/54\/Screenshot-2024-09-04-224809-768x562.png 768w\" sizes=\"auto, (max-width: 980px) 100vw, 980px\"><\/p>\n<p><em style=\"line-height: 1.6em;\">M\u00e4rks\u00f5na valimine tesaurusest.<\/em><\/p>\n","protected":false},"excerpt":{"rendered":"<p>M\u00e4rks\u00f5nastik\u00a0v\u00f5imaldab saada informatsiooni mingi kindla m\u00e4rks\u00f5na olemasolu kohta andmebaasis ja sellega otsinguid teha. M\u00e4rks\u00f5na on infoallika v\u00f5i selle osa ainestikku t\u00e4histav s\u00f5na v\u00f5i s\u00f5na\u00fchend. Eriala referaatandmebaasides (n\u00e4iteks ERIC,\u00a0PsycINFO,\u00a0Communication and Mass Media Complete) on m\u00e4rks\u00f5nastiku nimi enamasti Thesaurus,\u00a0andmebaasis\u00a0Academic Search Ultimate on &#8230;<\/p>\n","protected":false},"author":5,"featured_media":0,"parent":0,"menu_order":0,"comment_status":"closed","ping_status":"closed","template":"","meta":{"_acf_changed":false,"inline_featured_image":false,"footnotes":""},"class_list":["post-8","page","type-page","status-publish","hentry"],"acf":[],"_links":{"self":[{"href":"https:\/\/sisu.ut.ee\/ebsco\/wp-json\/wp\/v2\/pages\/8","targetHints":{"allow":["GET"]}}],"collection":[{"href":"https:\/\/sisu.ut.ee\/ebsco\/wp-json\/wp\/v2\/pages"}],"about":[{"href":"https:\/\/sisu.ut.ee\/ebsco\/wp-json\/wp\/v2\/types\/page"}],"author":[{"embeddable":true,"href":"https:\/\/sisu.ut.ee\/ebsco\/wp-json\/wp\/v2\/users\/5"}],"replies":[{"embeddable":true,"href":"https:\/\/sisu.ut.ee\/ebsco\/wp-json\/wp\/v2\/comments?post=8"}],"version-history":[{"count":7,"href":"https:\/\/sisu.ut.ee\/ebsco\/wp-json\/wp\/v2\/pages\/8\/revisions"}],"predecessor-version":[{"id":154,"href":"https:\/\/sisu.ut.ee\/ebsco\/wp-json\/wp\/v2\/pages\/8\/revisions\/154"}],"wp:attachment":[{"href":"https:\/\/sisu.ut.ee\/ebsco\/wp-json\/wp\/v2\/media?parent=8"}],"curies":[{"name":"wp","href":"https:\/\/api.w.org\/{rel}","templated":true}]}}