{"id":23,"date":"2024-04-04T07:17:54","date_gmt":"2024-04-04T04:17:54","guid":{"rendered":"https:\/\/sisu.ut.ee\/dwds\/nnaabersonad\/"},"modified":"2024-04-04T07:18:05","modified_gmt":"2024-04-04T04:18:05","slug":"nnaabersonad","status":"publish","type":"page","link":"https:\/\/sisu.ut.ee\/dwds\/nnaabersonad\/","title":{"rendered":"Naabers\u00f5nad"},"content":{"rendered":"<p>\n\tMissugused teised s\u00f5nad esinevad k\u00f5ige sagedamini koos otsitud m\u00e4rks\u00f5naga ja mis k\u00e4\u00e4ndes?\u00a0\n<\/p>\n<p>\n\tP\u00f5hjaliku ja detalise info selle kohta, kuidas emakeelt k\u00f5nelejad antud m\u00e4rks\u00f5na kasutavad,\u00a0leiame h\u00f5lpsasti\u00a0<a data-url=\"https:\/\/www.dwds.de\/wp\/Schule\" href=\"https:\/\/www.dwds.de\/wp\/Schule\" target=\"_blank\" title=\"\" rel=\"noopener\">DWDS-Wortfprofili<\/a> abil. Kl\u00f5psates huvipakkuval s\u00f5nal, avaneb rida n\u00e4itelauseid. Siit ka soovitus kontrollida DWDS-Wortprofili abil, kas ka emakeelt k\u00f5nelejad kasutavad seda\u00a0s\u00f5nade kombinatsiooni sarnasel moel.<img loading=\"lazy\" decoding=\"async\" width=\"978\" height=\"545\" class=\"alignnone wp-image-46\" src=\"https:\/\/sisu.ut.ee\/wp-content\/uploads\/sites\/503\/sonaprofiil.jpg\" title=\"sonaprofiil.jpg\" alt=\"Wortprofil\" srcset=\"https:\/\/sisu.ut.ee\/wp-content\/uploads\/sites\/503\/sonaprofiil.jpg 978w, https:\/\/sisu.ut.ee\/wp-content\/uploads\/sites\/503\/sonaprofiil-300x167.jpg 300w, https:\/\/sisu.ut.ee\/wp-content\/uploads\/sites\/503\/sonaprofiil-768x428.jpg 768w\" sizes=\"auto, (max-width: 978px) 100vw, 978px\">\n<\/p>\n<p style=\"text-align: right\">\n\tAllikas:\u00a0https:\/\/www.dwds.de\/wb\/Schule\n<\/p>\n<p style=\"text-align: right\">\n\t<img loading=\"lazy\" decoding=\"async\" width=\"1615\" height=\"883\" class=\"alignnone wp-image-47\" src=\"https:\/\/sisu.ut.ee\/wp-content\/uploads\/sites\/503\/wp.jpg\" title=\"wp.jpg\" alt=\"Detailiierte\" srcset=\"https:\/\/sisu.ut.ee\/wp-content\/uploads\/sites\/503\/wp.jpg 1615w, https:\/\/sisu.ut.ee\/wp-content\/uploads\/sites\/503\/wp-300x164.jpg 300w, https:\/\/sisu.ut.ee\/wp-content\/uploads\/sites\/503\/wp-1024x560.jpg 1024w, https:\/\/sisu.ut.ee\/wp-content\/uploads\/sites\/503\/wp-768x420.jpg 768w, https:\/\/sisu.ut.ee\/wp-content\/uploads\/sites\/503\/wp-1536x840.jpg 1536w\" sizes=\"auto, (max-width: 1615px) 100vw, 1615px\"><\/p>\n","protected":false},"excerpt":{"rendered":"<p>Missugused teised s\u00f5nad esinevad k\u00f5ige sagedamini koos otsitud m\u00e4rks\u00f5naga ja mis k\u00e4\u00e4ndes?\u00a0 P\u00f5hjaliku ja detalise info selle kohta, kuidas emakeelt k\u00f5nelejad antud m\u00e4rks\u00f5na kasutavad,\u00a0leiame h\u00f5lpsasti\u00a0DWDS-Wortfprofili abil. Kl\u00f5psates huvipakkuval s\u00f5nal, avaneb rida n\u00e4itelauseid. Siit ka soovitus kontrollida DWDS-Wortprofili abil, kas ka &#8230;<\/p>\n","protected":false},"author":261,"featured_media":0,"parent":0,"menu_order":0,"comment_status":"closed","ping_status":"closed","template":"","meta":{"_acf_changed":false,"inline_featured_image":false,"footnotes":""},"class_list":["post-23","page","type-page","status-publish","hentry"],"acf":[],"_links":{"self":[{"href":"https:\/\/sisu.ut.ee\/dwds\/wp-json\/wp\/v2\/pages\/23","targetHints":{"allow":["GET"]}}],"collection":[{"href":"https:\/\/sisu.ut.ee\/dwds\/wp-json\/wp\/v2\/pages"}],"about":[{"href":"https:\/\/sisu.ut.ee\/dwds\/wp-json\/wp\/v2\/types\/page"}],"author":[{"embeddable":true,"href":"https:\/\/sisu.ut.ee\/dwds\/wp-json\/wp\/v2\/users\/261"}],"replies":[{"embeddable":true,"href":"https:\/\/sisu.ut.ee\/dwds\/wp-json\/wp\/v2\/comments?post=23"}],"version-history":[{"count":1,"href":"https:\/\/sisu.ut.ee\/dwds\/wp-json\/wp\/v2\/pages\/23\/revisions"}],"predecessor-version":[{"id":73,"href":"https:\/\/sisu.ut.ee\/dwds\/wp-json\/wp\/v2\/pages\/23\/revisions\/73"}],"wp:attachment":[{"href":"https:\/\/sisu.ut.ee\/dwds\/wp-json\/wp\/v2\/media?parent=23"}],"curies":[{"name":"wp","href":"https:\/\/api.w.org\/{rel}","templated":true}]}}