{"id":7,"date":"2024-04-04T02:01:10","date_gmt":"2024-04-03T23:01:10","guid":{"rendered":"https:\/\/sisu.ut.ee\/dmponline\/andmehaldusplaanide-naited\/"},"modified":"2024-04-04T02:01:14","modified_gmt":"2024-04-03T23:01:14","slug":"andmehaldusplaanide-naited","status":"publish","type":"page","link":"https:\/\/sisu.ut.ee\/dmponline\/andmehaldusplaanide-naited\/","title":{"rendered":"Andmehaldusplaanide n\u00e4ited"},"content":{"rendered":"<p><!--break-->DCC pakub mitmeid <a href=\"http:\/\/www.dcc.ac.uk\/resources\/data-management-plans\/guidance-examples\" target=\"_blank\" rel=\"noopener\">n\u00e4iteid<\/a> ja t\u00e4iendavaid juhendmaterjale.<\/p>\n<p><a href=\"http:\/\/www.dcc.ac.uk\/resources\/how-guides\/develop-data-plan\" target=\"_blank\" rel=\"noopener\"><span>How to Develop a Data Management and Sharing Plan<\/span><\/a><\/p>\n<p>Andmehaldusplaanide n\u00e4iteid v\u00f5ib leida ka maailma \u00fclikoolide kodulehtedelt:\u00a0<\/p>\n<p><a href=\"https:\/\/www.lib.umn.edu\/datamanagement\/DMP\/example\" target=\"_blank\" rel=\"noopener\">Minnesota\u00a0University<\/a><\/p>\n<p><a href=\"http:\/\/www.lib.ncsu.edu\/guides\/datamanagement\/dmp_examples\" target=\"_blank\" rel=\"noopener\"><span>North Carolina State University<\/span><\/a><\/p>\n<p><a href=\"http:\/\/ydc2.yale.edu\/documentation\/data-management-plan-examples\" target=\"_blank\" rel=\"noopener\"><span>Yale Digital Collections Center<\/span><\/a><\/p>\n<p><a href=\"http:\/\/www.ed.ac.uk\/information-services\/research-support\/data-management\/data-management-planning\" target=\"_blank\" rel=\"noopener\">The University of Edinburgh<\/a><\/p>\n<p><a href=\"https:\/\/library.leeds.ac.uk\/research-data-tools\" target=\"_blank\" rel=\"noopener\">University of Leeds<\/a><\/p>\n<p><a href=\"http:\/\/journals.plos.org\/ploscompbiol\/article?id=10.1371\/journal.pcbi.1004525\" target=\"_blank\" rel=\"noopener\">Ten Simple Rules for Creating a Good Data Management Plan<\/a><\/p>\n","protected":false},"excerpt":{"rendered":"<p>DCC pakub mitmeid n\u00e4iteid ja t\u00e4iendavaid juhendmaterjale. How to Develop a Data Management and Sharing Plan Andmehaldusplaanide n\u00e4iteid v\u00f5ib leida ka maailma \u00fclikoolide kodulehtedelt:\u00a0 Minnesota\u00a0University North Carolina State University Yale Digital Collections Center The University of Edinburgh University of Leeds &#8230;<\/p>\n","protected":false},"author":78,"featured_media":0,"parent":0,"menu_order":0,"comment_status":"closed","ping_status":"closed","template":"","meta":{"_acf_changed":false,"inline_featured_image":false,"footnotes":""},"class_list":["post-7","page","type-page","status-publish","hentry"],"acf":[],"_links":{"self":[{"href":"https:\/\/sisu.ut.ee\/dmponline\/wp-json\/wp\/v2\/pages\/7","targetHints":{"allow":["GET"]}}],"collection":[{"href":"https:\/\/sisu.ut.ee\/dmponline\/wp-json\/wp\/v2\/pages"}],"about":[{"href":"https:\/\/sisu.ut.ee\/dmponline\/wp-json\/wp\/v2\/types\/page"}],"author":[{"embeddable":true,"href":"https:\/\/sisu.ut.ee\/dmponline\/wp-json\/wp\/v2\/users\/78"}],"replies":[{"embeddable":true,"href":"https:\/\/sisu.ut.ee\/dmponline\/wp-json\/wp\/v2\/comments?post=7"}],"version-history":[{"count":1,"href":"https:\/\/sisu.ut.ee\/dmponline\/wp-json\/wp\/v2\/pages\/7\/revisions"}],"predecessor-version":[{"id":31,"href":"https:\/\/sisu.ut.ee\/dmponline\/wp-json\/wp\/v2\/pages\/7\/revisions\/31"}],"wp:attachment":[{"href":"https:\/\/sisu.ut.ee\/dmponline\/wp-json\/wp\/v2\/media?parent=7"}],"curies":[{"name":"wp","href":"https:\/\/api.w.org\/{rel}","templated":true}]}}